{"id":4297,"date":"2026-02-17T17:27:07","date_gmt":"2026-02-17T16:27:07","guid":{"rendered":"https:\/\/reseau-amylose.org\/soins\/?page_id=4297"},"modified":"2026-02-17T17:37:32","modified_gmt":"2026-02-17T16:37:32","slug":"reseau-amylose-nfrancophone","status":"publish","type":"page","link":"https:\/\/reseau-amylose.org\/soins\/reseau-amylose-nfrancophone\/","title":{"rendered":"R\u00e9seau Amylose Francophone"},"content":{"rendered":"\t\t<div data-elementor-type=\"wp-page\" data-elementor-id=\"4297\" class=\"elementor elementor-4297\" data-elementor-post-type=\"page\">\n\t\t\t\t\t\t<section class=\"elementor-section elementor-top-section elementor-element elementor-element-847ce1e elementor-section-boxed elementor-section-height-default elementor-section-height-default\" data-id=\"847ce1e\" data-element_type=\"section\" data-settings=\"{&quot;background_background&quot;:&quot;classic&quot;}\">\n\t\t\t\t\t\t<div class=\"elementor-container elementor-column-gap-default\">\n\t\t\t\t\t<div class=\"elementor-column elementor-col-100 elementor-top-column elementor-element elementor-element-d7aa96e\" data-id=\"d7aa96e\" data-element_type=\"column\">\n\t\t\t<div class=\"elementor-widget-wrap elementor-element-populated\">\n\t\t\t\t\t\t<div class=\"elementor-element elementor-element-8b6400b elementor-widget elementor-widget-heading\" data-id=\"8b6400b\" data-element_type=\"widget\" data-widget_type=\"heading.default\">\n\t\t\t\t<div class=\"elementor-widget-container\">\n\t\t\t\t\t<h1 class=\"elementor-heading-title elementor-size-default\">LE R\u00c9SEAU AMYLOSE FRANCOPHONE<\/h1>\t\t\t\t<\/div>\n\t\t\t\t<\/div>\n\t\t\t\t\t<\/div>\n\t\t<\/div>\n\t\t\t\t\t<\/div>\n\t\t<\/section>\n\t\t\t\t<section class=\"elementor-section elementor-top-section elementor-element elementor-element-813b190 elementor-section-boxed elementor-section-height-default elementor-section-height-default\" data-id=\"813b190\" data-element_type=\"section\">\n\t\t\t\t\t\t<div class=\"elementor-container elementor-column-gap-default\">\n\t\t\t\t\t<div class=\"elementor-column elementor-col-100 elementor-top-column elementor-element elementor-element-23ddd7a\" data-id=\"23ddd7a\" data-element_type=\"column\">\n\t\t\t<div class=\"elementor-widget-wrap elementor-element-populated\">\n\t\t\t\t\t\t<div class=\"elementor-element elementor-element-c2fc31c elementor-widget elementor-widget-text-editor\" data-id=\"c2fc31c\" data-element_type=\"widget\" data-widget_type=\"text-editor.default\">\n\t\t\t\t<div class=\"elementor-widget-container\">\n\t\t\t\t\t\t\t\t\t<p data-start=\"1174\" data-end=\"1487\">Le <span class=\"hover:entity-accent entity-underline inline cursor-pointer align-baseline\"><span class=\"whitespace-normal\">R\u00e9seau Amylose<\/span><\/span> d\u00e9veloppe une collaboration active avec ses confr\u00e8res de l\u2019espace francophone afin de structurer un <strong data-start=\"1315\" data-end=\"1345\">R\u00e9seau Amylose Francophone<\/strong>. Cette coop\u00e9ration internationale vise \u00e0 am\u00e9liorer le diagnostic, la prise en charge et la recherche autour des diff\u00e9rentes formes d\u2019amylose.<\/p><p data-start=\"1489\" data-end=\"1738\">L\u2019amylose \u00e9tant une maladie rare, le partage d\u2019expertise entre pays francophones constitue un levier essentiel pour harmoniser les pratiques, renforcer la formation des professionnels de sant\u00e9 et faciliter l\u2019acc\u00e8s des patients \u00e0 des centres experts.<\/p>\t\t\t\t\t\t\t\t<\/div>\n\t\t\t\t<\/div>\n\t\t\t\t\t<\/div>\n\t\t<\/div>\n\t\t\t\t\t<\/div>\n\t\t<\/section>\n\t\t\t\t<section class=\"elementor-section elementor-top-section elementor-element elementor-element-64c8603 elementor-section-boxed elementor-section-height-default elementor-section-height-default\" data-id=\"64c8603\" data-element_type=\"section\">\n\t\t\t\t\t\t<div class=\"elementor-container elementor-column-gap-default\">\n\t\t\t\t\t<div class=\"elementor-column elementor-col-100 elementor-top-column elementor-element elementor-element-5055459\" data-id=\"5055459\" data-element_type=\"column\">\n\t\t\t<div class=\"elementor-widget-wrap elementor-element-populated\">\n\t\t\t\t\t\t<div class=\"elementor-element elementor-element-f91a1b2 elementor-widget elementor-widget-heading\" data-id=\"f91a1b2\" data-element_type=\"widget\" data-widget_type=\"heading.default\">\n\t\t\t\t<div class=\"elementor-widget-container\">\n\t\t\t\t\t<h2 class=\"elementor-heading-title elementor-size-default\">Une coop\u00e9ration m\u00e9dicale au service des patients<\/h2>\t\t\t\t<\/div>\n\t\t\t\t<\/div>\n\t\t\t\t<div class=\"elementor-element elementor-element-986a86f elementor-widget elementor-widget-text-editor\" data-id=\"986a86f\" data-element_type=\"widget\" data-widget_type=\"text-editor.default\">\n\t\t\t\t<div class=\"elementor-widget-container\">\n\t\t\t\t\t\t\t\t\t<p data-start=\"1801\" data-end=\"1835\">Le r\u00e9seau francophone repose sur :<\/p><ul><li data-start=\"1839\" data-end=\"1905\">l\u2019\u00e9change de recommandations et de protocoles de prise en charge<\/li><li data-start=\"1839\" data-end=\"1905\">la collaboration scientifique et la participation \u00e0 des projets de recherche<\/li><li data-start=\"1839\" data-end=\"1905\">l\u2019organisation d\u2019\u00e9v\u00e9nements communs et de formations<\/li><li data-start=\"1839\" data-end=\"1905\">le partage d\u2019expertise multidisciplinaire<\/li><li data-start=\"1839\" data-end=\"1905\">la mise en r\u00e9seau des centres experts dans chaque pays<\/li><\/ul><p data-start=\"2150\" data-end=\"2296\">Cette dynamique permet d\u2019am\u00e9liorer la qualit\u00e9 des soins et d\u2019offrir aux patients francophones un acc\u00e8s plus \u00e9quitable \u00e0 une expertise sp\u00e9cialis\u00e9e.<\/p>\t\t\t\t\t\t\t\t<\/div>\n\t\t\t\t<\/div>\n\t\t\t\t\t<\/div>\n\t\t<\/div>\n\t\t\t\t\t<\/div>\n\t\t<\/section>\n\t\t\t\t<section class=\"elementor-section elementor-top-section elementor-element elementor-element-4e8000e elementor-section-boxed elementor-section-height-default elementor-section-height-default\" data-id=\"4e8000e\" data-element_type=\"section\">\n\t\t\t\t\t\t<div class=\"elementor-container elementor-column-gap-default\">\n\t\t\t\t\t<div class=\"elementor-column elementor-col-100 elementor-top-column elementor-element elementor-element-c9e685c\" data-id=\"c9e685c\" data-element_type=\"column\">\n\t\t\t<div class=\"elementor-widget-wrap elementor-element-populated\">\n\t\t\t\t\t\t<div class=\"elementor-element elementor-element-af5575d elementor-widget elementor-widget-heading\" data-id=\"af5575d\" data-element_type=\"widget\" data-widget_type=\"heading.default\">\n\t\t\t\t<div class=\"elementor-widget-container\">\n\t\t\t\t\t<h2 class=\"elementor-heading-title elementor-size-default\">Des r\u00e9seaux nationaux coordonn\u00e9s<\/h2>\t\t\t\t<\/div>\n\t\t\t\t<\/div>\n\t\t\t\t<div class=\"elementor-element elementor-element-027fcd4 elementor-widget elementor-widget-text-editor\" data-id=\"027fcd4\" data-element_type=\"widget\" data-widget_type=\"text-editor.default\">\n\t\t\t\t<div class=\"elementor-widget-container\">\n\t\t\t\t\t\t\t\t\t<p data-start=\"2343\" data-end=\"2471\">Chaque pays partenaire d\u00e9veloppe une organisation nationale structur\u00e9e autour de centres experts et de professionnels r\u00e9f\u00e9rents.<\/p><p data-start=\"2473\" data-end=\"2520\">Les pages d\u00e9di\u00e9es pr\u00e9sentent pour chaque pays :<\/p><ul><li data-start=\"2524\" data-end=\"2559\">l\u2019organisation du r\u00e9seau national<\/li><li data-start=\"2524\" data-end=\"2559\">les centres experts identifi\u00e9s<\/li><li data-start=\"2524\" data-end=\"2559\">les sp\u00e9cialit\u00e9s impliqu\u00e9es dans le diagnostic et la prise en charge<\/li><li data-start=\"2524\" data-end=\"2559\">les modalit\u00e9s de coordination<\/li><li data-start=\"2524\" data-end=\"2559\">les liens vers les structures partenaires<\/li><\/ul><p data-start=\"2748\" data-end=\"2787\">Prochainement, vous pourrez consulter :<\/p><ul><li data-start=\"2791\" data-end=\"2825\">R\u00e9seau Amylose National \u2013 Qu\u00e9bec<\/li><li data-start=\"2791\" data-end=\"2825\">R\u00e9seau Amylose National \u2013 Belgique<\/li><li data-start=\"2791\" data-end=\"2825\">R\u00e9seau Amylose National \u2013 Suisse<\/li><li data-start=\"2791\" data-end=\"2825\">R\u00e9seau Amylose National \u2013 Luxembourg<\/li><li data-start=\"2791\" data-end=\"2825\">R\u00e9seau Amylose National \u2013 Maroc<\/li><li data-start=\"2791\" data-end=\"2825\">R\u00e9seau Amylose National \u2013 Tunisie<\/li><li data-start=\"2791\" data-end=\"2825\">autres pays de la francophonie<\/li><\/ul>\t\t\t\t\t\t\t\t<\/div>\n\t\t\t\t<\/div>\n\t\t\t\t\t<\/div>\n\t\t<\/div>\n\t\t\t\t\t<\/div>\n\t\t<\/section>\n\t\t\t\t<section class=\"elementor-section elementor-top-section elementor-element elementor-element-0106017 elementor-section-boxed elementor-section-height-default elementor-section-height-default\" data-id=\"0106017\" data-element_type=\"section\">\n\t\t\t\t\t\t<div class=\"elementor-container elementor-column-gap-default\">\n\t\t\t\t\t<div class=\"elementor-column elementor-col-100 elementor-top-column elementor-element elementor-element-9d8630f\" data-id=\"9d8630f\" data-element_type=\"column\">\n\t\t\t<div class=\"elementor-widget-wrap elementor-element-populated\">\n\t\t\t\t\t\t<div class=\"elementor-element elementor-element-babac53 elementor-widget elementor-widget-heading\" data-id=\"babac53\" data-element_type=\"widget\" data-widget_type=\"heading.default\">\n\t\t\t\t<div class=\"elementor-widget-container\">\n\t\t\t\t\t<h2 class=\"elementor-heading-title elementor-size-default\">Objectifs du R\u00e9seau Amylose Francophone<\/h2>\t\t\t\t<\/div>\n\t\t\t\t<\/div>\n\t\t\t\t<div class=\"elementor-element elementor-element-c284d9e elementor-widget elementor-widget-text-editor\" data-id=\"c284d9e\" data-element_type=\"widget\" data-widget_type=\"text-editor.default\">\n\t\t\t\t<div class=\"elementor-widget-container\">\n\t\t\t\t\t\t\t\t\t<p data-start=\"2990\" data-end=\"3038\">Le R\u00e9seau Amylose Francophone a pour objectifs de :<\/p><ul><li data-start=\"3042\" data-end=\"3089\">structurer une expertise francophone reconnue<\/li><li data-start=\"3042\" data-end=\"3089\">favoriser le d\u00e9pistage pr\u00e9coce<\/li><li data-start=\"3042\" data-end=\"3089\">harmoniser les pratiques diagnostiques<\/li><li data-start=\"3042\" data-end=\"3089\">am\u00e9liorer l\u2019acc\u00e8s aux traitements et aux protocoles th\u00e9rapeutiques<\/li><li data-start=\"3042\" data-end=\"3089\">renforcer la visibilit\u00e9 internationale des centres experts<\/li><\/ul><p data-start=\"3303\" data-end=\"3469\">En unissant les comp\u00e9tences des pays francophones, le r\u00e9seau contribue \u00e0 faire progresser la connaissance et la prise en charge de l\u2019amylose au b\u00e9n\u00e9fice des patients.<\/p>\t\t\t\t\t\t\t\t<\/div>\n\t\t\t\t<\/div>\n\t\t\t\t\t<\/div>\n\t\t<\/div>\n\t\t\t\t\t<\/div>\n\t\t<\/section>\n\t\t\t\t<\/div>\n\t\t","protected":false},"excerpt":{"rendered":"<p>LE R\u00c9SEAU AMYLOSE FRANCOPHONE Le R\u00e9seau Amylose d\u00e9veloppe une collaboration active avec ses confr\u00e8res de l\u2019espace francophone afin de structurer un R\u00e9seau Amylose Francophone. Cette coop\u00e9ration internationale vise \u00e0 am\u00e9liorer le diagnostic, la prise en charge et la recherche autour des diff\u00e9rentes formes d\u2019amylose. L\u2019amylose \u00e9tant une maladie rare, le partage d\u2019expertise entre pays francophones [&hellip;]<\/p>\n","protected":false},"author":2,"featured_media":0,"parent":0,"menu_order":0,"comment_status":"closed","ping_status":"closed","template":"","meta":{"_monsterinsights_skip_tracking":false,"_monsterinsights_sitenote_active":false,"_monsterinsights_sitenote_note":"","_monsterinsights_sitenote_category":0,"footnotes":""},"categories":[],"tags":[],"class_list":["post-4297","page","type-page","status-publish","hentry"],"yoast_head":"<!-- This site is optimized with the Yoast SEO plugin v25.5 - https:\/\/yoast.com\/wordpress\/plugins\/seo\/ -->\n<title>R\u00e9seau Amylose Francophone - R\u00e9seau Amylose - r\u00e9seau de soins<\/title>\n<meta name=\"description\" content=\"Le R\u00e9seau Amylose coordonne les centres experts en amylose dans l\u2019espace francophone. Centres experts et coop\u00e9ration internationale\" \/>\n<meta name=\"robots\" content=\"index, follow, max-snippet:-1, max-image-preview:large, max-video-preview:-1\" \/>\n<link rel=\"canonical\" href=\"http:\/\/reseau-amylose.org\/soins\/reseau-amylose-nfrancophone\/\" \/>\n<meta property=\"og:locale\" content=\"fr_FR\" \/>\n<meta property=\"og:type\" content=\"article\" \/>\n<meta property=\"og:title\" content=\"R\u00e9seau Amylose Francophone - R\u00e9seau Amylose - r\u00e9seau de soins\" \/>\n<meta property=\"og:description\" content=\"Le R\u00e9seau Amylose coordonne les centres experts en amylose dans l\u2019espace francophone. Centres experts et coop\u00e9ration internationale\" \/>\n<meta property=\"og:url\" content=\"http:\/\/reseau-amylose.org\/soins\/reseau-amylose-nfrancophone\/\" \/>\n<meta property=\"og:site_name\" content=\"R\u00e9seau Amylose - r\u00e9seau de soins\" \/>\n<meta property=\"article:modified_time\" content=\"2026-02-17T16:37:32+00:00\" \/>\n<meta name=\"twitter:card\" content=\"summary_large_image\" \/>\n<meta name=\"twitter:label1\" content=\"Dur\u00e9e de lecture estim\u00e9e\" \/>\n\t<meta name=\"twitter:data1\" content=\"2 minutes\" \/>\n<script type=\"application\/ld+json\" class=\"yoast-schema-graph\">{\"@context\":\"https:\/\/schema.org\",\"@graph\":[{\"@type\":\"WebPage\",\"@id\":\"http:\/\/reseau-amylose.org\/soins\/reseau-amylose-nfrancophone\/\",\"url\":\"http:\/\/reseau-amylose.org\/soins\/reseau-amylose-nfrancophone\/\",\"name\":\"R\u00e9seau Amylose Francophone - R\u00e9seau Amylose - r\u00e9seau de soins\",\"isPartOf\":{\"@id\":\"http:\/\/reseau-amylose.org\/soins\/#website\"},\"datePublished\":\"2026-02-17T16:27:07+00:00\",\"dateModified\":\"2026-02-17T16:37:32+00:00\",\"description\":\"Le R\u00e9seau Amylose coordonne les centres experts en amylose dans l\u2019espace francophone. Centres experts et coop\u00e9ration internationale\",\"breadcrumb\":{\"@id\":\"http:\/\/reseau-amylose.org\/soins\/reseau-amylose-nfrancophone\/#breadcrumb\"},\"inLanguage\":\"fr-FR\",\"potentialAction\":[{\"@type\":\"ReadAction\",\"target\":[\"http:\/\/reseau-amylose.org\/soins\/reseau-amylose-nfrancophone\/\"]}]},{\"@type\":\"BreadcrumbList\",\"@id\":\"http:\/\/reseau-amylose.org\/soins\/reseau-amylose-nfrancophone\/#breadcrumb\",\"itemListElement\":[{\"@type\":\"ListItem\",\"position\":1,\"name\":\"Accueil\",\"item\":\"http:\/\/reseau-amylose.org\/soins\/\"},{\"@type\":\"ListItem\",\"position\":2,\"name\":\"R\u00e9seau Amylose Francophone\"}]},{\"@type\":\"WebSite\",\"@id\":\"http:\/\/reseau-amylose.org\/soins\/#website\",\"url\":\"http:\/\/reseau-amylose.org\/soins\/\",\"name\":\"R\u00e9seau Amylose - r\u00e9seau de soins\",\"description\":\"Centre de r\u00e9f\u00e9rence des amyloses cardiaques\",\"potentialAction\":[{\"@type\":\"SearchAction\",\"target\":{\"@type\":\"EntryPoint\",\"urlTemplate\":\"http:\/\/reseau-amylose.org\/soins\/?s={search_term_string}\"},\"query-input\":{\"@type\":\"PropertyValueSpecification\",\"valueRequired\":true,\"valueName\":\"search_term_string\"}}],\"inLanguage\":\"fr-FR\"}]}<\/script>\n<!-- \/ Yoast SEO plugin. -->","yoast_head_json":{"title":"R\u00e9seau Amylose Francophone - R\u00e9seau Amylose - r\u00e9seau de soins","description":"Le R\u00e9seau Amylose coordonne les centres experts en amylose dans l\u2019espace francophone. Centres experts et coop\u00e9ration internationale","robots":{"index":"index","follow":"follow","max-snippet":"max-snippet:-1","max-image-preview":"max-image-preview:large","max-video-preview":"max-video-preview:-1"},"canonical":"http:\/\/reseau-amylose.org\/soins\/reseau-amylose-nfrancophone\/","og_locale":"fr_FR","og_type":"article","og_title":"R\u00e9seau Amylose Francophone - R\u00e9seau Amylose - r\u00e9seau de soins","og_description":"Le R\u00e9seau Amylose coordonne les centres experts en amylose dans l\u2019espace francophone. Centres experts et coop\u00e9ration internationale","og_url":"http:\/\/reseau-amylose.org\/soins\/reseau-amylose-nfrancophone\/","og_site_name":"R\u00e9seau Amylose - r\u00e9seau de soins","article_modified_time":"2026-02-17T16:37:32+00:00","twitter_card":"summary_large_image","twitter_misc":{"Dur\u00e9e de lecture estim\u00e9e":"2 minutes"},"schema":{"@context":"https:\/\/schema.org","@graph":[{"@type":"WebPage","@id":"http:\/\/reseau-amylose.org\/soins\/reseau-amylose-nfrancophone\/","url":"http:\/\/reseau-amylose.org\/soins\/reseau-amylose-nfrancophone\/","name":"R\u00e9seau Amylose Francophone - R\u00e9seau Amylose - r\u00e9seau de soins","isPartOf":{"@id":"http:\/\/reseau-amylose.org\/soins\/#website"},"datePublished":"2026-02-17T16:27:07+00:00","dateModified":"2026-02-17T16:37:32+00:00","description":"Le R\u00e9seau Amylose coordonne les centres experts en amylose dans l\u2019espace francophone. Centres experts et coop\u00e9ration internationale","breadcrumb":{"@id":"http:\/\/reseau-amylose.org\/soins\/reseau-amylose-nfrancophone\/#breadcrumb"},"inLanguage":"fr-FR","potentialAction":[{"@type":"ReadAction","target":["http:\/\/reseau-amylose.org\/soins\/reseau-amylose-nfrancophone\/"]}]},{"@type":"BreadcrumbList","@id":"http:\/\/reseau-amylose.org\/soins\/reseau-amylose-nfrancophone\/#breadcrumb","itemListElement":[{"@type":"ListItem","position":1,"name":"Accueil","item":"http:\/\/reseau-amylose.org\/soins\/"},{"@type":"ListItem","position":2,"name":"R\u00e9seau Amylose Francophone"}]},{"@type":"WebSite","@id":"http:\/\/reseau-amylose.org\/soins\/#website","url":"http:\/\/reseau-amylose.org\/soins\/","name":"R\u00e9seau Amylose - r\u00e9seau de soins","description":"Centre de r\u00e9f\u00e9rence des amyloses cardiaques","potentialAction":[{"@type":"SearchAction","target":{"@type":"EntryPoint","urlTemplate":"http:\/\/reseau-amylose.org\/soins\/?s={search_term_string}"},"query-input":{"@type":"PropertyValueSpecification","valueRequired":true,"valueName":"search_term_string"}}],"inLanguage":"fr-FR"}]}},"_links":{"self":[{"href":"https:\/\/reseau-amylose.org\/soins\/wp-json\/wp\/v2\/pages\/4297","targetHints":{"allow":["GET"]}}],"collection":[{"href":"https:\/\/reseau-amylose.org\/soins\/wp-json\/wp\/v2\/pages"}],"about":[{"href":"https:\/\/reseau-amylose.org\/soins\/wp-json\/wp\/v2\/types\/page"}],"author":[{"embeddable":true,"href":"https:\/\/reseau-amylose.org\/soins\/wp-json\/wp\/v2\/users\/2"}],"replies":[{"embeddable":true,"href":"https:\/\/reseau-amylose.org\/soins\/wp-json\/wp\/v2\/comments?post=4297"}],"version-history":[{"count":4,"href":"https:\/\/reseau-amylose.org\/soins\/wp-json\/wp\/v2\/pages\/4297\/revisions"}],"predecessor-version":[{"id":4302,"href":"https:\/\/reseau-amylose.org\/soins\/wp-json\/wp\/v2\/pages\/4297\/revisions\/4302"}],"wp:attachment":[{"href":"https:\/\/reseau-amylose.org\/soins\/wp-json\/wp\/v2\/media?parent=4297"}],"wp:term":[{"taxonomy":"category","embeddable":true,"href":"https:\/\/reseau-amylose.org\/soins\/wp-json\/wp\/v2\/categories?post=4297"},{"taxonomy":"post_tag","embeddable":true,"href":"https:\/\/reseau-amylose.org\/soins\/wp-json\/wp\/v2\/tags?post=4297"}],"curies":[{"name":"wp","href":"https:\/\/api.w.org\/{rel}","templated":true}]}}