{"id":3767,"date":"2025-02-06T18:22:41","date_gmt":"2025-02-06T17:22:41","guid":{"rendered":"https:\/\/reseau-amylose.org\/rechercheamylose\/?page_id=3767"},"modified":"2025-02-06T18:55:05","modified_gmt":"2025-02-06T17:55:05","slug":"capten-hear-journee-recherche-amylose-card","status":"publish","type":"page","link":"https:\/\/reseau-amylose.org\/rechercheamylose\/capten-hear-journee-recherche-amylose-card\/","title":{"rendered":"CAP&rsquo;TEN HEAR : Journ\u00e9e recherche amylose card"},"content":{"rendered":"\t\t<div data-elementor-type=\"wp-page\" data-elementor-id=\"3767\" class=\"elementor elementor-3767\" data-elementor-post-type=\"page\">\n\t\t\t\t\t\t<section class=\"elementor-section elementor-top-section elementor-element elementor-element-7965eea elementor-section-boxed elementor-section-height-default elementor-section-height-default\" data-id=\"7965eea\" data-element_type=\"section\" data-settings=\"{&quot;background_background&quot;:&quot;classic&quot;}\">\n\t\t\t\t\t\t<div class=\"elementor-container elementor-column-gap-default\">\n\t\t\t\t\t<div class=\"elementor-column elementor-col-100 elementor-top-column elementor-element elementor-element-d4e727d\" data-id=\"d4e727d\" data-element_type=\"column\">\n\t\t\t<div class=\"elementor-widget-wrap elementor-element-populated\">\n\t\t\t\t\t\t<div class=\"elementor-element elementor-element-a72270f elementor-widget elementor-widget-heading\" data-id=\"a72270f\" data-element_type=\"widget\" data-widget_type=\"heading.default\">\n\t\t\t\t<div class=\"elementor-widget-container\">\n\t\t\t\t\t<h1 class=\"elementor-heading-title elementor-size-default\">CAP'TEN HEAR : Journ\u00e9e recherche amylose cardiaque<\/h1>\t\t\t\t<\/div>\n\t\t\t\t<\/div>\n\t\t\t\t\t<\/div>\n\t\t<\/div>\n\t\t\t\t\t<\/div>\n\t\t<\/section>\n\t\t\t\t<section class=\"elementor-section elementor-top-section elementor-element elementor-element-36d971e elementor-section-boxed elementor-section-height-default elementor-section-height-default\" data-id=\"36d971e\" data-element_type=\"section\">\n\t\t\t\t\t\t<div class=\"elementor-container elementor-column-gap-default\">\n\t\t\t\t\t<div class=\"elementor-column elementor-col-100 elementor-top-column elementor-element elementor-element-2f64ee6\" data-id=\"2f64ee6\" data-element_type=\"column\">\n\t\t\t<div class=\"elementor-widget-wrap elementor-element-populated\">\n\t\t\t\t\t\t<div class=\"elementor-element elementor-element-57c6393 elementor-widget elementor-widget-text-editor\" data-id=\"57c6393\" data-element_type=\"widget\" data-widget_type=\"text-editor.default\">\n\t\t\t\t<div class=\"elementor-widget-container\">\n\t\t\t\t\t\t\t\t\t<p>La <strong>Heart\u2019s Foundation<\/strong> et le <strong>R\u00e9seau Amylose<\/strong> ont le plaisir d\u2019organiser depuis l&rsquo;ann\u00e9e 2023 la journ\u00e9e <strong>CAP&rsquo;TEN HEAR<\/strong>, un \u00e9v\u00e9nement d\u00e9di\u00e9 aux <strong>Attach\u00e9s et Infirmiers de Recherche Clinique<\/strong>.<\/p><p>Cette journ\u00e9e a pour vocation de rassembler les <strong>Attach\u00e9s et Infirmiers de Recherche Clinique <\/strong>des centres experts engag\u00e9s dans le registre HEAR, afin de favoriser <strong>les \u00e9changes, le partage d\u2019informations et la mutualisation des bonnes pratiques<\/strong>.<\/p><p>Au programme :<\/p><p>\u2705 <strong>Conf\u00e9rences et tables rondes<\/strong> anim\u00e9es par des experts de la recherche clinique et de l\u2019amylose cardiaque.<\/p><p>\u2705 <strong>Ateliers interactifs<\/strong> pour approfondir les connaissances et am\u00e9liorer les pratiques de suivi des patients.<\/p><p>\u2705 <strong>Moments d\u2019\u00e9change et de networking<\/strong> pour renforcer la collaboration entre les attach\u00e9s et infirmiers de recherche clinique.<\/p><p>La recherche clinique joue un r\u00f4le essentiel dans l\u2019avancement des connaissances et l\u2019am\u00e9lioration de la prise en charge des patients atteints d\u2019amylose. Cette journ\u00e9e est une opportunit\u00e9 unique de <strong>valoriser le travail de chacun, d\u2019apporter des r\u00e9ponses aux d\u00e9fis rencontr\u00e9s et de renforcer la dynamique collective et la bonne ambiance au sein du r\u00e9seau<\/strong>.<\/p>\t\t\t\t\t\t\t\t<\/div>\n\t\t\t\t<\/div>\n\t\t\t\t\t<\/div>\n\t\t<\/div>\n\t\t\t\t\t<\/div>\n\t\t<\/section>\n\t\t\t\t<section class=\"elementor-section elementor-top-section elementor-element elementor-element-af5fae5 elementor-section-boxed elementor-section-height-default elementor-section-height-default\" data-id=\"af5fae5\" data-element_type=\"section\">\n\t\t\t\t\t\t<div class=\"elementor-container elementor-column-gap-default\">\n\t\t\t\t\t<div class=\"elementor-column elementor-col-100 elementor-top-column elementor-element elementor-element-3557e76\" data-id=\"3557e76\" data-element_type=\"column\">\n\t\t\t<div class=\"elementor-widget-wrap elementor-element-populated\">\n\t\t\t\t\t\t<div class=\"elementor-element elementor-element-ada403e elementor-widget elementor-widget-gallery\" data-id=\"ada403e\" data-element_type=\"widget\" data-settings=\"{&quot;lazyload&quot;:&quot;yes&quot;,&quot;gallery_layout&quot;:&quot;grid&quot;,&quot;columns&quot;:4,&quot;columns_tablet&quot;:2,&quot;columns_mobile&quot;:1,&quot;gap&quot;:{&quot;unit&quot;:&quot;px&quot;,&quot;size&quot;:10,&quot;sizes&quot;:[]},&quot;gap_tablet&quot;:{&quot;unit&quot;:&quot;px&quot;,&quot;size&quot;:10,&quot;sizes&quot;:[]},&quot;gap_mobile&quot;:{&quot;unit&quot;:&quot;px&quot;,&quot;size&quot;:10,&quot;sizes&quot;:[]},&quot;link_to&quot;:&quot;file&quot;,&quot;aspect_ratio&quot;:&quot;3:2&quot;,&quot;overlay_background&quot;:&quot;yes&quot;,&quot;content_hover_animation&quot;:&quot;fade-in&quot;}\" data-widget_type=\"gallery.default\">\n\t\t\t\t<div class=\"elementor-widget-container\">\n\t\t\t\t\t\t\t<div class=\"elementor-gallery__container\">\n\t\t\t\t\t\t\t<a class=\"e-gallery-item elementor-gallery-item elementor-animated-content\" href=\"https:\/\/reseau-amylose.org\/rechercheamylose\/wp-content\/uploads\/sites\/3\/2025\/02\/Capture-decran-2025-02-06-a-18.46.06.png\" data-elementor-open-lightbox=\"yes\" data-elementor-lightbox-slideshow=\"ada403e\" data-elementor-lightbox-title=\"Capture d\u2019e\u0301cran 2025-02-06 a\u0300 18.46.06\" data-e-action-hash=\"#elementor-action%3Aaction%3Dlightbox%26settings%3DeyJpZCI6Mzc4OCwidXJsIjoiaHR0cHM6XC9cL3Jlc2VhdS1hbXlsb3NlLm9yZ1wvcmVjaGVyY2hlYW15bG9zZVwvd3AtY29udGVudFwvdXBsb2Fkc1wvc2l0ZXNcLzNcLzIwMjVcLzAyXC9DYXB0dXJlLWRlY3Jhbi0yMDI1LTAyLTA2LWEtMTguNDYuMDYucG5nIiwic2xpZGVzaG93IjoiYWRhNDAzZSJ9\">\n\t\t\t\t\t<div class=\"e-gallery-image elementor-gallery-item__image\" data-thumbnail=\"https:\/\/reseau-amylose.org\/rechercheamylose\/wp-content\/uploads\/sites\/3\/2025\/02\/Capture-decran-2025-02-06-a-18.46.06-300x229.png\" data-width=\"300\" data-height=\"229\" aria-label=\"\" role=\"img\" ><\/div>\n\t\t\t\t\t\t\t\t\t\t\t<div class=\"elementor-gallery-item__overlay\"><\/div>\n\t\t\t\t\t\t\t\t\t\t\t\t\t\t<\/a>\n\t\t\t\t\t\t\t<a class=\"e-gallery-item elementor-gallery-item elementor-animated-content\" href=\"https:\/\/reseau-amylose.org\/rechercheamylose\/wp-content\/uploads\/sites\/3\/2025\/02\/Conference-et-groupe-Amylose-1.jpg\" data-elementor-open-lightbox=\"yes\" data-elementor-lightbox-slideshow=\"ada403e\" data-elementor-lightbox-title=\"Conference et groupe Amylose-1\" data-e-action-hash=\"#elementor-action%3Aaction%3Dlightbox%26settings%3DeyJpZCI6Mzc3OSwidXJsIjoiaHR0cHM6XC9cL3Jlc2VhdS1hbXlsb3NlLm9yZ1wvcmVjaGVyY2hlYW15bG9zZVwvd3AtY29udGVudFwvdXBsb2Fkc1wvc2l0ZXNcLzNcLzIwMjVcLzAyXC9Db25mZXJlbmNlLWV0LWdyb3VwZS1BbXlsb3NlLTEuanBnIiwic2xpZGVzaG93IjoiYWRhNDAzZSJ9\">\n\t\t\t\t\t<div class=\"e-gallery-image elementor-gallery-item__image\" data-thumbnail=\"https:\/\/reseau-amylose.org\/rechercheamylose\/wp-content\/uploads\/sites\/3\/2025\/02\/Conference-et-groupe-Amylose-1-300x200.jpg\" data-width=\"300\" data-height=\"200\" aria-label=\"\" role=\"img\" ><\/div>\n\t\t\t\t\t\t\t\t\t\t\t<div class=\"elementor-gallery-item__overlay\"><\/div>\n\t\t\t\t\t\t\t\t\t\t\t\t\t\t<\/a>\n\t\t\t\t\t\t\t<a class=\"e-gallery-item elementor-gallery-item elementor-animated-content\" href=\"https:\/\/reseau-amylose.org\/rechercheamylose\/wp-content\/uploads\/sites\/3\/2025\/02\/Groupe-3.jpg\" data-elementor-open-lightbox=\"yes\" data-elementor-lightbox-slideshow=\"ada403e\" data-elementor-lightbox-title=\"Groupe-3\" data-e-action-hash=\"#elementor-action%3Aaction%3Dlightbox%26settings%3DeyJpZCI6Mzc3NCwidXJsIjoiaHR0cHM6XC9cL3Jlc2VhdS1hbXlsb3NlLm9yZ1wvcmVjaGVyY2hlYW15bG9zZVwvd3AtY29udGVudFwvdXBsb2Fkc1wvc2l0ZXNcLzNcLzIwMjVcLzAyXC9Hcm91cGUtMy5qcGciLCJzbGlkZXNob3ciOiJhZGE0MDNlIn0%3D\">\n\t\t\t\t\t<div class=\"e-gallery-image elementor-gallery-item__image\" data-thumbnail=\"https:\/\/reseau-amylose.org\/rechercheamylose\/wp-content\/uploads\/sites\/3\/2025\/02\/Groupe-3-300x200.jpg\" data-width=\"300\" data-height=\"200\" aria-label=\"\" role=\"img\" ><\/div>\n\t\t\t\t\t\t\t\t\t\t\t<div class=\"elementor-gallery-item__overlay\"><\/div>\n\t\t\t\t\t\t\t\t\t\t\t\t\t\t<\/a>\n\t\t\t\t\t\t\t<a class=\"e-gallery-item elementor-gallery-item elementor-animated-content\" href=\"https:\/\/reseau-amylose.org\/rechercheamylose\/wp-content\/uploads\/sites\/3\/2025\/02\/Conference-et-groupe-Amylose-2.jpg\" data-elementor-open-lightbox=\"yes\" data-elementor-lightbox-slideshow=\"ada403e\" data-elementor-lightbox-title=\"Conference et groupe Amylose-2\" data-e-action-hash=\"#elementor-action%3Aaction%3Dlightbox%26settings%3DeyJpZCI6Mzc4MCwidXJsIjoiaHR0cHM6XC9cL3Jlc2VhdS1hbXlsb3NlLm9yZ1wvcmVjaGVyY2hlYW15bG9zZVwvd3AtY29udGVudFwvdXBsb2Fkc1wvc2l0ZXNcLzNcLzIwMjVcLzAyXC9Db25mZXJlbmNlLWV0LWdyb3VwZS1BbXlsb3NlLTIuanBnIiwic2xpZGVzaG93IjoiYWRhNDAzZSJ9\">\n\t\t\t\t\t<div class=\"e-gallery-image elementor-gallery-item__image\" data-thumbnail=\"https:\/\/reseau-amylose.org\/rechercheamylose\/wp-content\/uploads\/sites\/3\/2025\/02\/Conference-et-groupe-Amylose-2-300x200.jpg\" data-width=\"300\" data-height=\"200\" aria-label=\"\" role=\"img\" ><\/div>\n\t\t\t\t\t\t\t\t\t\t\t<div class=\"elementor-gallery-item__overlay\"><\/div>\n\t\t\t\t\t\t\t\t\t\t\t\t\t\t<\/a>\n\t\t\t\t\t\t\t<a class=\"e-gallery-item elementor-gallery-item elementor-animated-content\" href=\"https:\/\/reseau-amylose.org\/rechercheamylose\/wp-content\/uploads\/sites\/3\/2025\/02\/Conference-et-groupe-Amylose-9.jpg\" data-elementor-open-lightbox=\"yes\" data-elementor-lightbox-slideshow=\"ada403e\" data-elementor-lightbox-title=\"Conference et groupe Amylose-9\" data-e-action-hash=\"#elementor-action%3Aaction%3Dlightbox%26settings%3DeyJpZCI6Mzc3NywidXJsIjoiaHR0cHM6XC9cL3Jlc2VhdS1hbXlsb3NlLm9yZ1wvcmVjaGVyY2hlYW15bG9zZVwvd3AtY29udGVudFwvdXBsb2Fkc1wvc2l0ZXNcLzNcLzIwMjVcLzAyXC9Db25mZXJlbmNlLWV0LWdyb3VwZS1BbXlsb3NlLTkuanBnIiwic2xpZGVzaG93IjoiYWRhNDAzZSJ9\">\n\t\t\t\t\t<div class=\"e-gallery-image elementor-gallery-item__image\" data-thumbnail=\"https:\/\/reseau-amylose.org\/rechercheamylose\/wp-content\/uploads\/sites\/3\/2025\/02\/Conference-et-groupe-Amylose-9-300x200.jpg\" data-width=\"300\" data-height=\"200\" aria-label=\"\" role=\"img\" ><\/div>\n\t\t\t\t\t\t\t\t\t\t\t<div class=\"elementor-gallery-item__overlay\"><\/div>\n\t\t\t\t\t\t\t\t\t\t\t\t\t\t<\/a>\n\t\t\t\t\t\t\t<a class=\"e-gallery-item elementor-gallery-item elementor-animated-content\" href=\"https:\/\/reseau-amylose.org\/rechercheamylose\/wp-content\/uploads\/sites\/3\/2025\/02\/Groupe-1.jpg\" data-elementor-open-lightbox=\"yes\" data-elementor-lightbox-slideshow=\"ada403e\" data-elementor-lightbox-title=\"Groupe-1\" data-e-action-hash=\"#elementor-action%3Aaction%3Dlightbox%26settings%3DeyJpZCI6Mzc3NSwidXJsIjoiaHR0cHM6XC9cL3Jlc2VhdS1hbXlsb3NlLm9yZ1wvcmVjaGVyY2hlYW15bG9zZVwvd3AtY29udGVudFwvdXBsb2Fkc1wvc2l0ZXNcLzNcLzIwMjVcLzAyXC9Hcm91cGUtMS5qcGciLCJzbGlkZXNob3ciOiJhZGE0MDNlIn0%3D\">\n\t\t\t\t\t<div class=\"e-gallery-image elementor-gallery-item__image\" data-thumbnail=\"https:\/\/reseau-amylose.org\/rechercheamylose\/wp-content\/uploads\/sites\/3\/2025\/02\/Groupe-1-300x200.jpg\" data-width=\"300\" data-height=\"200\" aria-label=\"\" role=\"img\" ><\/div>\n\t\t\t\t\t\t\t\t\t\t\t<div class=\"elementor-gallery-item__overlay\"><\/div>\n\t\t\t\t\t\t\t\t\t\t\t\t\t\t<\/a>\n\t\t\t\t\t\t\t<a class=\"e-gallery-item elementor-gallery-item elementor-animated-content\" href=\"https:\/\/reseau-amylose.org\/rechercheamylose\/wp-content\/uploads\/sites\/3\/2025\/02\/Capture-decran-2025-02-06-a-18.44.28.png\" data-elementor-open-lightbox=\"yes\" data-elementor-lightbox-slideshow=\"ada403e\" data-elementor-lightbox-title=\"Capture d\u2019e\u0301cran 2025-02-06 a\u0300 18.44.28\" data-e-action-hash=\"#elementor-action%3Aaction%3Dlightbox%26settings%3DeyJpZCI6Mzc4NiwidXJsIjoiaHR0cHM6XC9cL3Jlc2VhdS1hbXlsb3NlLm9yZ1wvcmVjaGVyY2hlYW15bG9zZVwvd3AtY29udGVudFwvdXBsb2Fkc1wvc2l0ZXNcLzNcLzIwMjVcLzAyXC9DYXB0dXJlLWRlY3Jhbi0yMDI1LTAyLTA2LWEtMTguNDQuMjgucG5nIiwic2xpZGVzaG93IjoiYWRhNDAzZSJ9\">\n\t\t\t\t\t<div class=\"e-gallery-image elementor-gallery-item__image\" data-thumbnail=\"https:\/\/reseau-amylose.org\/rechercheamylose\/wp-content\/uploads\/sites\/3\/2025\/02\/Capture-decran-2025-02-06-a-18.44.28-212x300.png\" data-width=\"212\" data-height=\"300\" aria-label=\"\" role=\"img\" ><\/div>\n\t\t\t\t\t\t\t\t\t\t\t<div class=\"elementor-gallery-item__overlay\"><\/div>\n\t\t\t\t\t\t\t\t\t\t\t\t\t\t<\/a>\n\t\t\t\t\t\t\t<a class=\"e-gallery-item elementor-gallery-item elementor-animated-content\" href=\"https:\/\/reseau-amylose.org\/rechercheamylose\/wp-content\/uploads\/sites\/3\/2025\/02\/Conference-et-groupe-Amylose-4.jpg\" data-elementor-open-lightbox=\"yes\" data-elementor-lightbox-slideshow=\"ada403e\" data-elementor-lightbox-title=\"Conference et groupe Amylose-4\" data-e-action-hash=\"#elementor-action%3Aaction%3Dlightbox%26settings%3DeyJpZCI6Mzc4MSwidXJsIjoiaHR0cHM6XC9cL3Jlc2VhdS1hbXlsb3NlLm9yZ1wvcmVjaGVyY2hlYW15bG9zZVwvd3AtY29udGVudFwvdXBsb2Fkc1wvc2l0ZXNcLzNcLzIwMjVcLzAyXC9Db25mZXJlbmNlLWV0LWdyb3VwZS1BbXlsb3NlLTQuanBnIiwic2xpZGVzaG93IjoiYWRhNDAzZSJ9\">\n\t\t\t\t\t<div class=\"e-gallery-image elementor-gallery-item__image\" data-thumbnail=\"https:\/\/reseau-amylose.org\/rechercheamylose\/wp-content\/uploads\/sites\/3\/2025\/02\/Conference-et-groupe-Amylose-4-300x200.jpg\" data-width=\"300\" data-height=\"200\" aria-label=\"\" role=\"img\" ><\/div>\n\t\t\t\t\t\t\t\t\t\t\t<div class=\"elementor-gallery-item__overlay\"><\/div>\n\t\t\t\t\t\t\t\t\t\t\t\t\t\t<\/a>\n\t\t\t\t\t\t\t<a class=\"e-gallery-item elementor-gallery-item elementor-animated-content\" href=\"https:\/\/reseau-amylose.org\/rechercheamylose\/wp-content\/uploads\/sites\/3\/2025\/02\/Groupe-2.jpg\" data-elementor-open-lightbox=\"yes\" data-elementor-lightbox-slideshow=\"ada403e\" data-elementor-lightbox-title=\"Groupe-2\" data-e-action-hash=\"#elementor-action%3Aaction%3Dlightbox%26settings%3DeyJpZCI6Mzc3NiwidXJsIjoiaHR0cHM6XC9cL3Jlc2VhdS1hbXlsb3NlLm9yZ1wvcmVjaGVyY2hlYW15bG9zZVwvd3AtY29udGVudFwvdXBsb2Fkc1wvc2l0ZXNcLzNcLzIwMjVcLzAyXC9Hcm91cGUtMi5qcGciLCJzbGlkZXNob3ciOiJhZGE0MDNlIn0%3D\">\n\t\t\t\t\t<div class=\"e-gallery-image elementor-gallery-item__image\" data-thumbnail=\"https:\/\/reseau-amylose.org\/rechercheamylose\/wp-content\/uploads\/sites\/3\/2025\/02\/Groupe-2-300x200.jpg\" data-width=\"300\" data-height=\"200\" aria-label=\"\" role=\"img\" ><\/div>\n\t\t\t\t\t\t\t\t\t\t\t<div class=\"elementor-gallery-item__overlay\"><\/div>\n\t\t\t\t\t\t\t\t\t\t\t\t\t\t<\/a>\n\t\t\t\t\t\t\t<a class=\"e-gallery-item elementor-gallery-item elementor-animated-content\" href=\"https:\/\/reseau-amylose.org\/rechercheamylose\/wp-content\/uploads\/sites\/3\/2025\/02\/Conference-et-groupe-Amylose-14.jpg\" data-elementor-open-lightbox=\"yes\" data-elementor-lightbox-slideshow=\"ada403e\" data-elementor-lightbox-title=\"Conference et groupe Amylose-14\" data-e-action-hash=\"#elementor-action%3Aaction%3Dlightbox%26settings%3DeyJpZCI6Mzc3OCwidXJsIjoiaHR0cHM6XC9cL3Jlc2VhdS1hbXlsb3NlLm9yZ1wvcmVjaGVyY2hlYW15bG9zZVwvd3AtY29udGVudFwvdXBsb2Fkc1wvc2l0ZXNcLzNcLzIwMjVcLzAyXC9Db25mZXJlbmNlLWV0LWdyb3VwZS1BbXlsb3NlLTE0LmpwZyIsInNsaWRlc2hvdyI6ImFkYTQwM2UifQ%3D%3D\">\n\t\t\t\t\t<div class=\"e-gallery-image elementor-gallery-item__image\" data-thumbnail=\"https:\/\/reseau-amylose.org\/rechercheamylose\/wp-content\/uploads\/sites\/3\/2025\/02\/Conference-et-groupe-Amylose-14-300x200.jpg\" data-width=\"300\" data-height=\"200\" aria-label=\"\" role=\"img\" ><\/div>\n\t\t\t\t\t\t\t\t\t\t\t<div class=\"elementor-gallery-item__overlay\"><\/div>\n\t\t\t\t\t\t\t\t\t\t\t\t\t\t<\/a>\n\t\t\t\t\t<\/div>\n\t\t\t\t\t<\/div>\n\t\t\t\t<\/div>\n\t\t\t\t\t<\/div>\n\t\t<\/div>\n\t\t\t\t\t<\/div>\n\t\t<\/section>\n\t\t\t\t<\/div>\n\t\t","protected":false},"excerpt":{"rendered":"<p>CAP&rsquo;TEN HEAR : Journ\u00e9e recherche amylose cardiaque La Heart\u2019s Foundation et le R\u00e9seau Amylose ont le plaisir d\u2019organiser depuis l&rsquo;ann\u00e9e 2023 la journ\u00e9e CAP&rsquo;TEN HEAR, un \u00e9v\u00e9nement d\u00e9di\u00e9 aux Attach\u00e9s et Infirmiers de Recherche Clinique. Cette journ\u00e9e a pour vocation de rassembler les Attach\u00e9s et Infirmiers de Recherche Clinique des centres experts engag\u00e9s dans le [&hellip;]<\/p>\n","protected":false},"author":2,"featured_media":0,"parent":0,"menu_order":0,"comment_status":"closed","ping_status":"closed","template":"","meta":{"_monsterinsights_skip_tracking":false,"_monsterinsights_sitenote_active":false,"_monsterinsights_sitenote_note":"","_monsterinsights_sitenote_category":0,"footnotes":""},"categories":[],"tags":[],"class_list":["post-3767","page","type-page","status-publish","hentry"],"yoast_head":"<!-- This site is optimized with the Yoast SEO plugin v25.5 - https:\/\/yoast.com\/wordpress\/plugins\/seo\/ -->\n<title>CAP&#039;TEN HEAR : Journ\u00e9e recherche amylose card - R\u00e9seau Amylose Recherche<\/title>\n<meta name=\"description\" content=\"CAP&#039;TEN HEAR : Journ\u00e9e recherche amylose cardiaque - Journ\u00e9e des attach\u00e9s et infirmers de recherche clinique - Cardiac Amyloidosis Programme..\" \/>\n<meta name=\"robots\" content=\"index, follow, max-snippet:-1, max-image-preview:large, max-video-preview:-1\" \/>\n<link rel=\"canonical\" href=\"https:\/\/reseau-amylose.org\/rechercheamylose\/capten-hear-journee-recherche-amylose-card\/\" \/>\n<meta property=\"og:locale\" content=\"fr_FR\" \/>\n<meta property=\"og:type\" content=\"article\" \/>\n<meta property=\"og:title\" content=\"CAP&#039;TEN HEAR : Journ\u00e9e recherche amylose card - R\u00e9seau Amylose Recherche\" \/>\n<meta property=\"og:description\" content=\"CAP&#039;TEN HEAR : Journ\u00e9e recherche amylose cardiaque - Journ\u00e9e des attach\u00e9s et infirmers de recherche clinique - Cardiac Amyloidosis Programme..\" \/>\n<meta property=\"og:url\" content=\"https:\/\/reseau-amylose.org\/rechercheamylose\/capten-hear-journee-recherche-amylose-card\/\" \/>\n<meta property=\"og:site_name\" content=\"R\u00e9seau Amylose Recherche\" \/>\n<meta property=\"article:modified_time\" content=\"2025-02-06T17:55:05+00:00\" \/>\n<meta name=\"twitter:card\" content=\"summary_large_image\" \/>\n<meta name=\"twitter:label1\" content=\"Dur\u00e9e de lecture estim\u00e9e\" \/>\n\t<meta name=\"twitter:data1\" content=\"1 minute\" \/>\n<script type=\"application\/ld+json\" class=\"yoast-schema-graph\">{\"@context\":\"https:\/\/schema.org\",\"@graph\":[{\"@type\":\"WebPage\",\"@id\":\"https:\/\/reseau-amylose.org\/rechercheamylose\/capten-hear-journee-recherche-amylose-card\/\",\"url\":\"https:\/\/reseau-amylose.org\/rechercheamylose\/capten-hear-journee-recherche-amylose-card\/\",\"name\":\"CAP'TEN HEAR : Journ\u00e9e recherche amylose card - R\u00e9seau Amylose Recherche\",\"isPartOf\":{\"@id\":\"https:\/\/reseau-amylose.org\/rechercheamylose\/#website\"},\"datePublished\":\"2025-02-06T17:22:41+00:00\",\"dateModified\":\"2025-02-06T17:55:05+00:00\",\"description\":\"CAP'TEN HEAR : Journ\u00e9e recherche amylose cardiaque - Journ\u00e9e des attach\u00e9s et infirmers de recherche clinique - Cardiac Amyloidosis Programme..\",\"breadcrumb\":{\"@id\":\"https:\/\/reseau-amylose.org\/rechercheamylose\/capten-hear-journee-recherche-amylose-card\/#breadcrumb\"},\"inLanguage\":\"fr-FR\",\"potentialAction\":[{\"@type\":\"ReadAction\",\"target\":[\"https:\/\/reseau-amylose.org\/rechercheamylose\/capten-hear-journee-recherche-amylose-card\/\"]}]},{\"@type\":\"BreadcrumbList\",\"@id\":\"https:\/\/reseau-amylose.org\/rechercheamylose\/capten-hear-journee-recherche-amylose-card\/#breadcrumb\",\"itemListElement\":[{\"@type\":\"ListItem\",\"position\":1,\"name\":\"Accueil\",\"item\":\"https:\/\/reseau-amylose.org\/rechercheamylose\/\"},{\"@type\":\"ListItem\",\"position\":2,\"name\":\"CAP&rsquo;TEN HEAR : Journ\u00e9e recherche amylose card\"}]},{\"@type\":\"WebSite\",\"@id\":\"https:\/\/reseau-amylose.org\/rechercheamylose\/#website\",\"url\":\"https:\/\/reseau-amylose.org\/rechercheamylose\/\",\"name\":\"R\u00e9seau Amylose Recherche\",\"description\":\"Centre de r\u00e9f\u00e9rence des amyloses cardiaques\",\"potentialAction\":[{\"@type\":\"SearchAction\",\"target\":{\"@type\":\"EntryPoint\",\"urlTemplate\":\"https:\/\/reseau-amylose.org\/rechercheamylose\/?s={search_term_string}\"},\"query-input\":{\"@type\":\"PropertyValueSpecification\",\"valueRequired\":true,\"valueName\":\"search_term_string\"}}],\"inLanguage\":\"fr-FR\"}]}<\/script>\n<!-- \/ Yoast SEO plugin. -->","yoast_head_json":{"title":"CAP'TEN HEAR : Journ\u00e9e recherche amylose card - R\u00e9seau Amylose Recherche","description":"CAP'TEN HEAR : Journ\u00e9e recherche amylose cardiaque - Journ\u00e9e des attach\u00e9s et infirmers de recherche clinique - Cardiac Amyloidosis Programme..","robots":{"index":"index","follow":"follow","max-snippet":"max-snippet:-1","max-image-preview":"max-image-preview:large","max-video-preview":"max-video-preview:-1"},"canonical":"https:\/\/reseau-amylose.org\/rechercheamylose\/capten-hear-journee-recherche-amylose-card\/","og_locale":"fr_FR","og_type":"article","og_title":"CAP'TEN HEAR : Journ\u00e9e recherche amylose card - R\u00e9seau Amylose Recherche","og_description":"CAP'TEN HEAR : Journ\u00e9e recherche amylose cardiaque - Journ\u00e9e des attach\u00e9s et infirmers de recherche clinique - Cardiac Amyloidosis Programme..","og_url":"https:\/\/reseau-amylose.org\/rechercheamylose\/capten-hear-journee-recherche-amylose-card\/","og_site_name":"R\u00e9seau Amylose Recherche","article_modified_time":"2025-02-06T17:55:05+00:00","twitter_card":"summary_large_image","twitter_misc":{"Dur\u00e9e de lecture estim\u00e9e":"1 minute"},"schema":{"@context":"https:\/\/schema.org","@graph":[{"@type":"WebPage","@id":"https:\/\/reseau-amylose.org\/rechercheamylose\/capten-hear-journee-recherche-amylose-card\/","url":"https:\/\/reseau-amylose.org\/rechercheamylose\/capten-hear-journee-recherche-amylose-card\/","name":"CAP'TEN HEAR : Journ\u00e9e recherche amylose card - R\u00e9seau Amylose Recherche","isPartOf":{"@id":"https:\/\/reseau-amylose.org\/rechercheamylose\/#website"},"datePublished":"2025-02-06T17:22:41+00:00","dateModified":"2025-02-06T17:55:05+00:00","description":"CAP'TEN HEAR : Journ\u00e9e recherche amylose cardiaque - Journ\u00e9e des attach\u00e9s et infirmers de recherche clinique - Cardiac Amyloidosis Programme..","breadcrumb":{"@id":"https:\/\/reseau-amylose.org\/rechercheamylose\/capten-hear-journee-recherche-amylose-card\/#breadcrumb"},"inLanguage":"fr-FR","potentialAction":[{"@type":"ReadAction","target":["https:\/\/reseau-amylose.org\/rechercheamylose\/capten-hear-journee-recherche-amylose-card\/"]}]},{"@type":"BreadcrumbList","@id":"https:\/\/reseau-amylose.org\/rechercheamylose\/capten-hear-journee-recherche-amylose-card\/#breadcrumb","itemListElement":[{"@type":"ListItem","position":1,"name":"Accueil","item":"https:\/\/reseau-amylose.org\/rechercheamylose\/"},{"@type":"ListItem","position":2,"name":"CAP&rsquo;TEN HEAR : Journ\u00e9e recherche amylose card"}]},{"@type":"WebSite","@id":"https:\/\/reseau-amylose.org\/rechercheamylose\/#website","url":"https:\/\/reseau-amylose.org\/rechercheamylose\/","name":"R\u00e9seau Amylose Recherche","description":"Centre de r\u00e9f\u00e9rence des amyloses cardiaques","potentialAction":[{"@type":"SearchAction","target":{"@type":"EntryPoint","urlTemplate":"https:\/\/reseau-amylose.org\/rechercheamylose\/?s={search_term_string}"},"query-input":{"@type":"PropertyValueSpecification","valueRequired":true,"valueName":"search_term_string"}}],"inLanguage":"fr-FR"}]}},"_links":{"self":[{"href":"https:\/\/reseau-amylose.org\/rechercheamylose\/wp-json\/wp\/v2\/pages\/3767","targetHints":{"allow":["GET"]}}],"collection":[{"href":"https:\/\/reseau-amylose.org\/rechercheamylose\/wp-json\/wp\/v2\/pages"}],"about":[{"href":"https:\/\/reseau-amylose.org\/rechercheamylose\/wp-json\/wp\/v2\/types\/page"}],"author":[{"embeddable":true,"href":"https:\/\/reseau-amylose.org\/rechercheamylose\/wp-json\/wp\/v2\/users\/2"}],"replies":[{"embeddable":true,"href":"https:\/\/reseau-amylose.org\/rechercheamylose\/wp-json\/wp\/v2\/comments?post=3767"}],"version-history":[{"count":14,"href":"https:\/\/reseau-amylose.org\/rechercheamylose\/wp-json\/wp\/v2\/pages\/3767\/revisions"}],"predecessor-version":[{"id":3841,"href":"https:\/\/reseau-amylose.org\/rechercheamylose\/wp-json\/wp\/v2\/pages\/3767\/revisions\/3841"}],"wp:attachment":[{"href":"https:\/\/reseau-amylose.org\/rechercheamylose\/wp-json\/wp\/v2\/media?parent=3767"}],"wp:term":[{"taxonomy":"category","embeddable":true,"href":"https:\/\/reseau-amylose.org\/rechercheamylose\/wp-json\/wp\/v2\/categories?post=3767"},{"taxonomy":"post_tag","embeddable":true,"href":"https:\/\/reseau-amylose.org\/rechercheamylose\/wp-json\/wp\/v2\/tags?post=3767"}],"curies":[{"name":"wp","href":"https:\/\/api.w.org\/{rel}","templated":true}]}}