{"id":79,"date":"2018-12-05T10:02:16","date_gmt":"2018-12-05T10:02:16","guid":{"rendered":"http:\/\/soignant.reseau-amylose.org\/?page_id=79"},"modified":"2021-08-25T19:31:38","modified_gmt":"2021-08-25T17:31:38","slug":"les-symptomes-cardiaques-et-extracardiaques-des-amyloses","status":"publish","type":"page","link":"https:\/\/reseau-amylose.org\/jesuissoignant\/pour-le-cardiologue\/les-symptomes-cardiaques-et-extracardiaques-des-amyloses\/","title":{"rendered":"Les sympt\u00f4mes cardiaques des amyloses"},"content":{"rendered":"\t\t<div data-elementor-type=\"wp-post\" data-elementor-id=\"79\" class=\"elementor elementor-79\" data-elementor-post-type=\"page\">\n\t\t\t\t\t\t<section class=\"elementor-section elementor-top-section elementor-element elementor-element-4ad9321f elementor-section-content-middle elementor-section-boxed elementor-section-height-default elementor-section-height-default\" data-id=\"4ad9321f\" data-element_type=\"section\" data-settings=\"{&quot;background_background&quot;:&quot;classic&quot;}\">\n\t\t\t\t\t\t<div class=\"elementor-container elementor-column-gap-no\">\n\t\t\t\t\t<div class=\"elementor-column elementor-col-100 elementor-top-column elementor-element elementor-element-1ed51128\" data-id=\"1ed51128\" data-element_type=\"column\">\n\t\t\t<div class=\"elementor-widget-wrap elementor-element-populated\">\n\t\t\t\t\t\t<div class=\"elementor-element elementor-element-7c9a6f10 elementor-widget-divider--view-line elementor-widget elementor-widget-divider\" data-id=\"7c9a6f10\" data-element_type=\"widget\" data-widget_type=\"divider.default\">\n\t\t\t\t<div class=\"elementor-widget-container\">\n\t\t\t\t\t\t\t<div class=\"elementor-divider\">\n\t\t\t<span class=\"elementor-divider-separator\">\n\t\t\t\t\t\t<\/span>\n\t\t<\/div>\n\t\t\t\t\t\t<\/div>\n\t\t\t\t<\/div>\n\t\t\t\t<div class=\"elementor-element elementor-element-15702ac8 elementor-widget elementor-widget-heading\" data-id=\"15702ac8\" data-element_type=\"widget\" data-widget_type=\"heading.default\">\n\t\t\t\t<div class=\"elementor-widget-container\">\n\t\t\t\t\t<h6 class=\"elementor-heading-title elementor-size-default\"><h2 class=\"elementor-heading-title elementor-size-large elementor-inline-editing pen\" data-elementor-setting-key=\"title\" data-pen-placeholder=\"\u00c9crivez ici...\">Sympt\u00f4mes<\/h2><\/h6>\t\t\t\t<\/div>\n\t\t\t\t<\/div>\n\t\t\t\t\t<\/div>\n\t\t<\/div>\n\t\t\t\t\t<\/div>\n\t\t<\/section>\n\t\t\t\t<section class=\"elementor-section elementor-top-section elementor-element elementor-element-4635a931 elementor-section-boxed elementor-section-height-default elementor-section-height-default\" data-id=\"4635a931\" data-element_type=\"section\">\n\t\t\t\t\t\t<div class=\"elementor-container elementor-column-gap-default\">\n\t\t\t\t\t<div class=\"elementor-column elementor-col-100 elementor-top-column elementor-element elementor-element-2af8596a\" data-id=\"2af8596a\" data-element_type=\"column\">\n\t\t\t<div class=\"elementor-widget-wrap elementor-element-populated\">\n\t\t\t\t\t\t<div class=\"elementor-element elementor-element-7b74abed elementor-widget elementor-widget-text-editor\" data-id=\"7b74abed\" data-element_type=\"widget\" data-widget_type=\"text-editor.default\">\n\t\t\t\t<div class=\"elementor-widget-container\">\n\t\t\t\t\t\t\t\t\t<h3><span style=\"color: #4db8f0\"><strong>Les manifestations cardiaques<\/strong><\/span><\/h3><h6>Les manifestations cardiaques sont li\u00e9es aux d\u00e9p\u00f4ts amylo\u00efdes au sein du secteur interstitiel et des tissus nerveux myocardiques. Ces atteintes se traduisent au plan clinique par des sympt\u00f4mes d\u2019insuffisance cardiaque (dyspn\u00e9e\u2026) et des troubles rythmiques fr\u00e9quents \u00e0 l\u2019\u00e9tage auriculaire (flutter et FA) et moins fr\u00e9quent \u00e0 l\u2019\u00e9tat ventriculaire.<\/h6>\t\t\t\t\t\t\t\t<\/div>\n\t\t\t\t<\/div>\n\t\t\t\t\t<\/div>\n\t\t<\/div>\n\t\t\t\t\t<\/div>\n\t\t<\/section>\n\t\t\t\t<section class=\"elementor-section elementor-top-section elementor-element elementor-element-9bd4828 elementor-section-boxed elementor-section-height-default elementor-section-height-default\" data-id=\"9bd4828\" data-element_type=\"section\">\n\t\t\t\t\t\t<div class=\"elementor-container elementor-column-gap-default\">\n\t\t\t\t\t<div class=\"elementor-column elementor-col-66 elementor-top-column elementor-element elementor-element-d751f0a\" data-id=\"d751f0a\" data-element_type=\"column\">\n\t\t\t<div class=\"elementor-widget-wrap elementor-element-populated\">\n\t\t\t\t\t\t<div class=\"elementor-element elementor-element-6aef4e2 elementor-widget elementor-widget-text-editor\" data-id=\"6aef4e2\" data-element_type=\"widget\" data-widget_type=\"text-editor.default\">\n\t\t\t\t<div class=\"elementor-widget-container\">\n\t\t\t\t\t\t\t\t\t<p><strong><span style=\"color: #4db8f0\">Chez qui suspecter une amylose en consultation et quel int\u00e9r\u00eat ? Une course contre le temps<\/span><\/strong><\/p><p><em><span style=\"color: #4db8f0\">Pierre SABOURET<\/span><\/em><\/p>\t\t\t\t\t\t\t\t<\/div>\n\t\t\t\t<\/div>\n\t\t\t\t<div class=\"elementor-element elementor-element-3bd5c95 elementor-widget elementor-widget-video\" data-id=\"3bd5c95\" data-element_type=\"widget\" data-settings=\"{&quot;youtube_url&quot;:&quot;https:\\\/\\\/www.youtube.com\\\/watch?v=SEuzb-6rDec&amp;list=PLgcbJqP0xnzjk0ZXZFG83enHJBWuFAdjq&amp;index=2&amp;ab_channel=R%C3%A9seauAmyloseR%C3%A9seauAmylose&quot;,&quot;video_type&quot;:&quot;youtube&quot;,&quot;controls&quot;:&quot;yes&quot;}\" data-widget_type=\"video.default\">\n\t\t\t\t<div class=\"elementor-widget-container\">\n\t\t\t\t\t\t\t<div class=\"elementor-wrapper elementor-open-inline\">\n\t\t\t<div class=\"elementor-video\"><\/div>\t\t<\/div>\n\t\t\t\t\t\t<\/div>\n\t\t\t\t<\/div>\n\t\t\t\t\t<\/div>\n\t\t<\/div>\n\t\t\t\t<div class=\"elementor-column elementor-col-33 elementor-top-column elementor-element elementor-element-4265c01\" data-id=\"4265c01\" data-element_type=\"column\">\n\t\t\t<div class=\"elementor-widget-wrap\">\n\t\t\t\t\t\t\t<\/div>\n\t\t<\/div>\n\t\t\t\t\t<\/div>\n\t\t<\/section>\n\t\t\t\t<\/div>\n\t\t","protected":false},"excerpt":{"rendered":"<p>Sympt\u00f4mes Les manifestations cardiaques Les manifestations cardiaques sont li\u00e9es aux d\u00e9p\u00f4ts amylo\u00efdes au sein du secteur interstitiel et des tissus nerveux myocardiques. Ces atteintes se traduisent au plan clinique par des sympt\u00f4mes d\u2019insuffisance cardiaque (dyspn\u00e9e\u2026) et des troubles rythmiques fr\u00e9quents \u00e0 l\u2019\u00e9tage auriculaire (flutter et FA) et moins fr\u00e9quent \u00e0 l\u2019\u00e9tat ventriculaire. Chez qui suspecter [&hellip;]<\/p>\n","protected":false},"author":1,"featured_media":0,"parent":115,"menu_order":3,"comment_status":"closed","ping_status":"closed","template":"","meta":{"_monsterinsights_skip_tracking":false,"_monsterinsights_sitenote_active":false,"_monsterinsights_sitenote_note":"","_monsterinsights_sitenote_category":0,"footnotes":""},"categories":[],"tags":[],"class_list":["post-79","page","type-page","status-publish","hentry"],"yoast_head":"<!-- This site is optimized with the Yoast SEO plugin v25.5 - https:\/\/yoast.com\/wordpress\/plugins\/seo\/ -->\n<title>Les sympt\u00f4mes cardiaques des amyloses - R\u00e9seau Amylose<\/title>\n<meta name=\"robots\" content=\"index, follow, max-snippet:-1, max-image-preview:large, max-video-preview:-1\" \/>\n<link rel=\"canonical\" href=\"https:\/\/reseau-amylose.org\/jesuissoignant\/pour-le-cardiologue\/les-symptomes-cardiaques-et-extracardiaques-des-amyloses\/\" \/>\n<meta property=\"og:locale\" content=\"fr_FR\" \/>\n<meta property=\"og:type\" content=\"article\" \/>\n<meta property=\"og:title\" content=\"Les sympt\u00f4mes cardiaques des amyloses - R\u00e9seau Amylose\" \/>\n<meta property=\"og:description\" content=\"Sympt\u00f4mes Les manifestations cardiaques Les manifestations cardiaques sont li\u00e9es aux d\u00e9p\u00f4ts amylo\u00efdes au sein du secteur interstitiel et des tissus nerveux myocardiques. Ces atteintes se traduisent au plan clinique par des sympt\u00f4mes d\u2019insuffisance cardiaque (dyspn\u00e9e\u2026) et des troubles rythmiques fr\u00e9quents \u00e0 l\u2019\u00e9tage auriculaire (flutter et FA) et moins fr\u00e9quent \u00e0 l\u2019\u00e9tat ventriculaire. Chez qui suspecter [&hellip;]\" \/>\n<meta property=\"og:url\" content=\"https:\/\/reseau-amylose.org\/jesuissoignant\/pour-le-cardiologue\/les-symptomes-cardiaques-et-extracardiaques-des-amyloses\/\" \/>\n<meta property=\"og:site_name\" content=\"R\u00e9seau Amylose\" \/>\n<meta property=\"article:modified_time\" content=\"2021-08-25T17:31:38+00:00\" \/>\n<meta name=\"twitter:card\" content=\"summary_large_image\" \/>\n<meta name=\"twitter:label1\" content=\"Dur\u00e9e de lecture estim\u00e9e\" \/>\n\t<meta name=\"twitter:data1\" content=\"1 minute\" \/>\n<script type=\"application\/ld+json\" class=\"yoast-schema-graph\">{\"@context\":\"https:\/\/schema.org\",\"@graph\":[{\"@type\":\"WebPage\",\"@id\":\"https:\/\/reseau-amylose.org\/jesuissoignant\/pour-le-cardiologue\/les-symptomes-cardiaques-et-extracardiaques-des-amyloses\/\",\"url\":\"https:\/\/reseau-amylose.org\/jesuissoignant\/pour-le-cardiologue\/les-symptomes-cardiaques-et-extracardiaques-des-amyloses\/\",\"name\":\"Les sympt\u00f4mes cardiaques des amyloses - R\u00e9seau Amylose\",\"isPartOf\":{\"@id\":\"https:\/\/reseau-amylose.org\/jesuissoignant\/#website\"},\"datePublished\":\"2018-12-05T10:02:16+00:00\",\"dateModified\":\"2021-08-25T17:31:38+00:00\",\"breadcrumb\":{\"@id\":\"https:\/\/reseau-amylose.org\/jesuissoignant\/pour-le-cardiologue\/les-symptomes-cardiaques-et-extracardiaques-des-amyloses\/#breadcrumb\"},\"inLanguage\":\"fr-FR\",\"potentialAction\":[{\"@type\":\"ReadAction\",\"target\":[\"https:\/\/reseau-amylose.org\/jesuissoignant\/pour-le-cardiologue\/les-symptomes-cardiaques-et-extracardiaques-des-amyloses\/\"]}]},{\"@type\":\"BreadcrumbList\",\"@id\":\"https:\/\/reseau-amylose.org\/jesuissoignant\/pour-le-cardiologue\/les-symptomes-cardiaques-et-extracardiaques-des-amyloses\/#breadcrumb\",\"itemListElement\":[{\"@type\":\"ListItem\",\"position\":1,\"name\":\"Accueil\",\"item\":\"https:\/\/reseau-amylose.org\/jesuissoignant\/\"},{\"@type\":\"ListItem\",\"position\":2,\"name\":\"Pour le cardiologue\",\"item\":\"https:\/\/reseau-amylose.org\/jesuissoignant\/pour-le-cardiologue\/\"},{\"@type\":\"ListItem\",\"position\":3,\"name\":\"Les sympt\u00f4mes cardiaques des amyloses\"}]},{\"@type\":\"WebSite\",\"@id\":\"https:\/\/reseau-amylose.org\/jesuissoignant\/#website\",\"url\":\"https:\/\/reseau-amylose.org\/jesuissoignant\/\",\"name\":\"R\u00e9seau Amylose\",\"description\":\"Centre de r\u00e9f\u00e9rence des amyloses cardiaques espace soignant\",\"potentialAction\":[{\"@type\":\"SearchAction\",\"target\":{\"@type\":\"EntryPoint\",\"urlTemplate\":\"https:\/\/reseau-amylose.org\/jesuissoignant\/?s={search_term_string}\"},\"query-input\":{\"@type\":\"PropertyValueSpecification\",\"valueRequired\":true,\"valueName\":\"search_term_string\"}}],\"inLanguage\":\"fr-FR\"}]}<\/script>\n<!-- \/ Yoast SEO plugin. -->","yoast_head_json":{"title":"Les sympt\u00f4mes cardiaques des amyloses - R\u00e9seau Amylose","robots":{"index":"index","follow":"follow","max-snippet":"max-snippet:-1","max-image-preview":"max-image-preview:large","max-video-preview":"max-video-preview:-1"},"canonical":"https:\/\/reseau-amylose.org\/jesuissoignant\/pour-le-cardiologue\/les-symptomes-cardiaques-et-extracardiaques-des-amyloses\/","og_locale":"fr_FR","og_type":"article","og_title":"Les sympt\u00f4mes cardiaques des amyloses - R\u00e9seau Amylose","og_description":"Sympt\u00f4mes Les manifestations cardiaques Les manifestations cardiaques sont li\u00e9es aux d\u00e9p\u00f4ts amylo\u00efdes au sein du secteur interstitiel et des tissus nerveux myocardiques. Ces atteintes se traduisent au plan clinique par des sympt\u00f4mes d\u2019insuffisance cardiaque (dyspn\u00e9e\u2026) et des troubles rythmiques fr\u00e9quents \u00e0 l\u2019\u00e9tage auriculaire (flutter et FA) et moins fr\u00e9quent \u00e0 l\u2019\u00e9tat ventriculaire. Chez qui suspecter [&hellip;]","og_url":"https:\/\/reseau-amylose.org\/jesuissoignant\/pour-le-cardiologue\/les-symptomes-cardiaques-et-extracardiaques-des-amyloses\/","og_site_name":"R\u00e9seau Amylose","article_modified_time":"2021-08-25T17:31:38+00:00","twitter_card":"summary_large_image","twitter_misc":{"Dur\u00e9e de lecture estim\u00e9e":"1 minute"},"schema":{"@context":"https:\/\/schema.org","@graph":[{"@type":"WebPage","@id":"https:\/\/reseau-amylose.org\/jesuissoignant\/pour-le-cardiologue\/les-symptomes-cardiaques-et-extracardiaques-des-amyloses\/","url":"https:\/\/reseau-amylose.org\/jesuissoignant\/pour-le-cardiologue\/les-symptomes-cardiaques-et-extracardiaques-des-amyloses\/","name":"Les sympt\u00f4mes cardiaques des amyloses - R\u00e9seau Amylose","isPartOf":{"@id":"https:\/\/reseau-amylose.org\/jesuissoignant\/#website"},"datePublished":"2018-12-05T10:02:16+00:00","dateModified":"2021-08-25T17:31:38+00:00","breadcrumb":{"@id":"https:\/\/reseau-amylose.org\/jesuissoignant\/pour-le-cardiologue\/les-symptomes-cardiaques-et-extracardiaques-des-amyloses\/#breadcrumb"},"inLanguage":"fr-FR","potentialAction":[{"@type":"ReadAction","target":["https:\/\/reseau-amylose.org\/jesuissoignant\/pour-le-cardiologue\/les-symptomes-cardiaques-et-extracardiaques-des-amyloses\/"]}]},{"@type":"BreadcrumbList","@id":"https:\/\/reseau-amylose.org\/jesuissoignant\/pour-le-cardiologue\/les-symptomes-cardiaques-et-extracardiaques-des-amyloses\/#breadcrumb","itemListElement":[{"@type":"ListItem","position":1,"name":"Accueil","item":"https:\/\/reseau-amylose.org\/jesuissoignant\/"},{"@type":"ListItem","position":2,"name":"Pour le cardiologue","item":"https:\/\/reseau-amylose.org\/jesuissoignant\/pour-le-cardiologue\/"},{"@type":"ListItem","position":3,"name":"Les sympt\u00f4mes cardiaques des amyloses"}]},{"@type":"WebSite","@id":"https:\/\/reseau-amylose.org\/jesuissoignant\/#website","url":"https:\/\/reseau-amylose.org\/jesuissoignant\/","name":"R\u00e9seau Amylose","description":"Centre de r\u00e9f\u00e9rence des amyloses cardiaques espace soignant","potentialAction":[{"@type":"SearchAction","target":{"@type":"EntryPoint","urlTemplate":"https:\/\/reseau-amylose.org\/jesuissoignant\/?s={search_term_string}"},"query-input":{"@type":"PropertyValueSpecification","valueRequired":true,"valueName":"search_term_string"}}],"inLanguage":"fr-FR"}]}},"_links":{"self":[{"href":"https:\/\/reseau-amylose.org\/jesuissoignant\/wp-json\/wp\/v2\/pages\/79","targetHints":{"allow":["GET"]}}],"collection":[{"href":"https:\/\/reseau-amylose.org\/jesuissoignant\/wp-json\/wp\/v2\/pages"}],"about":[{"href":"https:\/\/reseau-amylose.org\/jesuissoignant\/wp-json\/wp\/v2\/types\/page"}],"author":[{"embeddable":true,"href":"https:\/\/reseau-amylose.org\/jesuissoignant\/wp-json\/wp\/v2\/users\/1"}],"replies":[{"embeddable":true,"href":"https:\/\/reseau-amylose.org\/jesuissoignant\/wp-json\/wp\/v2\/comments?post=79"}],"version-history":[{"count":11,"href":"https:\/\/reseau-amylose.org\/jesuissoignant\/wp-json\/wp\/v2\/pages\/79\/revisions"}],"predecessor-version":[{"id":4214,"href":"https:\/\/reseau-amylose.org\/jesuissoignant\/wp-json\/wp\/v2\/pages\/79\/revisions\/4214"}],"up":[{"embeddable":true,"href":"https:\/\/reseau-amylose.org\/jesuissoignant\/wp-json\/wp\/v2\/pages\/115"}],"wp:attachment":[{"href":"https:\/\/reseau-amylose.org\/jesuissoignant\/wp-json\/wp\/v2\/media?parent=79"}],"wp:term":[{"taxonomy":"category","embeddable":true,"href":"https:\/\/reseau-amylose.org\/jesuissoignant\/wp-json\/wp\/v2\/categories?post=79"},{"taxonomy":"post_tag","embeddable":true,"href":"https:\/\/reseau-amylose.org\/jesuissoignant\/wp-json\/wp\/v2\/tags?post=79"}],"curies":[{"name":"wp","href":"https:\/\/api.w.org\/{rel}","templated":true}]}}