{"id":6978,"date":"2024-11-19T12:20:58","date_gmt":"2024-11-19T11:20:58","guid":{"rendered":"https:\/\/reseau-amylose.org\/jesuissoignant\/?page_id=6978"},"modified":"2025-11-07T10:27:26","modified_gmt":"2025-11-07T09:27:26","slug":"amylo-affect-calcul-du-score","status":"publish","type":"page","link":"https:\/\/reseau-amylose.org\/jesuissoignant\/amylo-affect-calcul-du-score\/","title":{"rendered":"Amylo Affect Calcul du score"},"content":{"rendered":"\t\t<div data-elementor-type=\"wp-page\" data-elementor-id=\"6978\" class=\"elementor elementor-6978\" data-elementor-post-type=\"page\">\n\t\t\t\t\t\t<section class=\"elementor-section elementor-top-section elementor-element elementor-element-00b4828 elementor-section-boxed elementor-section-height-default elementor-section-height-default\" data-id=\"00b4828\" data-element_type=\"section\" data-settings=\"{&quot;background_background&quot;:&quot;classic&quot;}\">\n\t\t\t\t\t\t<div class=\"elementor-container elementor-column-gap-default\">\n\t\t\t\t\t<div class=\"elementor-column elementor-col-100 elementor-top-column elementor-element elementor-element-f9261af\" data-id=\"f9261af\" data-element_type=\"column\">\n\t\t\t<div class=\"elementor-widget-wrap elementor-element-populated\">\n\t\t\t\t\t\t<div class=\"elementor-element elementor-element-48e70a1 elementor-widget elementor-widget-heading\" data-id=\"48e70a1\" data-element_type=\"widget\" data-widget_type=\"heading.default\">\n\t\t\t\t<div class=\"elementor-widget-container\">\n\t\t\t\t\t<h2 class=\"elementor-heading-title elementor-size-default\">Ajoutez votre titre ici<\/h2>\t\t\t\t<\/div>\n\t\t\t\t<\/div>\n\t\t\t\t<div class=\"elementor-element elementor-element-7acdf96 elementor-widget elementor-widget-heading\" data-id=\"7acdf96\" data-element_type=\"widget\" data-widget_type=\"heading.default\">\n\t\t\t\t<div class=\"elementor-widget-container\">\n\t\t\t\t\t<h1 class=\"elementor-heading-title elementor-size-default\">Amylo Affect Calcul du score<\/h1>\t\t\t\t<\/div>\n\t\t\t\t<\/div>\n\t\t\t\t<div class=\"elementor-element elementor-element-a6a3dc8 elementor-widget elementor-widget-heading\" data-id=\"a6a3dc8\" data-element_type=\"widget\" data-widget_type=\"heading.default\">\n\t\t\t\t<div class=\"elementor-widget-container\">\n\t\t\t\t\t<h2 class=\"elementor-heading-title elementor-size-default\">Questionnaire Qualit\u00e9 de vie Amylose<\/h2>\t\t\t\t<\/div>\n\t\t\t\t<\/div>\n\t\t\t\t\t<\/div>\n\t\t<\/div>\n\t\t\t\t\t<\/div>\n\t\t<\/section>\n\t\t\t\t<section class=\"elementor-section elementor-top-section elementor-element elementor-element-b30cc13 elementor-section-boxed elementor-section-height-default elementor-section-height-default\" data-id=\"b30cc13\" data-element_type=\"section\">\n\t\t\t\t\t\t<div class=\"elementor-container elementor-column-gap-default\">\n\t\t\t\t\t<div class=\"elementor-column elementor-col-100 elementor-top-column elementor-element elementor-element-5ff49cf\" data-id=\"5ff49cf\" data-element_type=\"column\">\n\t\t\t<div class=\"elementor-widget-wrap elementor-element-populated\">\n\t\t\t\t\t\t<div class=\"elementor-element elementor-element-2999d96 elementor-widget elementor-widget-text-editor\" data-id=\"2999d96\" data-element_type=\"widget\" data-widget_type=\"text-editor.default\">\n\t\t\t\t<div class=\"elementor-widget-container\">\n\t\t\t\t\t\t\t\t\t<p>L\u2019objectif de ce questionnaire est d\u2019\u00e9valuer l\u2019impact des sympt\u00f4mes de l\u2019amylose sur la qualit\u00e9 de vie du patient. C\u2019est une aide pour \u00e9valuer l\u2019ensemble des atteintes multi-organes des patients et de leurs retentissements sur leur qualit\u00e9 de vie. Nous vous conseillons d\u2019adresser nos questionnaires en amont de vos consultations ou hospitalisations et de demander au patient de vous le rapporter rempli. Ainsi, en quelques secondes, vous avez une \u00e9valuation compl\u00e8te des sympt\u00f4mes de votre patient. Amylo-Affect a \u00e9t\u00e9 valid\u00e9 dans une publication internationale<\/p>\t\t\t\t\t\t\t\t<\/div>\n\t\t\t\t<\/div>\n\t\t\t\t\t<\/div>\n\t\t<\/div>\n\t\t\t\t\t<\/div>\n\t\t<\/section>\n\t\t\t\t<section class=\"elementor-section elementor-top-section elementor-element elementor-element-aefef58 elementor-section-boxed elementor-section-height-default elementor-section-height-default\" data-id=\"aefef58\" data-element_type=\"section\">\n\t\t\t\t\t\t<div class=\"elementor-container elementor-column-gap-default\">\n\t\t\t\t\t<div class=\"elementor-column elementor-col-100 elementor-top-column elementor-element elementor-element-faa9451\" data-id=\"faa9451\" data-element_type=\"column\">\n\t\t\t<div class=\"elementor-widget-wrap elementor-element-populated\">\n\t\t\t\t\t\t<div class=\"elementor-element elementor-element-dcdfba0 elementor-widget elementor-widget-text-editor\" data-id=\"dcdfba0\" data-element_type=\"widget\" data-widget_type=\"text-editor.default\">\n\t\t\t\t<div class=\"elementor-widget-container\">\n\t\t\t\t\t\t\t\t\t<p>Pour calculer le score du questionnaire, vous pouvez compl\u00e9ter le tableau suivant :\u00a0<\/p>\t\t\t\t\t\t\t\t<\/div>\n\t\t\t\t<\/div>\n\t\t\t\t\t<\/div>\n\t\t<\/div>\n\t\t\t\t\t<\/div>\n\t\t<\/section>\n\t\t\t\t<section class=\"elementor-section elementor-top-section elementor-element elementor-element-83947c6 elementor-section-boxed elementor-section-height-default elementor-section-height-default\" data-id=\"83947c6\" data-element_type=\"section\">\n\t\t\t\t\t\t<div class=\"elementor-container elementor-column-gap-default\">\n\t\t\t\t\t<div class=\"elementor-column elementor-col-100 elementor-top-column elementor-element elementor-element-4d40c2b\" data-id=\"4d40c2b\" data-element_type=\"column\">\n\t\t\t<div class=\"elementor-widget-wrap elementor-element-populated\">\n\t\t\t\t\t\t<div class=\"elementor-element elementor-element-b086492 elementor-widget elementor-widget-text-editor\" data-id=\"b086492\" data-element_type=\"widget\" data-widget_type=\"text-editor.default\">\n\t\t\t\t<div class=\"elementor-widget-container\">\n\t\t\t\t\t\t\t\t\t<h2 style=\"text-align: center;\"><span style=\"color: #ff0000;\">En cours de validation<\/span><\/h2>\t\t\t\t\t\t\t\t<\/div>\n\t\t\t\t<\/div>\n\t\t\t\t\t<\/div>\n\t\t<\/div>\n\t\t\t\t\t<\/div>\n\t\t<\/section>\n\t\t\t\t<section class=\"elementor-section elementor-top-section elementor-element elementor-element-8525095 elementor-section-boxed elementor-section-height-default elementor-section-height-default\" data-id=\"8525095\" data-element_type=\"section\">\n\t\t\t\t\t\t<div class=\"elementor-container elementor-column-gap-default\">\n\t\t\t\t\t<div class=\"elementor-column elementor-col-100 elementor-top-column elementor-element elementor-element-bfadab4\" data-id=\"bfadab4\" data-element_type=\"column\">\n\t\t\t<div class=\"elementor-widget-wrap elementor-element-populated\">\n\t\t\t\t\t\t<div class=\"elementor-element elementor-element-9200f98 elementor-widget elementor-widget-html\" data-id=\"9200f98\" data-element_type=\"widget\" data-widget_type=\"html.default\">\n\t\t\t\t<div class=\"elementor-widget-container\">\n\t\t\t\t\t<!DOCTYPE html>\n<html lang=\"fr\">\n<head>\n    <meta charset=\"UTF-8\">\n    <meta name=\"viewport\" content=\"width=device-width, initial-scale=1.0\">\n    <title>Amylo Affect Calcul du score<\/title>\n    <style>\n        table {\n            width: 100%;\n            border-collapse: collapse;\n        }\n        td {\n            padding: 8px;\n            border: 1px solid #ddd;\n        }\n        input[type=\"number\"] {\n            font-size: 1.5rem;\n            width: 120px;\n        }\n        h3 {\n            font-size: 1.5rem;\n        }\n        @media (max-width: 600px) {\n            td {\n                display: block;\n                width: 90%;\n                box-sizing: border-box;\n            }\n            td label {\n                display: inline-block;\n                margin-bottom: 5px;\n            }\n        }\n    <\/style>\n    <script>\n        function calculer() {\n            \/\/ R\u00e9cup\u00e9rer les valeurs des champs\n            const H5 = parseFloat(atob('LTIuNjAzMTM=')) || 0;\n            const C8 = parseFloat(document.getElementById('C8').value) || 0;\n            const H8 = parseFloat(atob('MC4xNTQ2NzY='));\n            const C9 = parseFloat(document.getElementById('C9').value) || 0;\n            const H9 = parseFloat(atob('MC4wMzAxMzU='));\n            const C10 = parseFloat(document.getElementById('C10').value) || 0;\n            const H10 = parseFloat(atob('LTAuMDU2MTk1'));\n            const C11 = parseFloat(document.getElementById('C11').value) || 0;\n            const H11 = -0.020035;\n            const C12 = parseFloat(document.getElementById('C12').value) || 0;\n            const H12 = 0.131401;\n            \/\/ Calculer le r\u00e9sultat\n            const resultat = H5 + (C8 * H8) + (C9 * H9) + (C10 * H10) + (C11 * H11) + (C12 * H12);\n            \/\/ Calculer le pourcentage de risque\n            const pourcentageRisque = Math.exp(resultat) \/ (1 + Math.exp(resultat));\n            \/\/ Afficher le r\u00e9sultat avec 6 chiffres apr\u00e8s la virgule\n            document.getElementById('resultat').innerText = 'Score total : ' + resultat.toFixed(6);\n            document.getElementById('pourcentageRisque').innerText = 'Risque de d\u00e9c\u00e8s ou de transplantation cardiaque \u00e0 1 an : ' + (pourcentageRisque * 100).toFixed(1) + '%';\n        }\n    <\/script>\n<\/head>\n<body>\n    <h2 style=\"text-align: center;\">Amylo Affect Calcul du score<\/h2>\n    <table>\n        <tr>\n            <td><h3>Score Insuffisance Cardiaque :<\/h3><\/td>\n            <td><input type=\"number\" id=\"C8\" step=\"any\"><\/td>\n        <\/tr>\n        <tr>\n            <td><h3>Score Dysautonomie vasculaire:<\/h3><\/td>\n            <td><input type=\"number\" id=\"C9\" step=\"any\"><\/td>\n        <\/tr>\n        <tr>\n            <td><h3>Score Neuropathie:<\/h3><\/td>\n            <td><input type=\"number\" id=\"C10\" step=\"any\"><\/td>\n        <\/tr>\n        <tr>\n            <td><h3>Score Dysautonomie Gastrointestinale et Urinaire:<\/h3><\/td>\n            <td><input type=\"number\" id=\"C11\" step=\"any\"><\/td>\n        <\/tr>\n        <tr>\n            <td><h3>Score Atteintes cutan\u00e9es et muqueuses:<\/h3><\/td>\n            <td><input type=\"number\" id=\"C12\" step=\"any\"><\/td>\n        <\/tr>\n    <\/table>\n    <button onclick=\"calculer()\" style=\"font-size: 1.5rem;\">Calculer<\/button>\n    <div style=\"background-color: rgb(21, 102, 201); color: white; font-size: 1.5rem; display: flex; flex-direction: column; justify-content: center; align-items: center;\">\n        <p id=\"resultat\"><\/p>\n        <p id=\"pourcentageRisque\"><\/p>\n    <\/div>\n<\/body>\n<\/html>\t\t\t\t<\/div>\n\t\t\t\t<\/div>\n\t\t\t\t\t<\/div>\n\t\t<\/div>\n\t\t\t\t\t<\/div>\n\t\t<\/section>\n\t\t\t\t<\/div>\n\t\t","protected":false},"excerpt":{"rendered":"<p>Ajoutez votre titre ici Amylo Affect Calcul du score Questionnaire Qualit\u00e9 de vie Amylose L\u2019objectif de ce questionnaire est d\u2019\u00e9valuer l\u2019impact des sympt\u00f4mes de l\u2019amylose sur la qualit\u00e9 de vie du patient. C\u2019est une aide pour \u00e9valuer l\u2019ensemble des atteintes multi-organes des patients et de leurs retentissements sur leur qualit\u00e9 de vie. Nous vous conseillons [&hellip;]<\/p>\n","protected":false},"author":2,"featured_media":0,"parent":0,"menu_order":0,"comment_status":"closed","ping_status":"closed","template":"","meta":{"_monsterinsights_skip_tracking":false,"_monsterinsights_sitenote_active":false,"_monsterinsights_sitenote_note":"","_monsterinsights_sitenote_category":0,"footnotes":""},"categories":[],"tags":[],"class_list":["post-6978","page","type-page","status-publish","hentry"],"yoast_head":"<!-- This site is optimized with the Yoast SEO plugin v25.5 - https:\/\/yoast.com\/wordpress\/plugins\/seo\/ -->\n<title>Amylo Affect Calcul du score - R\u00e9seau Amylose<\/title>\n<meta name=\"description\" content=\"Calculez le score du questionnaire qualit\u00e9 de vie amylose, impact des symptomes- Amylo Affect Calcul du score\" \/>\n<meta name=\"robots\" content=\"index, follow, max-snippet:-1, max-image-preview:large, max-video-preview:-1\" \/>\n<link rel=\"canonical\" href=\"https:\/\/reseau-amylose.org\/jesuissoignant\/amylo-affect-calcul-du-score\/\" \/>\n<meta property=\"og:locale\" content=\"fr_FR\" \/>\n<meta property=\"og:type\" content=\"article\" \/>\n<meta property=\"og:title\" content=\"Amylo Affect Calcul du score - R\u00e9seau Amylose\" \/>\n<meta property=\"og:description\" content=\"Calculez le score du questionnaire qualit\u00e9 de vie amylose, impact des symptomes- Amylo Affect Calcul du score\" \/>\n<meta property=\"og:url\" content=\"https:\/\/reseau-amylose.org\/jesuissoignant\/amylo-affect-calcul-du-score\/\" \/>\n<meta property=\"og:site_name\" content=\"R\u00e9seau Amylose\" \/>\n<meta property=\"article:modified_time\" content=\"2025-11-07T09:27:26+00:00\" \/>\n<meta name=\"twitter:card\" content=\"summary_large_image\" \/>\n<meta name=\"twitter:label1\" content=\"Dur\u00e9e de lecture estim\u00e9e\" \/>\n\t<meta name=\"twitter:data1\" content=\"1 minute\" \/>\n<script type=\"application\/ld+json\" class=\"yoast-schema-graph\">{\"@context\":\"https:\/\/schema.org\",\"@graph\":[{\"@type\":\"WebPage\",\"@id\":\"https:\/\/reseau-amylose.org\/jesuissoignant\/amylo-affect-calcul-du-score\/\",\"url\":\"https:\/\/reseau-amylose.org\/jesuissoignant\/amylo-affect-calcul-du-score\/\",\"name\":\"Amylo Affect Calcul du score - R\u00e9seau Amylose\",\"isPartOf\":{\"@id\":\"https:\/\/reseau-amylose.org\/jesuissoignant\/#website\"},\"datePublished\":\"2024-11-19T11:20:58+00:00\",\"dateModified\":\"2025-11-07T09:27:26+00:00\",\"description\":\"Calculez le score du questionnaire qualit\u00e9 de vie amylose, impact des symptomes- Amylo Affect Calcul du score\",\"breadcrumb\":{\"@id\":\"https:\/\/reseau-amylose.org\/jesuissoignant\/amylo-affect-calcul-du-score\/#breadcrumb\"},\"inLanguage\":\"fr-FR\",\"potentialAction\":[{\"@type\":\"ReadAction\",\"target\":[\"https:\/\/reseau-amylose.org\/jesuissoignant\/amylo-affect-calcul-du-score\/\"]}]},{\"@type\":\"BreadcrumbList\",\"@id\":\"https:\/\/reseau-amylose.org\/jesuissoignant\/amylo-affect-calcul-du-score\/#breadcrumb\",\"itemListElement\":[{\"@type\":\"ListItem\",\"position\":1,\"name\":\"Accueil\",\"item\":\"https:\/\/reseau-amylose.org\/jesuissoignant\/\"},{\"@type\":\"ListItem\",\"position\":2,\"name\":\"Amylo Affect Calcul du score\"}]},{\"@type\":\"WebSite\",\"@id\":\"https:\/\/reseau-amylose.org\/jesuissoignant\/#website\",\"url\":\"https:\/\/reseau-amylose.org\/jesuissoignant\/\",\"name\":\"R\u00e9seau Amylose\",\"description\":\"Centre de r\u00e9f\u00e9rence des amyloses cardiaques espace soignant\",\"potentialAction\":[{\"@type\":\"SearchAction\",\"target\":{\"@type\":\"EntryPoint\",\"urlTemplate\":\"https:\/\/reseau-amylose.org\/jesuissoignant\/?s={search_term_string}\"},\"query-input\":{\"@type\":\"PropertyValueSpecification\",\"valueRequired\":true,\"valueName\":\"search_term_string\"}}],\"inLanguage\":\"fr-FR\"}]}<\/script>\n<!-- \/ Yoast SEO plugin. -->","yoast_head_json":{"title":"Amylo Affect Calcul du score - R\u00e9seau Amylose","description":"Calculez le score du questionnaire qualit\u00e9 de vie amylose, impact des symptomes- Amylo Affect Calcul du score","robots":{"index":"index","follow":"follow","max-snippet":"max-snippet:-1","max-image-preview":"max-image-preview:large","max-video-preview":"max-video-preview:-1"},"canonical":"https:\/\/reseau-amylose.org\/jesuissoignant\/amylo-affect-calcul-du-score\/","og_locale":"fr_FR","og_type":"article","og_title":"Amylo Affect Calcul du score - R\u00e9seau Amylose","og_description":"Calculez le score du questionnaire qualit\u00e9 de vie amylose, impact des symptomes- Amylo Affect Calcul du score","og_url":"https:\/\/reseau-amylose.org\/jesuissoignant\/amylo-affect-calcul-du-score\/","og_site_name":"R\u00e9seau Amylose","article_modified_time":"2025-11-07T09:27:26+00:00","twitter_card":"summary_large_image","twitter_misc":{"Dur\u00e9e de lecture estim\u00e9e":"1 minute"},"schema":{"@context":"https:\/\/schema.org","@graph":[{"@type":"WebPage","@id":"https:\/\/reseau-amylose.org\/jesuissoignant\/amylo-affect-calcul-du-score\/","url":"https:\/\/reseau-amylose.org\/jesuissoignant\/amylo-affect-calcul-du-score\/","name":"Amylo Affect Calcul du score - R\u00e9seau Amylose","isPartOf":{"@id":"https:\/\/reseau-amylose.org\/jesuissoignant\/#website"},"datePublished":"2024-11-19T11:20:58+00:00","dateModified":"2025-11-07T09:27:26+00:00","description":"Calculez le score du questionnaire qualit\u00e9 de vie amylose, impact des symptomes- Amylo Affect Calcul du score","breadcrumb":{"@id":"https:\/\/reseau-amylose.org\/jesuissoignant\/amylo-affect-calcul-du-score\/#breadcrumb"},"inLanguage":"fr-FR","potentialAction":[{"@type":"ReadAction","target":["https:\/\/reseau-amylose.org\/jesuissoignant\/amylo-affect-calcul-du-score\/"]}]},{"@type":"BreadcrumbList","@id":"https:\/\/reseau-amylose.org\/jesuissoignant\/amylo-affect-calcul-du-score\/#breadcrumb","itemListElement":[{"@type":"ListItem","position":1,"name":"Accueil","item":"https:\/\/reseau-amylose.org\/jesuissoignant\/"},{"@type":"ListItem","position":2,"name":"Amylo Affect Calcul du score"}]},{"@type":"WebSite","@id":"https:\/\/reseau-amylose.org\/jesuissoignant\/#website","url":"https:\/\/reseau-amylose.org\/jesuissoignant\/","name":"R\u00e9seau Amylose","description":"Centre de r\u00e9f\u00e9rence des amyloses cardiaques espace soignant","potentialAction":[{"@type":"SearchAction","target":{"@type":"EntryPoint","urlTemplate":"https:\/\/reseau-amylose.org\/jesuissoignant\/?s={search_term_string}"},"query-input":{"@type":"PropertyValueSpecification","valueRequired":true,"valueName":"search_term_string"}}],"inLanguage":"fr-FR"}]}},"_links":{"self":[{"href":"https:\/\/reseau-amylose.org\/jesuissoignant\/wp-json\/wp\/v2\/pages\/6978","targetHints":{"allow":["GET"]}}],"collection":[{"href":"https:\/\/reseau-amylose.org\/jesuissoignant\/wp-json\/wp\/v2\/pages"}],"about":[{"href":"https:\/\/reseau-amylose.org\/jesuissoignant\/wp-json\/wp\/v2\/types\/page"}],"author":[{"embeddable":true,"href":"https:\/\/reseau-amylose.org\/jesuissoignant\/wp-json\/wp\/v2\/users\/2"}],"replies":[{"embeddable":true,"href":"https:\/\/reseau-amylose.org\/jesuissoignant\/wp-json\/wp\/v2\/comments?post=6978"}],"version-history":[{"count":43,"href":"https:\/\/reseau-amylose.org\/jesuissoignant\/wp-json\/wp\/v2\/pages\/6978\/revisions"}],"predecessor-version":[{"id":7328,"href":"https:\/\/reseau-amylose.org\/jesuissoignant\/wp-json\/wp\/v2\/pages\/6978\/revisions\/7328"}],"wp:attachment":[{"href":"https:\/\/reseau-amylose.org\/jesuissoignant\/wp-json\/wp\/v2\/media?parent=6978"}],"wp:term":[{"taxonomy":"category","embeddable":true,"href":"https:\/\/reseau-amylose.org\/jesuissoignant\/wp-json\/wp\/v2\/categories?post=6978"},{"taxonomy":"post_tag","embeddable":true,"href":"https:\/\/reseau-amylose.org\/jesuissoignant\/wp-json\/wp\/v2\/tags?post=6978"}],"curies":[{"name":"wp","href":"https:\/\/api.w.org\/{rel}","templated":true}]}}