{"id":5602,"date":"2022-07-22T10:24:23","date_gmt":"2022-07-22T08:24:23","guid":{"rendered":"https:\/\/reseau-amylose.org\/jesuissoignant\/?page_id=5602"},"modified":"2024-09-19T11:44:16","modified_gmt":"2024-09-19T09:44:16","slug":"pnds-amyloses-cardiaques","status":"publish","type":"page","link":"https:\/\/reseau-amylose.org\/jesuissoignant\/pnds-amyloses-cardiaques\/","title":{"rendered":"PNDS Amyloses Cardiaques"},"content":{"rendered":"\t\t<div data-elementor-type=\"wp-page\" data-elementor-id=\"5602\" class=\"elementor elementor-5602\" data-elementor-post-type=\"page\">\n\t\t\t\t\t\t<section class=\"elementor-section elementor-top-section elementor-element elementor-element-ea3ce19 elementor-section-boxed elementor-section-height-default elementor-section-height-default\" data-id=\"ea3ce19\" data-element_type=\"section\" data-settings=\"{&quot;background_background&quot;:&quot;classic&quot;}\">\n\t\t\t\t\t\t<div class=\"elementor-container elementor-column-gap-default\">\n\t\t\t\t\t<div class=\"elementor-column elementor-col-100 elementor-top-column elementor-element elementor-element-b7cca39\" data-id=\"b7cca39\" data-element_type=\"column\">\n\t\t\t<div class=\"elementor-widget-wrap elementor-element-populated\">\n\t\t\t\t\t\t<div class=\"elementor-element elementor-element-73c05d2 elementor-widget elementor-widget-heading\" data-id=\"73c05d2\" data-element_type=\"widget\" data-widget_type=\"heading.default\">\n\t\t\t\t<div class=\"elementor-widget-container\">\n\t\t\t\t\t<h1 class=\"elementor-heading-title elementor-size-default\">PNDS Amyloses Cardiaques<\/h1>\t\t\t\t<\/div>\n\t\t\t\t<\/div>\n\t\t\t\t<div class=\"elementor-element elementor-element-641e2326 elementor-widget-divider--view-line elementor-widget elementor-widget-divider\" data-id=\"641e2326\" data-element_type=\"widget\" data-widget_type=\"divider.default\">\n\t\t\t\t<div class=\"elementor-widget-container\">\n\t\t\t\t\t\t\t<div class=\"elementor-divider\">\n\t\t\t<span class=\"elementor-divider-separator\">\n\t\t\t\t\t\t<\/span>\n\t\t<\/div>\n\t\t\t\t\t\t<\/div>\n\t\t\t\t<\/div>\n\t\t\t\t<div class=\"elementor-element elementor-element-5af0e125 elementor-widget elementor-widget-heading\" data-id=\"5af0e125\" data-element_type=\"widget\" data-widget_type=\"heading.default\">\n\t\t\t\t<div class=\"elementor-widget-container\">\n\t\t\t\t\t<h4 class=\"elementor-heading-title elementor-size-default\">Protocole National de Diagnostic et de Soins des Amyloses Cardiaques<\/h4>\t\t\t\t<\/div>\n\t\t\t\t<\/div>\n\t\t\t\t\t<\/div>\n\t\t<\/div>\n\t\t\t\t\t<\/div>\n\t\t<\/section>\n\t\t\t\t<section class=\"elementor-section elementor-top-section elementor-element elementor-element-4af0062 elementor-section-boxed elementor-section-height-default elementor-section-height-default\" data-id=\"4af0062\" data-element_type=\"section\">\n\t\t\t\t\t\t<div class=\"elementor-container elementor-column-gap-default\">\n\t\t\t\t\t<div class=\"elementor-column elementor-col-100 elementor-top-column elementor-element elementor-element-8dcf2f3\" data-id=\"8dcf2f3\" data-element_type=\"column\">\n\t\t\t<div class=\"elementor-widget-wrap elementor-element-populated\">\n\t\t\t\t\t\t<div class=\"elementor-element elementor-element-ae0e722 elementor-widget elementor-widget-text-editor\" data-id=\"ae0e722\" data-element_type=\"widget\" data-widget_type=\"text-editor.default\">\n\t\t\t\t<div class=\"elementor-widget-container\">\n\t\t\t\t\t\t\t\t\t<h6><span style=\"color: #000000\">Ce protocole national de diagnostic et de soins (PNDS) explicite aux professionnels concern\u00e9s la prise en charge diagnostique et th\u00e9rapeutique optimale et le parcours de soins d\u2019un patient atteint d\u2019une amylose cardiaque. Il a \u00e9t\u00e9 \u00e9labor\u00e9 par le Centre de R\u00e9f\u00e9rence Amyloses Cardiaques (CRAC) \u00e0 l\u2019aide d\u2019une m\u00e9thodologie propos\u00e9e par la HAS. Il n\u2019a pas fait l\u2019objet d\u2019une validation par la HAS qui n\u2019a pas particip\u00e9 \u00e0 son \u00e9laboration.<\/span><\/h6><h6>\u00a0<\/h6><h6><span style=\"color: #000000\">Une synth\u00e8se de ce PNDS est disponible pour le m\u00e9decin g\u00e9n\u00e9raliste. <a href=\"https:\/\/www.has-sante.fr\/upload\/docs\/application\/pdf\/2021-12\/synthese_mg_amylose_cardiaque.pdf\" target=\"_blank\" rel=\"noopener\">Cliquez ICI<\/a><\/span><\/h6>\t\t\t\t\t\t\t\t<\/div>\n\t\t\t\t<\/div>\n\t\t\t\t\t<\/div>\n\t\t<\/div>\n\t\t\t\t\t<\/div>\n\t\t<\/section>\n\t\t\t\t<section class=\"elementor-section elementor-top-section elementor-element elementor-element-fe36060 elementor-section-boxed elementor-section-height-default elementor-section-height-default\" data-id=\"fe36060\" data-element_type=\"section\">\n\t\t\t\t\t\t<div class=\"elementor-container elementor-column-gap-default\">\n\t\t\t\t\t<div class=\"elementor-column elementor-col-16 elementor-top-column elementor-element elementor-element-33153d7\" data-id=\"33153d7\" data-element_type=\"column\">\n\t\t\t<div class=\"elementor-widget-wrap\">\n\t\t\t\t\t\t\t<\/div>\n\t\t<\/div>\n\t\t\t\t<div class=\"elementor-column elementor-col-66 elementor-top-column elementor-element elementor-element-45069bf\" data-id=\"45069bf\" data-element_type=\"column\">\n\t\t\t<div class=\"elementor-widget-wrap elementor-element-populated\">\n\t\t\t\t\t\t<div class=\"elementor-element elementor-element-78380cb elementor-cta--skin-cover elementor-animated-content elementor-bg-transform elementor-bg-transform-zoom-in elementor-widget elementor-widget-call-to-action\" data-id=\"78380cb\" data-element_type=\"widget\" data-widget_type=\"call-to-action.default\">\n\t\t\t\t<div class=\"elementor-widget-container\">\n\t\t\t\t\t\t\t<a class=\"elementor-cta\" href=\"https:\/\/www.has-sante.fr\/jcms\/p_3306904\/fr\/amylose-cardiaque\" target=\"_blank\">\n\t\t\t\t\t<div class=\"elementor-cta__bg-wrapper\">\n\t\t\t\t<div class=\"elementor-cta__bg elementor-bg\" style=\"background-image: url(https:\/\/reseau-amylose.org\/jesuissoignant\/wp-content\/uploads\/sites\/5\/2022\/07\/Haute_Autorite_de_Sante_Logo.svg_-1024x386.png);\" role=\"img\" aria-label=\"Haute_Autorite_de_Sante_Logo.svg\"><\/div>\n\t\t\t\t<div class=\"elementor-cta__bg-overlay\"><\/div>\n\t\t\t<\/div>\n\t\t\t\t\t\t\t<div class=\"elementor-cta__content\">\n\t\t\t\t\n\t\t\t\t\t\t\t\t\t<h2 class=\"elementor-cta__title elementor-cta__content-item elementor-content-item elementor-animated-item--grow\">\n\t\t\t\t\t\tPNDS Amyloses Cardiaques\t\t\t\t\t<\/h2>\n\t\t\t\t\n\t\t\t\t\n\t\t\t\t\t\t\t\t\t<div class=\"elementor-cta__button-wrapper elementor-cta__content-item elementor-content-item elementor-animated-item--grow\">\n\t\t\t\t\t<span class=\"elementor-cta__button elementor-button elementor-size-md\">\n\t\t\t\t\t\tT\u00e9l\u00e9chargez ICI\t\t\t\t\t<\/span>\n\t\t\t\t\t<\/div>\n\t\t\t\t\t\t\t<\/div>\n\t\t\t\t\t\t<\/a>\n\t\t\t\t\t\t<\/div>\n\t\t\t\t<\/div>\n\t\t\t\t\t<\/div>\n\t\t<\/div>\n\t\t\t\t<div class=\"elementor-column elementor-col-16 elementor-top-column elementor-element elementor-element-24b4658\" data-id=\"24b4658\" data-element_type=\"column\">\n\t\t\t<div class=\"elementor-widget-wrap\">\n\t\t\t\t\t\t\t<\/div>\n\t\t<\/div>\n\t\t\t\t\t<\/div>\n\t\t<\/section>\n\t\t\t\t<\/div>\n\t\t","protected":false},"excerpt":{"rendered":"<p>PNDS Amyloses Cardiaques Protocole National de Diagnostic et de Soins des Amyloses Cardiaques Ce protocole national de diagnostic et de soins (PNDS) explicite aux professionnels concern\u00e9s la prise en charge diagnostique et th\u00e9rapeutique optimale et le parcours de soins d\u2019un patient atteint d\u2019une amylose cardiaque. Il a \u00e9t\u00e9 \u00e9labor\u00e9 par le Centre de R\u00e9f\u00e9rence Amyloses [&hellip;]<\/p>\n","protected":false},"author":2,"featured_media":0,"parent":0,"menu_order":0,"comment_status":"closed","ping_status":"closed","template":"","meta":{"_monsterinsights_skip_tracking":false,"_monsterinsights_sitenote_active":false,"_monsterinsights_sitenote_note":"","_monsterinsights_sitenote_category":0,"footnotes":""},"categories":[],"tags":[],"class_list":["post-5602","page","type-page","status-publish","hentry"],"yoast_head":"<!-- This site is optimized with the Yoast SEO plugin v25.5 - https:\/\/yoast.com\/wordpress\/plugins\/seo\/ -->\n<title>PNDS Amyloses Cardiaques - R\u00e9seau Amylose<\/title>\n<meta name=\"description\" content=\"Protocole National de Diagnostic et de Soins de l&#039;Amylose Cardiaque - T\u00e9l\u00e9chargez et consultez le document r\u00e9dig\u00e9 par les experts\" \/>\n<meta name=\"robots\" content=\"index, follow, max-snippet:-1, max-image-preview:large, max-video-preview:-1\" \/>\n<link rel=\"canonical\" href=\"https:\/\/reseau-amylose.org\/jesuissoignant\/pnds-amyloses-cardiaques\/\" \/>\n<meta property=\"og:locale\" content=\"fr_FR\" \/>\n<meta property=\"og:type\" content=\"article\" \/>\n<meta property=\"og:title\" content=\"PNDS Amyloses Cardiaques - R\u00e9seau Amylose\" \/>\n<meta property=\"og:description\" content=\"Protocole National de Diagnostic et de Soins de l&#039;Amylose Cardiaque - T\u00e9l\u00e9chargez et consultez le document r\u00e9dig\u00e9 par les experts\" \/>\n<meta property=\"og:url\" content=\"https:\/\/reseau-amylose.org\/jesuissoignant\/pnds-amyloses-cardiaques\/\" \/>\n<meta property=\"og:site_name\" content=\"R\u00e9seau Amylose\" \/>\n<meta property=\"article:modified_time\" content=\"2024-09-19T09:44:16+00:00\" \/>\n<meta name=\"twitter:card\" content=\"summary_large_image\" \/>\n<meta name=\"twitter:label1\" content=\"Dur\u00e9e de lecture estim\u00e9e\" \/>\n\t<meta name=\"twitter:data1\" content=\"1 minute\" \/>\n<script type=\"application\/ld+json\" class=\"yoast-schema-graph\">{\"@context\":\"https:\/\/schema.org\",\"@graph\":[{\"@type\":\"WebPage\",\"@id\":\"https:\/\/reseau-amylose.org\/jesuissoignant\/pnds-amyloses-cardiaques\/\",\"url\":\"https:\/\/reseau-amylose.org\/jesuissoignant\/pnds-amyloses-cardiaques\/\",\"name\":\"PNDS Amyloses Cardiaques - R\u00e9seau Amylose\",\"isPartOf\":{\"@id\":\"https:\/\/reseau-amylose.org\/jesuissoignant\/#website\"},\"datePublished\":\"2022-07-22T08:24:23+00:00\",\"dateModified\":\"2024-09-19T09:44:16+00:00\",\"description\":\"Protocole National de Diagnostic et de Soins de l'Amylose Cardiaque - T\u00e9l\u00e9chargez et consultez le document r\u00e9dig\u00e9 par les experts\",\"breadcrumb\":{\"@id\":\"https:\/\/reseau-amylose.org\/jesuissoignant\/pnds-amyloses-cardiaques\/#breadcrumb\"},\"inLanguage\":\"fr-FR\",\"potentialAction\":[{\"@type\":\"ReadAction\",\"target\":[\"https:\/\/reseau-amylose.org\/jesuissoignant\/pnds-amyloses-cardiaques\/\"]}]},{\"@type\":\"BreadcrumbList\",\"@id\":\"https:\/\/reseau-amylose.org\/jesuissoignant\/pnds-amyloses-cardiaques\/#breadcrumb\",\"itemListElement\":[{\"@type\":\"ListItem\",\"position\":1,\"name\":\"Accueil\",\"item\":\"https:\/\/reseau-amylose.org\/jesuissoignant\/\"},{\"@type\":\"ListItem\",\"position\":2,\"name\":\"PNDS Amyloses Cardiaques\"}]},{\"@type\":\"WebSite\",\"@id\":\"https:\/\/reseau-amylose.org\/jesuissoignant\/#website\",\"url\":\"https:\/\/reseau-amylose.org\/jesuissoignant\/\",\"name\":\"R\u00e9seau Amylose\",\"description\":\"Centre de r\u00e9f\u00e9rence des amyloses cardiaques espace soignant\",\"potentialAction\":[{\"@type\":\"SearchAction\",\"target\":{\"@type\":\"EntryPoint\",\"urlTemplate\":\"https:\/\/reseau-amylose.org\/jesuissoignant\/?s={search_term_string}\"},\"query-input\":{\"@type\":\"PropertyValueSpecification\",\"valueRequired\":true,\"valueName\":\"search_term_string\"}}],\"inLanguage\":\"fr-FR\"}]}<\/script>\n<!-- \/ Yoast SEO plugin. -->","yoast_head_json":{"title":"PNDS Amyloses Cardiaques - R\u00e9seau Amylose","description":"Protocole National de Diagnostic et de Soins de l'Amylose Cardiaque - T\u00e9l\u00e9chargez et consultez le document r\u00e9dig\u00e9 par les experts","robots":{"index":"index","follow":"follow","max-snippet":"max-snippet:-1","max-image-preview":"max-image-preview:large","max-video-preview":"max-video-preview:-1"},"canonical":"https:\/\/reseau-amylose.org\/jesuissoignant\/pnds-amyloses-cardiaques\/","og_locale":"fr_FR","og_type":"article","og_title":"PNDS Amyloses Cardiaques - R\u00e9seau Amylose","og_description":"Protocole National de Diagnostic et de Soins de l'Amylose Cardiaque - T\u00e9l\u00e9chargez et consultez le document r\u00e9dig\u00e9 par les experts","og_url":"https:\/\/reseau-amylose.org\/jesuissoignant\/pnds-amyloses-cardiaques\/","og_site_name":"R\u00e9seau Amylose","article_modified_time":"2024-09-19T09:44:16+00:00","twitter_card":"summary_large_image","twitter_misc":{"Dur\u00e9e de lecture estim\u00e9e":"1 minute"},"schema":{"@context":"https:\/\/schema.org","@graph":[{"@type":"WebPage","@id":"https:\/\/reseau-amylose.org\/jesuissoignant\/pnds-amyloses-cardiaques\/","url":"https:\/\/reseau-amylose.org\/jesuissoignant\/pnds-amyloses-cardiaques\/","name":"PNDS Amyloses Cardiaques - R\u00e9seau Amylose","isPartOf":{"@id":"https:\/\/reseau-amylose.org\/jesuissoignant\/#website"},"datePublished":"2022-07-22T08:24:23+00:00","dateModified":"2024-09-19T09:44:16+00:00","description":"Protocole National de Diagnostic et de Soins de l'Amylose Cardiaque - T\u00e9l\u00e9chargez et consultez le document r\u00e9dig\u00e9 par les experts","breadcrumb":{"@id":"https:\/\/reseau-amylose.org\/jesuissoignant\/pnds-amyloses-cardiaques\/#breadcrumb"},"inLanguage":"fr-FR","potentialAction":[{"@type":"ReadAction","target":["https:\/\/reseau-amylose.org\/jesuissoignant\/pnds-amyloses-cardiaques\/"]}]},{"@type":"BreadcrumbList","@id":"https:\/\/reseau-amylose.org\/jesuissoignant\/pnds-amyloses-cardiaques\/#breadcrumb","itemListElement":[{"@type":"ListItem","position":1,"name":"Accueil","item":"https:\/\/reseau-amylose.org\/jesuissoignant\/"},{"@type":"ListItem","position":2,"name":"PNDS Amyloses Cardiaques"}]},{"@type":"WebSite","@id":"https:\/\/reseau-amylose.org\/jesuissoignant\/#website","url":"https:\/\/reseau-amylose.org\/jesuissoignant\/","name":"R\u00e9seau Amylose","description":"Centre de r\u00e9f\u00e9rence des amyloses cardiaques espace soignant","potentialAction":[{"@type":"SearchAction","target":{"@type":"EntryPoint","urlTemplate":"https:\/\/reseau-amylose.org\/jesuissoignant\/?s={search_term_string}"},"query-input":{"@type":"PropertyValueSpecification","valueRequired":true,"valueName":"search_term_string"}}],"inLanguage":"fr-FR"}]}},"_links":{"self":[{"href":"https:\/\/reseau-amylose.org\/jesuissoignant\/wp-json\/wp\/v2\/pages\/5602","targetHints":{"allow":["GET"]}}],"collection":[{"href":"https:\/\/reseau-amylose.org\/jesuissoignant\/wp-json\/wp\/v2\/pages"}],"about":[{"href":"https:\/\/reseau-amylose.org\/jesuissoignant\/wp-json\/wp\/v2\/types\/page"}],"author":[{"embeddable":true,"href":"https:\/\/reseau-amylose.org\/jesuissoignant\/wp-json\/wp\/v2\/users\/2"}],"replies":[{"embeddable":true,"href":"https:\/\/reseau-amylose.org\/jesuissoignant\/wp-json\/wp\/v2\/comments?post=5602"}],"version-history":[{"count":28,"href":"https:\/\/reseau-amylose.org\/jesuissoignant\/wp-json\/wp\/v2\/pages\/5602\/revisions"}],"predecessor-version":[{"id":6952,"href":"https:\/\/reseau-amylose.org\/jesuissoignant\/wp-json\/wp\/v2\/pages\/5602\/revisions\/6952"}],"wp:attachment":[{"href":"https:\/\/reseau-amylose.org\/jesuissoignant\/wp-json\/wp\/v2\/media?parent=5602"}],"wp:term":[{"taxonomy":"category","embeddable":true,"href":"https:\/\/reseau-amylose.org\/jesuissoignant\/wp-json\/wp\/v2\/categories?post=5602"},{"taxonomy":"post_tag","embeddable":true,"href":"https:\/\/reseau-amylose.org\/jesuissoignant\/wp-json\/wp\/v2\/tags?post=5602"}],"curies":[{"name":"wp","href":"https:\/\/api.w.org\/{rel}","templated":true}]}}