{"id":2509,"date":"2020-10-15T06:19:56","date_gmt":"2020-10-15T06:19:56","guid":{"rendered":"https:\/\/www.reseau-amylose.org\/jesuissoignant\/?page_id=2509"},"modified":"2020-10-15T06:19:56","modified_gmt":"2020-10-15T06:19:56","slug":"lassociation-francaise-contre-lamylose","status":"publish","type":"page","link":"https:\/\/reseau-amylose.org\/jesuissoignant\/lassociation-francaise-contre-lamylose\/","title":{"rendered":"L&rsquo;Association Fran\u00e7aise Contre l&rsquo;Amylose"},"content":{"rendered":"\t\t<div data-elementor-type=\"wp-page\" data-elementor-id=\"2509\" class=\"elementor elementor-2509\" data-elementor-post-type=\"page\">\n\t\t\t\t\t\t<section class=\"elementor-section elementor-top-section elementor-element elementor-element-35fd8ef elementor-section-boxed elementor-section-height-default elementor-section-height-default\" data-id=\"35fd8ef\" data-element_type=\"section\">\n\t\t\t\t\t\t<div class=\"elementor-container elementor-column-gap-default\">\n\t\t\t\t\t<div class=\"elementor-column elementor-col-100 elementor-top-column elementor-element elementor-element-393b29d\" data-id=\"393b29d\" data-element_type=\"column\">\n\t\t\t<div class=\"elementor-widget-wrap elementor-element-populated\">\n\t\t\t\t\t\t<div class=\"elementor-element elementor-element-20f89e6 elementor-widget elementor-widget-image\" data-id=\"20f89e6\" data-element_type=\"widget\" data-widget_type=\"image.default\">\n\t\t\t\t<div class=\"elementor-widget-container\">\n\t\t\t\t\t\t\t\t\t\t\t\t\t\t\t<img decoding=\"async\" src=\"https:\/\/reseau-amylose.org\/jesuissoignant\/wp-content\/uploads\/sites\/5\/elementor\/thumbs\/couleurs-AFCA-p6a1kav403lgbj04h2xrtpp1q8xm6unq1rn16zqx18.png\" title=\"couleurs AFCA\" alt=\"couleurs AFCA\" loading=\"lazy\" \/>\t\t\t\t\t\t\t\t\t\t\t\t\t\t\t<\/div>\n\t\t\t\t<\/div>\n\t\t\t\t\t<\/div>\n\t\t<\/div>\n\t\t\t\t\t<\/div>\n\t\t<\/section>\n\t\t\t\t<section class=\"elementor-section elementor-top-section elementor-element elementor-element-7c178ef elementor-section-boxed elementor-section-height-default elementor-section-height-default\" data-id=\"7c178ef\" data-element_type=\"section\">\n\t\t\t\t\t\t<div class=\"elementor-container elementor-column-gap-default\">\n\t\t\t\t\t<div class=\"elementor-column elementor-col-100 elementor-top-column elementor-element elementor-element-3a8296f\" data-id=\"3a8296f\" data-element_type=\"column\">\n\t\t\t<div class=\"elementor-widget-wrap elementor-element-populated\">\n\t\t\t\t\t\t<div class=\"elementor-element elementor-element-f427056 elementor-widget elementor-widget-heading\" data-id=\"f427056\" data-element_type=\"widget\" data-widget_type=\"heading.default\">\n\t\t\t\t<div class=\"elementor-widget-container\">\n\t\t\t\t\t<h2 class=\"elementor-heading-title elementor-size-default\">L'Association Fran\u00e7aise Contre l'Amylose<\/h2>\t\t\t\t<\/div>\n\t\t\t\t<\/div>\n\t\t\t\t\t<\/div>\n\t\t<\/div>\n\t\t\t\t\t<\/div>\n\t\t<\/section>\n\t\t\t\t<section class=\"elementor-section elementor-top-section elementor-element elementor-element-a3bb68c elementor-section-boxed elementor-section-height-default elementor-section-height-default\" data-id=\"a3bb68c\" data-element_type=\"section\">\n\t\t\t\t\t\t<div class=\"elementor-container elementor-column-gap-default\">\n\t\t\t\t\t<div class=\"elementor-column elementor-col-100 elementor-top-column elementor-element elementor-element-f6dccc8\" data-id=\"f6dccc8\" data-element_type=\"column\">\n\t\t\t<div class=\"elementor-widget-wrap elementor-element-populated\">\n\t\t\t\t\t\t<div class=\"elementor-element elementor-element-df0c6e5 elementor-widget elementor-widget-image\" data-id=\"df0c6e5\" data-element_type=\"widget\" data-widget_type=\"image.default\">\n\t\t\t\t<div class=\"elementor-widget-container\">\n\t\t\t\t\t\t\t\t\t\t\t\t\t\t\t<img decoding=\"async\" src=\"https:\/\/reseau-amylose.org\/jesuissoignant\/wp-content\/uploads\/sites\/5\/elementor\/thumbs\/couleurs-AFCA-p6a1kav403lgbj04h2xrtpp1q8xm6unq1rn16zqx18.png\" title=\"couleurs AFCA\" alt=\"couleurs AFCA\" loading=\"lazy\" \/>\t\t\t\t\t\t\t\t\t\t\t\t\t\t\t<\/div>\n\t\t\t\t<\/div>\n\t\t\t\t\t<\/div>\n\t\t<\/div>\n\t\t\t\t\t<\/div>\n\t\t<\/section>\n\t\t\t\t<section class=\"elementor-section elementor-top-section elementor-element elementor-element-028c20d elementor-section-boxed elementor-section-height-default elementor-section-height-default\" data-id=\"028c20d\" data-element_type=\"section\">\n\t\t\t\t\t\t<div class=\"elementor-container elementor-column-gap-default\">\n\t\t\t\t\t<div class=\"elementor-column elementor-col-100 elementor-top-column elementor-element elementor-element-5562965\" data-id=\"5562965\" data-element_type=\"column\">\n\t\t\t<div class=\"elementor-widget-wrap elementor-element-populated\">\n\t\t\t\t\t\t<div class=\"elementor-element elementor-element-decb337 elementor-widget elementor-widget-text-editor\" data-id=\"decb337\" data-element_type=\"widget\" data-widget_type=\"text-editor.default\">\n\t\t\t\t<div class=\"elementor-widget-container\">\n\t\t\t\t\t\t\t\t\t<h5><span style=\"color: #000000;\"><strong>Prescrire l\u2019AFCA&nbsp;!<\/strong><\/span><\/h5>\n<p><span style=\"color: #000000;\">M\u00e9decins, soignants, param\u00e9dicaux, vous \u00eates au contact des patients.<\/span><\/p>\n<p><span style=\"color: #000000;\">Votre charge ne vous permet pas de passer autant de temps que vous le souhaitez \u00e0 \u00e9couter et r\u00e9pondre \u00e0 toutes les interrogations de vos patients, en particulier dans les premiers temps de la maladie.<\/span><\/p>\n<p><span style=\"color: #000000;\">Chaque jour apporte au patient ou \u00e0 sa famille de nouvelles questions, vous ne pouvez pas avoir une ligne d\u2019\u00e9coute permanente.<\/span><\/p>\n<p><span style=\"color: #000000;\">Vous en ressentez une forme de frustration et souhaiteriez pouvoir aider les malades dans leur parcours de vie.<\/span><\/p>\n<p><span style=\"color: #000000;\"><strong>L\u2019Association est l\u00e0 pour vous seconder, pour \u00eatre un relais dans l\u2019accompagnement que vous souhaitez pour vos patients.<\/strong><\/span><\/p>\n<p><span style=\"color: #000000;\">Conseillez-leur de nous contacter, nous sommes \u00e0 leur disposition ainsi qu\u2019\u00e0 celle de leurs aidants.<\/span><\/p>\n<h5>&nbsp;<\/h5>\n<h5><strong>Services principaux pour les patients et familles&nbsp;<\/strong><\/h5>\n<p><span style=\"color: #000000;\">L\u2019association soutient et accompagne les patients et leurs familles dans leur parcours, en leur proposant une r\u00e9ponse adapt\u00e9e<\/span><\/p>\n<p><span style=\"color: #000000;\">Elle offre des services directs aux patients et familles&nbsp;:<\/span><\/p>\n<ul>\n<li><span style=\"color: #000000;\">R\u00e9ponse \u00e0 250 \u00e0 300 appels t\u00e9l\u00e9phoniques par an pour <strong>renseigner, orienter, rassurer<\/strong><\/span><\/li>\n<li><span style=\"color: #000000;\"><strong>Acc\u00e8s \u00e0 un r\u00e9seau de patients<\/strong> qui s\u2019entraident et s\u2019\u00e9coutent pour \u00e9changer sur leur v\u00e9cu et sortir de l\u2019isolement<\/span><\/li>\n<li><span style=\"color: #000000;\"><strong>Soutien psychologique par t\u00e9l\u00e9phone<\/strong> par une psychologue dipl\u00f4m\u00e9e ayant une exp\u00e9rience de plus de 15 ans en h\u00f4pital, en \u00e9tablissement de soins palliatifs et en organisation des aidants qui a \u00e9t\u00e9 form\u00e9e \u00e0 la prise en charge de l\u2019Amylose \u00e0 travers des s\u00e9jours dans les centres de r\u00e9f\u00e9rence<\/span><\/li>\n<li><span style=\"color: #000000;\">Met \u00e0 disposition une plateforme pour <strong>faciliter les d\u00e9marches administratives<\/strong> simplifiezvouslavie.org et une aide d\u2019une <strong>assistante sociale<\/strong> dans les d\u00e9marches individuelles<\/span><\/li>\n<li><span style=\"color: #000000;\">L\u2019Association est <strong>une garantie d\u2019une information fiable et toujours \u00e0 jour sur la maladie et ses traitements<\/strong>: toute communication sur ces th\u00e8mes est r\u00e9dig\u00e9e et\/ou valid\u00e9e par le Conseil Scientifique.<\/span><\/li>\n<\/ul>\n<p><span style=\"color: #000000;\"><strong>Plus largement, l\u2019Association s\u2019attache \u00e0 \u00eatre disponible pour chacun<\/strong> ET <\/span><span style=\"color: #000000;\"><strong>L\u2019adh\u00e9sion est gratuite.<\/strong><\/span><\/p>\t\t\t\t\t\t\t\t<\/div>\n\t\t\t\t<\/div>\n\t\t\t\t\t<\/div>\n\t\t<\/div>\n\t\t\t\t\t<\/div>\n\t\t<\/section>\n\t\t\t\t<section class=\"elementor-section elementor-top-section elementor-element elementor-element-7ee95a5 elementor-section-boxed elementor-section-height-default elementor-section-height-default\" data-id=\"7ee95a5\" data-element_type=\"section\">\n\t\t\t\t\t\t<div class=\"elementor-container elementor-column-gap-default\">\n\t\t\t\t\t<div class=\"elementor-column elementor-col-66 elementor-top-column elementor-element elementor-element-4061de9\" data-id=\"4061de9\" data-element_type=\"column\">\n\t\t\t<div class=\"elementor-widget-wrap elementor-element-populated\">\n\t\t\t\t\t\t<div class=\"elementor-element elementor-element-f0f6438 elementor-widget elementor-widget-text-editor\" data-id=\"f0f6438\" data-element_type=\"widget\" data-widget_type=\"text-editor.default\">\n\t\t\t\t<div class=\"elementor-widget-container\">\n\t\t\t\t\t\t\t\t\t<h5>\u00a0<\/h5><h5><strong>Pour faciliter la d\u00e9marche\u00a0!<\/strong><\/h5><p><span style=\"color: #000000;\">L\u2019Association met \u00e0 votre disposition des flyers d\u2019information et d\u2019adh\u00e9sion tous renseignements utiles pour la contacter et pour adh\u00e9rer.<\/span><\/p><p><span style=\"color: #000000;\">Ces flyers sont disponibles en nombre sur demande.<\/span><\/p>\t\t\t\t\t\t\t\t<\/div>\n\t\t\t\t<\/div>\n\t\t\t\t\t<\/div>\n\t\t<\/div>\n\t\t\t\t<div class=\"elementor-column elementor-col-33 elementor-top-column elementor-element elementor-element-77ec049\" data-id=\"77ec049\" data-element_type=\"column\">\n\t\t\t<div class=\"elementor-widget-wrap elementor-element-populated\">\n\t\t\t\t\t\t<div class=\"elementor-element elementor-element-ac1015d elementor-widget elementor-widget-image\" data-id=\"ac1015d\" data-element_type=\"widget\" data-widget_type=\"image.default\">\n\t\t\t\t<div class=\"elementor-widget-container\">\n\t\t\t\t\t\t\t\t\t\t\t\t\t\t\t<img decoding=\"async\" width=\"156\" height=\"198\" src=\"https:\/\/reseau-amylose.org\/jesuissoignant\/wp-content\/uploads\/sites\/5\/2020\/10\/logo-1.png\" class=\"attachment-large size-large wp-image-2522\" alt=\"\" \/>\t\t\t\t\t\t\t\t\t\t\t\t\t\t\t<\/div>\n\t\t\t\t<\/div>\n\t\t\t\t\t<\/div>\n\t\t<\/div>\n\t\t\t\t\t<\/div>\n\t\t<\/section>\n\t\t\t\t<section class=\"elementor-section elementor-top-section elementor-element elementor-element-e50d3ac elementor-section-boxed elementor-section-height-default elementor-section-height-default\" data-id=\"e50d3ac\" data-element_type=\"section\">\n\t\t\t\t\t\t<div class=\"elementor-container elementor-column-gap-default\">\n\t\t\t\t\t<div class=\"elementor-column elementor-col-100 elementor-top-column elementor-element elementor-element-a7e5cb6\" data-id=\"a7e5cb6\" data-element_type=\"column\">\n\t\t\t<div class=\"elementor-widget-wrap elementor-element-populated\">\n\t\t\t\t\t\t<div class=\"elementor-element elementor-element-7bb2907 elementor-widget elementor-widget-text-editor\" data-id=\"7bb2907\" data-element_type=\"widget\" data-widget_type=\"text-editor.default\">\n\t\t\t\t<div class=\"elementor-widget-container\">\n\t\t\t\t\t\t\t\t\t<h5>\u00a0<\/h5><h5><strong>Et pour les m\u00e9decins et soignants\u00a0?<\/strong><\/h5><ul><li><span style=\"color: #000000;\">L\u2019Association a la volont\u00e9 d\u2019encourager toutes les \u00e9quipes et les diff\u00e9rents acteurs travaillant dans la prise en charge des patients. Elle a cr\u00e9\u00e9\u00a0<strong>trois prix annuels<\/strong>.<\/span><ul><li><span style=\"color: #808080;\">Prix de\u00a0<strong>recherche<\/strong>\u00a0d\u00e9livr\u00e9, depuis 2009, \u00e0 un travail sur les amyloses syst\u00e9miques.<\/span><\/li><li><span style=\"color: #808080;\">Prix Martha d\u00e9livr\u00e9, depuis 2015, \u00e0 un projet visant \u00e0\u00a0<strong>am\u00e9liorer la prise en charge m\u00e9dicale et\/ou sociale<\/strong>\u00a0des malades atteints d\u2019amylose.<\/span><\/li><li><span style=\"color: #808080;\">Prix Fran\u00e7oise Dubois Charlier d\u00e9livr\u00e9, depuis 2019, \u00e0 un\u00a0<strong>projet de formation ou information<\/strong>\u00a0des \u00e9quipes m\u00e9dicales ou param\u00e9dicales prenant en charge les patients<\/span><\/li><\/ul><\/li><\/ul><p><span style=\"color: #000000;\">Toutes les initiatives sont \u00e9tudi\u00e9es, soumettez-nous vos projets.<\/span><\/p><p><span style=\"color: #000000;\">Renseignements sur le site internet, par mail ou t\u00e9l\u00e9phone.<\/span><\/p><p><span style=\"color: #000000;\"><em>Tous les supports \u00e9dit\u00e9s par l\u2019AFCA sont disponibles sur demande pour distribution L\u2019Association a la volont\u00e9 d\u2019encourager toutes les \u00e9quipes et les diff\u00e9rents acteurs travaillant dans la prise en charge<\/em><\/span><\/p>\t\t\t\t\t\t\t\t<\/div>\n\t\t\t\t<\/div>\n\t\t\t\t\t<\/div>\n\t\t<\/div>\n\t\t\t\t\t<\/div>\n\t\t<\/section>\n\t\t\t\t<section class=\"elementor-section elementor-top-section elementor-element elementor-element-9349248 elementor-section-boxed elementor-section-height-default elementor-section-height-default\" data-id=\"9349248\" data-element_type=\"section\">\n\t\t\t\t\t\t<div class=\"elementor-container elementor-column-gap-default\">\n\t\t\t\t\t<div class=\"elementor-column elementor-col-50 elementor-top-column elementor-element elementor-element-00dc8a9\" data-id=\"00dc8a9\" data-element_type=\"column\">\n\t\t\t<div class=\"elementor-widget-wrap elementor-element-populated\">\n\t\t\t\t\t\t<div class=\"elementor-element elementor-element-b05d936 elementor-cta--skin-cover elementor-animated-content elementor-bg-transform elementor-bg-transform-zoom-in elementor-widget elementor-widget-call-to-action\" data-id=\"b05d936\" data-element_type=\"widget\" data-widget_type=\"call-to-action.default\">\n\t\t\t\t<div class=\"elementor-widget-container\">\n\t\t\t\t\t\t\t<a class=\"elementor-cta\" href=\"https:\/\/www.reseau-amylose.org\/jesuispatient\/lassociation-francaise-contre-lamylose\/\">\n\t\t\t\t\t<div class=\"elementor-cta__bg-wrapper\">\n\t\t\t\t<div class=\"elementor-cta__bg elementor-bg\" style=\"background-image: url(https:\/\/reseau-amylose.org\/jesuissoignant\/wp-content\/uploads\/sites\/5\/2020\/10\/logosans-centre-copie.jpg);\" role=\"img\" aria-label=\"logosans centre - copie\"><\/div>\n\t\t\t\t<div class=\"elementor-cta__bg-overlay\"><\/div>\n\t\t\t<\/div>\n\t\t\t\t\t\t\t<div class=\"elementor-cta__content\">\n\t\t\t\t\n\t\t\t\t\t\t\t\t\t<h2 class=\"elementor-cta__title elementor-cta__content-item elementor-content-item elementor-animated-item--grow\">\n\t\t\t\t\t\tMieux connaitre l'AFCA\t\t\t\t\t<\/h2>\n\t\t\t\t\n\t\t\t\t\n\t\t\t\t\t\t\t\t\t<div class=\"elementor-cta__button-wrapper elementor-cta__content-item elementor-content-item elementor-animated-item--grow\">\n\t\t\t\t\t<span class=\"elementor-cta__button elementor-button elementor-size-\">\n\t\t\t\t\t\tCliquer ici\t\t\t\t\t<\/span>\n\t\t\t\t\t<\/div>\n\t\t\t\t\t\t\t<\/div>\n\t\t\t\t\t\t<\/a>\n\t\t\t\t\t\t<\/div>\n\t\t\t\t<\/div>\n\t\t\t\t\t<\/div>\n\t\t<\/div>\n\t\t\t\t<div class=\"elementor-column elementor-col-50 elementor-top-column elementor-element elementor-element-0128d9b\" data-id=\"0128d9b\" data-element_type=\"column\">\n\t\t\t<div class=\"elementor-widget-wrap elementor-element-populated\">\n\t\t\t\t\t\t<div class=\"elementor-element elementor-element-2d0f153 elementor-widget elementor-widget-text-editor\" data-id=\"2d0f153\" data-element_type=\"widget\" data-widget_type=\"text-editor.default\">\n\t\t\t\t<div class=\"elementor-widget-container\">\n\t\t\t\t\t\t\t\t\t<p><span style=\"color: #000000;\"><strong>Association Fran\u00e7aise Contre l\u2019Amylose<\/strong><\/span><\/p><p><span style=\"color: #000000;\">66, rue Saint Jacques<\/span><\/p><p><span style=\"color: #000000;\">13006 MARSEILLE<\/span><\/p><p><span style=\"color: #000000;\">T\u00e9l\u00a0: 04.91.81.17.16<\/span><\/p><p><a href=\"mailto:contact@amylose.asso.fr\"><em>contact@amylose.asso.fr<\/em><\/a><\/p><p><a href=\"http:\/\/www.amylose.asso.fr\/\"><strong>www.amylose.asso.fr<\/strong><\/a><\/p><p><span style=\"color: #000000;\"><strong>\u00a0<\/strong>facebook.com\/AssociationAmylose<\/span><\/p>\t\t\t\t\t\t\t\t<\/div>\n\t\t\t\t<\/div>\n\t\t\t\t\t<\/div>\n\t\t<\/div>\n\t\t\t\t\t<\/div>\n\t\t<\/section>\n\t\t\t\t<\/div>\n\t\t","protected":false},"excerpt":{"rendered":"<p>L&rsquo;Association Fran\u00e7aise Contre l&rsquo;Amylose Prescrire l\u2019AFCA&nbsp;! M\u00e9decins, soignants, param\u00e9dicaux, vous \u00eates au contact des patients. Votre charge ne vous permet pas de passer autant de temps que vous le souhaitez \u00e0 \u00e9couter et r\u00e9pondre \u00e0 toutes les interrogations de vos patients, en particulier dans les premiers temps de la maladie. Chaque jour apporte au patient [&hellip;]<\/p>\n","protected":false},"author":1,"featured_media":0,"parent":0,"menu_order":0,"comment_status":"closed","ping_status":"closed","template":"","meta":{"_monsterinsights_skip_tracking":false,"_monsterinsights_sitenote_active":false,"_monsterinsights_sitenote_note":"","_monsterinsights_sitenote_category":0,"footnotes":""},"categories":[],"tags":[],"class_list":["post-2509","page","type-page","status-publish","hentry"],"yoast_head":"<!-- This site is optimized with the Yoast SEO plugin v25.5 - https:\/\/yoast.com\/wordpress\/plugins\/seo\/ -->\n<title>L&#039;Association Fran\u00e7aise Contre l&#039;Amylose - R\u00e9seau Amylose<\/title>\n<meta name=\"robots\" content=\"index, follow, max-snippet:-1, max-image-preview:large, max-video-preview:-1\" \/>\n<link rel=\"canonical\" href=\"https:\/\/reseau-amylose.org\/jesuissoignant\/lassociation-francaise-contre-lamylose\/\" \/>\n<meta property=\"og:locale\" content=\"fr_FR\" \/>\n<meta property=\"og:type\" content=\"article\" \/>\n<meta property=\"og:title\" content=\"L&#039;Association Fran\u00e7aise Contre l&#039;Amylose - R\u00e9seau Amylose\" \/>\n<meta property=\"og:description\" content=\"L&rsquo;Association Fran\u00e7aise Contre l&rsquo;Amylose Prescrire l\u2019AFCA&nbsp;! M\u00e9decins, soignants, param\u00e9dicaux, vous \u00eates au contact des patients. Votre charge ne vous permet pas de passer autant de temps que vous le souhaitez \u00e0 \u00e9couter et r\u00e9pondre \u00e0 toutes les interrogations de vos patients, en particulier dans les premiers temps de la maladie. Chaque jour apporte au patient [&hellip;]\" \/>\n<meta property=\"og:url\" content=\"https:\/\/reseau-amylose.org\/jesuissoignant\/lassociation-francaise-contre-lamylose\/\" \/>\n<meta property=\"og:site_name\" content=\"R\u00e9seau Amylose\" \/>\n<meta property=\"og:image\" content=\"https:\/\/www.reseau-amylose.org\/jesuissoignant\/storage\/sites\/13\/elementor\/thumbs\/couleurs-AFCA-owxvdpnicsg9zugnfm4deorw558t6euygyq3caotoc.png\" \/>\n<meta name=\"twitter:card\" content=\"summary_large_image\" \/>\n<meta name=\"twitter:label1\" content=\"Dur\u00e9e de lecture estim\u00e9e\" \/>\n\t<meta name=\"twitter:data1\" content=\"3 minutes\" \/>\n<script type=\"application\/ld+json\" class=\"yoast-schema-graph\">{\"@context\":\"https:\/\/schema.org\",\"@graph\":[{\"@type\":\"WebPage\",\"@id\":\"https:\/\/reseau-amylose.org\/jesuissoignant\/lassociation-francaise-contre-lamylose\/\",\"url\":\"https:\/\/reseau-amylose.org\/jesuissoignant\/lassociation-francaise-contre-lamylose\/\",\"name\":\"L'Association Fran\u00e7aise Contre l'Amylose - R\u00e9seau Amylose\",\"isPartOf\":{\"@id\":\"https:\/\/reseau-amylose.org\/jesuissoignant\/#website\"},\"primaryImageOfPage\":{\"@id\":\"https:\/\/reseau-amylose.org\/jesuissoignant\/lassociation-francaise-contre-lamylose\/#primaryimage\"},\"image\":{\"@id\":\"https:\/\/reseau-amylose.org\/jesuissoignant\/lassociation-francaise-contre-lamylose\/#primaryimage\"},\"thumbnailUrl\":\"https:\/\/www.reseau-amylose.org\/jesuissoignant\/storage\/sites\/13\/elementor\/thumbs\/couleurs-AFCA-owxvdpnicsg9zugnfm4deorw558t6euygyq3caotoc.png\",\"datePublished\":\"2020-10-15T06:19:56+00:00\",\"breadcrumb\":{\"@id\":\"https:\/\/reseau-amylose.org\/jesuissoignant\/lassociation-francaise-contre-lamylose\/#breadcrumb\"},\"inLanguage\":\"fr-FR\",\"potentialAction\":[{\"@type\":\"ReadAction\",\"target\":[\"https:\/\/reseau-amylose.org\/jesuissoignant\/lassociation-francaise-contre-lamylose\/\"]}]},{\"@type\":\"ImageObject\",\"inLanguage\":\"fr-FR\",\"@id\":\"https:\/\/reseau-amylose.org\/jesuissoignant\/lassociation-francaise-contre-lamylose\/#primaryimage\",\"url\":\"https:\/\/www.reseau-amylose.org\/jesuissoignant\/storage\/sites\/13\/elementor\/thumbs\/couleurs-AFCA-owxvdpnicsg9zugnfm4deorw558t6euygyq3caotoc.png\",\"contentUrl\":\"https:\/\/www.reseau-amylose.org\/jesuissoignant\/storage\/sites\/13\/elementor\/thumbs\/couleurs-AFCA-owxvdpnicsg9zugnfm4deorw558t6euygyq3caotoc.png\"},{\"@type\":\"BreadcrumbList\",\"@id\":\"https:\/\/reseau-amylose.org\/jesuissoignant\/lassociation-francaise-contre-lamylose\/#breadcrumb\",\"itemListElement\":[{\"@type\":\"ListItem\",\"position\":1,\"name\":\"Accueil\",\"item\":\"https:\/\/reseau-amylose.org\/jesuissoignant\/\"},{\"@type\":\"ListItem\",\"position\":2,\"name\":\"L&rsquo;Association Fran\u00e7aise Contre l&rsquo;Amylose\"}]},{\"@type\":\"WebSite\",\"@id\":\"https:\/\/reseau-amylose.org\/jesuissoignant\/#website\",\"url\":\"https:\/\/reseau-amylose.org\/jesuissoignant\/\",\"name\":\"R\u00e9seau Amylose\",\"description\":\"Centre de r\u00e9f\u00e9rence des amyloses cardiaques espace soignant\",\"potentialAction\":[{\"@type\":\"SearchAction\",\"target\":{\"@type\":\"EntryPoint\",\"urlTemplate\":\"https:\/\/reseau-amylose.org\/jesuissoignant\/?s={search_term_string}\"},\"query-input\":{\"@type\":\"PropertyValueSpecification\",\"valueRequired\":true,\"valueName\":\"search_term_string\"}}],\"inLanguage\":\"fr-FR\"}]}<\/script>\n<!-- \/ Yoast SEO plugin. -->","yoast_head_json":{"title":"L'Association Fran\u00e7aise Contre l'Amylose - R\u00e9seau Amylose","robots":{"index":"index","follow":"follow","max-snippet":"max-snippet:-1","max-image-preview":"max-image-preview:large","max-video-preview":"max-video-preview:-1"},"canonical":"https:\/\/reseau-amylose.org\/jesuissoignant\/lassociation-francaise-contre-lamylose\/","og_locale":"fr_FR","og_type":"article","og_title":"L'Association Fran\u00e7aise Contre l'Amylose - R\u00e9seau Amylose","og_description":"L&rsquo;Association Fran\u00e7aise Contre l&rsquo;Amylose Prescrire l\u2019AFCA&nbsp;! M\u00e9decins, soignants, param\u00e9dicaux, vous \u00eates au contact des patients. Votre charge ne vous permet pas de passer autant de temps que vous le souhaitez \u00e0 \u00e9couter et r\u00e9pondre \u00e0 toutes les interrogations de vos patients, en particulier dans les premiers temps de la maladie. Chaque jour apporte au patient [&hellip;]","og_url":"https:\/\/reseau-amylose.org\/jesuissoignant\/lassociation-francaise-contre-lamylose\/","og_site_name":"R\u00e9seau Amylose","og_image":[{"url":"https:\/\/www.reseau-amylose.org\/jesuissoignant\/storage\/sites\/13\/elementor\/thumbs\/couleurs-AFCA-owxvdpnicsg9zugnfm4deorw558t6euygyq3caotoc.png","type":"","width":"","height":""}],"twitter_card":"summary_large_image","twitter_misc":{"Dur\u00e9e de lecture estim\u00e9e":"3 minutes"},"schema":{"@context":"https:\/\/schema.org","@graph":[{"@type":"WebPage","@id":"https:\/\/reseau-amylose.org\/jesuissoignant\/lassociation-francaise-contre-lamylose\/","url":"https:\/\/reseau-amylose.org\/jesuissoignant\/lassociation-francaise-contre-lamylose\/","name":"L'Association Fran\u00e7aise Contre l'Amylose - R\u00e9seau Amylose","isPartOf":{"@id":"https:\/\/reseau-amylose.org\/jesuissoignant\/#website"},"primaryImageOfPage":{"@id":"https:\/\/reseau-amylose.org\/jesuissoignant\/lassociation-francaise-contre-lamylose\/#primaryimage"},"image":{"@id":"https:\/\/reseau-amylose.org\/jesuissoignant\/lassociation-francaise-contre-lamylose\/#primaryimage"},"thumbnailUrl":"https:\/\/www.reseau-amylose.org\/jesuissoignant\/storage\/sites\/13\/elementor\/thumbs\/couleurs-AFCA-owxvdpnicsg9zugnfm4deorw558t6euygyq3caotoc.png","datePublished":"2020-10-15T06:19:56+00:00","breadcrumb":{"@id":"https:\/\/reseau-amylose.org\/jesuissoignant\/lassociation-francaise-contre-lamylose\/#breadcrumb"},"inLanguage":"fr-FR","potentialAction":[{"@type":"ReadAction","target":["https:\/\/reseau-amylose.org\/jesuissoignant\/lassociation-francaise-contre-lamylose\/"]}]},{"@type":"ImageObject","inLanguage":"fr-FR","@id":"https:\/\/reseau-amylose.org\/jesuissoignant\/lassociation-francaise-contre-lamylose\/#primaryimage","url":"https:\/\/www.reseau-amylose.org\/jesuissoignant\/storage\/sites\/13\/elementor\/thumbs\/couleurs-AFCA-owxvdpnicsg9zugnfm4deorw558t6euygyq3caotoc.png","contentUrl":"https:\/\/www.reseau-amylose.org\/jesuissoignant\/storage\/sites\/13\/elementor\/thumbs\/couleurs-AFCA-owxvdpnicsg9zugnfm4deorw558t6euygyq3caotoc.png"},{"@type":"BreadcrumbList","@id":"https:\/\/reseau-amylose.org\/jesuissoignant\/lassociation-francaise-contre-lamylose\/#breadcrumb","itemListElement":[{"@type":"ListItem","position":1,"name":"Accueil","item":"https:\/\/reseau-amylose.org\/jesuissoignant\/"},{"@type":"ListItem","position":2,"name":"L&rsquo;Association Fran\u00e7aise Contre l&rsquo;Amylose"}]},{"@type":"WebSite","@id":"https:\/\/reseau-amylose.org\/jesuissoignant\/#website","url":"https:\/\/reseau-amylose.org\/jesuissoignant\/","name":"R\u00e9seau Amylose","description":"Centre de r\u00e9f\u00e9rence des amyloses cardiaques espace soignant","potentialAction":[{"@type":"SearchAction","target":{"@type":"EntryPoint","urlTemplate":"https:\/\/reseau-amylose.org\/jesuissoignant\/?s={search_term_string}"},"query-input":{"@type":"PropertyValueSpecification","valueRequired":true,"valueName":"search_term_string"}}],"inLanguage":"fr-FR"}]}},"_links":{"self":[{"href":"https:\/\/reseau-amylose.org\/jesuissoignant\/wp-json\/wp\/v2\/pages\/2509","targetHints":{"allow":["GET"]}}],"collection":[{"href":"https:\/\/reseau-amylose.org\/jesuissoignant\/wp-json\/wp\/v2\/pages"}],"about":[{"href":"https:\/\/reseau-amylose.org\/jesuissoignant\/wp-json\/wp\/v2\/types\/page"}],"author":[{"embeddable":true,"href":"https:\/\/reseau-amylose.org\/jesuissoignant\/wp-json\/wp\/v2\/users\/1"}],"replies":[{"embeddable":true,"href":"https:\/\/reseau-amylose.org\/jesuissoignant\/wp-json\/wp\/v2\/comments?post=2509"}],"version-history":[{"count":0,"href":"https:\/\/reseau-amylose.org\/jesuissoignant\/wp-json\/wp\/v2\/pages\/2509\/revisions"}],"wp:attachment":[{"href":"https:\/\/reseau-amylose.org\/jesuissoignant\/wp-json\/wp\/v2\/media?parent=2509"}],"wp:term":[{"taxonomy":"category","embeddable":true,"href":"https:\/\/reseau-amylose.org\/jesuissoignant\/wp-json\/wp\/v2\/categories?post=2509"},{"taxonomy":"post_tag","embeddable":true,"href":"https:\/\/reseau-amylose.org\/jesuissoignant\/wp-json\/wp\/v2\/tags?post=2509"}],"curies":[{"name":"wp","href":"https:\/\/api.w.org\/{rel}","templated":true}]}}