{"id":74,"date":"2018-11-28T11:23:00","date_gmt":"2018-11-28T11:23:00","guid":{"rendered":"http:\/\/patient.reseau-amylose.org\/?page_id=74"},"modified":"2021-05-12T10:45:53","modified_gmt":"2021-05-12T08:45:53","slug":"picotements-perte-de-sensibilite-mains-et-pieds-la-neuropathie-amyloide","status":"publish","type":"page","link":"https:\/\/reseau-amylose.org\/jesuispatient\/identifier-les-symptomes\/picotements-perte-de-sensibilite-mains-et-pieds-la-neuropathie-amyloide\/","title":{"rendered":"Amylose : Picotements, perte de sensibilit\u00e9 (mains et pieds)\u00a0: la neuropathie amylo\u00efde"},"content":{"rendered":"\t\t<div data-elementor-type=\"wp-post\" data-elementor-id=\"74\" class=\"elementor elementor-74\" data-elementor-post-type=\"page\">\n\t\t\t\t\t\t<section class=\"elementor-section elementor-top-section elementor-element elementor-element-55e83d34 elementor-section-content-middle elementor-section-boxed elementor-section-height-default elementor-section-height-default\" data-id=\"55e83d34\" data-element_type=\"section\" data-settings=\"{&quot;background_background&quot;:&quot;classic&quot;}\">\n\t\t\t\t\t\t<div class=\"elementor-container elementor-column-gap-no\">\n\t\t\t\t\t<div class=\"elementor-column elementor-col-100 elementor-top-column elementor-element elementor-element-69d316d9\" data-id=\"69d316d9\" data-element_type=\"column\">\n\t\t\t<div class=\"elementor-widget-wrap elementor-element-populated\">\n\t\t\t\t\t\t<div class=\"elementor-element elementor-element-4e2b0fc5 elementor-widget-divider--view-line elementor-widget elementor-widget-divider\" data-id=\"4e2b0fc5\" data-element_type=\"widget\" data-widget_type=\"divider.default\">\n\t\t\t\t<div class=\"elementor-widget-container\">\n\t\t\t\t\t\t\t<div class=\"elementor-divider\">\n\t\t\t<span class=\"elementor-divider-separator\">\n\t\t\t\t\t\t<\/span>\n\t\t<\/div>\n\t\t\t\t\t\t<\/div>\n\t\t\t\t<\/div>\n\t\t\t\t<div class=\"elementor-element elementor-element-5f7f69be elementor-widget elementor-widget-heading\" data-id=\"5f7f69be\" data-element_type=\"widget\" data-widget_type=\"heading.default\">\n\t\t\t\t<div class=\"elementor-widget-container\">\n\t\t\t\t\t<h6 class=\"elementor-heading-title elementor-size-default\"><h2 class=\"elementor-heading-title elementor-size-large elementor-inline-editing pen\" data-elementor-setting-key=\"title\" data-pen-placeholder=\"\u00c9crivez ici...\">Neuropathie amylo\u00efde <\/h2><\/h6>\t\t\t\t<\/div>\n\t\t\t\t<\/div>\n\t\t\t\t\t<\/div>\n\t\t<\/div>\n\t\t\t\t\t<\/div>\n\t\t<\/section>\n\t\t\t\t<section class=\"elementor-section elementor-top-section elementor-element elementor-element-6387fbc8 elementor-section-boxed elementor-section-height-default elementor-section-height-default\" data-id=\"6387fbc8\" data-element_type=\"section\">\n\t\t\t\t\t\t<div class=\"elementor-container elementor-column-gap-default\">\n\t\t\t\t\t<div class=\"elementor-column elementor-col-100 elementor-top-column elementor-element elementor-element-2052e581\" data-id=\"2052e581\" data-element_type=\"column\">\n\t\t\t<div class=\"elementor-widget-wrap elementor-element-populated\">\n\t\t\t\t\t\t<div class=\"elementor-element elementor-element-7e290218 elementor-widget elementor-widget-text-editor\" data-id=\"7e290218\" data-element_type=\"widget\" data-widget_type=\"text-editor.default\">\n\t\t\t\t<div class=\"elementor-widget-container\">\n\t\t\t\t\t\t\t\t\t<h6>La neuropathie amylo\u00efde d\u00e9bute g\u00e9n\u00e9ralement par une atteinte de la sensibilit\u00e9 avec des engourdissements et des douleurs qui touchent initialement les pieds.<\/h6><h6>Ceux-ci s\u2019\u00e9tendent progressivement \u00e0 l\u2019ensemble des membres inf\u00e9rieurs puis aux mains et \u00e0 l\u2019ensemble des membres sup\u00e9rieurs. L\u2019atteinte motrice va survenir plus tardivement, d\u2019abord au niveau des pieds puis selon la m\u00eame progression que les troubles sensitifs ce qui peut entrainer une alt\u00e9ration de la marche et de la fonction des mains. Le degr\u00e9 et la rapidit\u00e9 de l\u2019atteinte nerveuse d\u00e9pend du type de l\u2019amylose. Elle diff\u00e8re \u00e9galement d\u2019un patient \u00e0 l\u2019autre.<\/h6><h6>Le diagnostic est fait \u00e0 l\u2019interrogatoire, \u00e0 l\u2019examen clinique et par la r\u00e9alisation de l\u2019\u00e9lectromyogramme. L\u2019atteinte des nerfs \u00ab v\u00e9g\u00e9tatifs \u00bb est fr\u00e9quemment intriqu\u00e9e aux signes sensitifs et moteurs. Les nerfs v\u00e9g\u00e9tatifs contr\u00f4lent l\u2019ensemble des fonctions autonomes du corps humain (digestion, fonction sexuelle, urinaire, maintien de la tension art\u00e9rielle en position debout).<\/h6><h6>Les sympt\u00f4mes ressentis par les patients en rapport avec cette atteinte v\u00e9g\u00e9tative peuvent \u00eatre: des malaises en se levant (hypotension orthostatique) qui peuvent aller jusqu\u2019\u00e0 une perte de connaissance. une sensation de sati\u00e9t\u00e9 pr\u00e9coce apr\u00e8s les repas, des naus\u00e9es, des vomissements, une constipation opini\u00e2tre ou des diarrh\u00e9es parfois explosives apr\u00e8s les repas, ou encore l\u2019alternance des deux (troubles de la motricit\u00e9 gastro-intestinale). des troubles mictionnels et g\u00e9nitaux peuvent aussi survenir. Ils sont souvent pr\u00e9coces chez les hommes.<\/h6><h6>La pr\u00e9sence d\u2019un syndrome du canal carpien est \u00e9galement fr\u00e9quente dans les amyloses. Il est li\u00e9 \u00e0 une compression du nerf m\u00e9dian au niveau du poignet (canal carpien). Il se traduit par des douleurs, des fourmillements, des d\u00e9charges \u00e9lectriques pr\u00e9dominant au niveau de la face palmaire des trois premiers doigts de la main. Les sympt\u00f4mes pr\u00e9dominent la nuit. En l\u2019absence de traitement chirurgical, un d\u00e9ficit moteur peut appara\u00eetre.La multiplicit\u00e9 des sympt\u00f4mes brouille souvent les pistes et les patients peuvent subir de multiples investigations sans \u00e9tablissement d\u2019un diagnostic.<\/h6><h6><strong> Sch\u00e9ma des diff\u00e9rents organes atteints de dysautonomie<\/strong><\/h6>\t\t\t\t\t\t\t\t<\/div>\n\t\t\t\t<\/div>\n\t\t\t\t\t<\/div>\n\t\t<\/div>\n\t\t\t\t\t<\/div>\n\t\t<\/section>\n\t\t\t\t<section class=\"elementor-section elementor-top-section elementor-element elementor-element-2f1a9f8a elementor-section-boxed elementor-section-height-default elementor-section-height-default\" data-id=\"2f1a9f8a\" data-element_type=\"section\">\n\t\t\t\t\t\t<div class=\"elementor-container elementor-column-gap-default\">\n\t\t\t\t\t<div class=\"elementor-column elementor-col-100 elementor-top-column elementor-element elementor-element-38885af\" data-id=\"38885af\" data-element_type=\"column\">\n\t\t\t<div class=\"elementor-widget-wrap elementor-element-populated\">\n\t\t\t\t\t\t<div class=\"elementor-element elementor-element-780338f8 elementor-widget elementor-widget-image\" data-id=\"780338f8\" data-element_type=\"widget\" data-widget_type=\"image.default\">\n\t\t\t\t<div class=\"elementor-widget-container\">\n\t\t\t\t\t\t\t\t\t\t\t\t\t\t\t\t<a href=\"http:\/\/reseau-amylose.org\/patient\/wp-content\/uploads\/2019\/01\/schemaorgane.png\" data-elementor-open-lightbox=\"yes\" data-e-action-hash=\"#elementor-action%3Aaction%3Dlightbox%26settings%3DeyJpZCI6NjgwLCJ1cmwiOmZhbHNlfQ%3D%3D\">\n\t\t\t\t\t\t\t<img decoding=\"async\" src=\"http:\/\/reseau-amylose.org\/patient\/wp-content\/uploads\/2019\/01\/schemaorgane.png\" title=\"\" alt=\"\" loading=\"lazy\" \/>\t\t\t\t\t\t\t\t<\/a>\n\t\t\t\t\t\t\t\t\t\t\t\t\t\t\t<\/div>\n\t\t\t\t<\/div>\n\t\t\t\t\t<\/div>\n\t\t<\/div>\n\t\t\t\t\t<\/div>\n\t\t<\/section>\n\t\t\t\t<section class=\"elementor-section elementor-top-section elementor-element elementor-element-53cebcf8 elementor-section-boxed elementor-section-height-default elementor-section-height-default\" data-id=\"53cebcf8\" data-element_type=\"section\">\n\t\t\t\t\t\t<div class=\"elementor-container elementor-column-gap-default\">\n\t\t\t\t\t<div class=\"elementor-column elementor-col-100 elementor-top-column elementor-element elementor-element-694ff4fc\" data-id=\"694ff4fc\" data-element_type=\"column\">\n\t\t\t<div class=\"elementor-widget-wrap elementor-element-populated\">\n\t\t\t\t\t\t<div class=\"elementor-element elementor-element-c76d547 elementor-widget elementor-widget-video\" data-id=\"c76d547\" data-element_type=\"widget\" data-settings=\"{&quot;youtube_url&quot;:&quot;https:\\\/\\\/www.youtube.com\\\/watch?v=eW_HCS03S6I&quot;,&quot;video_type&quot;:&quot;youtube&quot;,&quot;controls&quot;:&quot;yes&quot;}\" data-widget_type=\"video.default\">\n\t\t\t\t<div class=\"elementor-widget-container\">\n\t\t\t\t\t\t\t<div class=\"elementor-wrapper elementor-open-inline\">\n\t\t\t<div class=\"elementor-video\"><\/div>\t\t<\/div>\n\t\t\t\t\t\t<\/div>\n\t\t\t\t<\/div>\n\t\t\t\t\t<\/div>\n\t\t<\/div>\n\t\t\t\t\t<\/div>\n\t\t<\/section>\n\t\t\t\t<section class=\"elementor-section elementor-top-section elementor-element elementor-element-364f81a8 elementor-section-boxed elementor-section-height-default elementor-section-height-default\" data-id=\"364f81a8\" data-element_type=\"section\">\n\t\t\t\t\t\t<div class=\"elementor-container elementor-column-gap-default\">\n\t\t\t\t\t<div class=\"elementor-column elementor-col-100 elementor-top-column elementor-element elementor-element-48e8274\" data-id=\"48e8274\" data-element_type=\"column\">\n\t\t\t<div class=\"elementor-widget-wrap elementor-element-populated\">\n\t\t\t\t\t\t<div class=\"elementor-element elementor-element-6ea8038a elementor-widget elementor-widget-spacer\" data-id=\"6ea8038a\" data-element_type=\"widget\" data-widget_type=\"spacer.default\">\n\t\t\t\t<div class=\"elementor-widget-container\">\n\t\t\t\t\t\t\t<div class=\"elementor-spacer\">\n\t\t\t<div class=\"elementor-spacer-inner\"><\/div>\n\t\t<\/div>\n\t\t\t\t\t\t<\/div>\n\t\t\t\t<\/div>\n\t\t\t\t\t<\/div>\n\t\t<\/div>\n\t\t\t\t\t<\/div>\n\t\t<\/section>\n\t\t\t\t<\/div>\n\t\t","protected":false},"excerpt":{"rendered":"<p>Neuropathie amylo\u00efde La neuropathie amylo\u00efde d\u00e9bute g\u00e9n\u00e9ralement par une atteinte de la sensibilit\u00e9 avec des engourdissements et des douleurs qui touchent initialement les pieds. Ceux-ci s\u2019\u00e9tendent progressivement \u00e0 l\u2019ensemble des membres inf\u00e9rieurs puis aux mains et \u00e0 l\u2019ensemble des membres sup\u00e9rieurs. L\u2019atteinte motrice va survenir plus tardivement, d\u2019abord au niveau des pieds puis selon la [&hellip;]<\/p>\n","protected":false},"author":1,"featured_media":0,"parent":83,"menu_order":2,"comment_status":"closed","ping_status":"closed","template":"","meta":{"_monsterinsights_skip_tracking":false,"_monsterinsights_sitenote_active":false,"_monsterinsights_sitenote_note":"","_monsterinsights_sitenote_category":0,"footnotes":""},"categories":[],"tags":[],"class_list":["post-74","page","type-page","status-publish","hentry"],"yoast_head":"<!-- This site is optimized with the Yoast SEO plugin v25.5 - https:\/\/yoast.com\/wordpress\/plugins\/seo\/ -->\n<title>Amylose : Picotements, perte de sensibilit\u00e9 (mains et pieds)\u00a0: la neuropathie amylo\u00efde - R\u00e9seau Amylose Site Patient<\/title>\n<meta name=\"robots\" content=\"index, follow, max-snippet:-1, max-image-preview:large, max-video-preview:-1\" \/>\n<link rel=\"canonical\" href=\"https:\/\/reseau-amylose.org\/jesuispatient\/identifier-les-symptomes\/picotements-perte-de-sensibilite-mains-et-pieds-la-neuropathie-amyloide\/\" \/>\n<meta property=\"og:locale\" content=\"fr_FR\" \/>\n<meta property=\"og:type\" content=\"article\" \/>\n<meta property=\"og:title\" content=\"Amylose : Picotements, perte de sensibilit\u00e9 (mains et pieds)\u00a0: la neuropathie amylo\u00efde - R\u00e9seau Amylose Site Patient\" \/>\n<meta property=\"og:description\" content=\"Neuropathie amylo\u00efde La neuropathie amylo\u00efde d\u00e9bute g\u00e9n\u00e9ralement par une atteinte de la sensibilit\u00e9 avec des engourdissements et des douleurs qui touchent initialement les pieds. Ceux-ci s\u2019\u00e9tendent progressivement \u00e0 l\u2019ensemble des membres inf\u00e9rieurs puis aux mains et \u00e0 l\u2019ensemble des membres sup\u00e9rieurs. L\u2019atteinte motrice va survenir plus tardivement, d\u2019abord au niveau des pieds puis selon la [&hellip;]\" \/>\n<meta property=\"og:url\" content=\"https:\/\/reseau-amylose.org\/jesuispatient\/identifier-les-symptomes\/picotements-perte-de-sensibilite-mains-et-pieds-la-neuropathie-amyloide\/\" \/>\n<meta property=\"og:site_name\" content=\"R\u00e9seau Amylose Site Patient\" \/>\n<meta property=\"article:modified_time\" content=\"2021-05-12T08:45:53+00:00\" \/>\n<meta property=\"og:image\" content=\"http:\/\/reseau-amylose.org\/patient\/wp-content\/uploads\/2019\/01\/schemaorgane.png\" \/>\n<meta name=\"twitter:card\" content=\"summary_large_image\" \/>\n<meta name=\"twitter:label1\" content=\"Dur\u00e9e de lecture estim\u00e9e\" \/>\n\t<meta name=\"twitter:data1\" content=\"2 minutes\" \/>\n<script type=\"application\/ld+json\" class=\"yoast-schema-graph\">{\"@context\":\"https:\/\/schema.org\",\"@graph\":[{\"@type\":\"WebPage\",\"@id\":\"https:\/\/reseau-amylose.org\/jesuispatient\/identifier-les-symptomes\/picotements-perte-de-sensibilite-mains-et-pieds-la-neuropathie-amyloide\/\",\"url\":\"https:\/\/reseau-amylose.org\/jesuispatient\/identifier-les-symptomes\/picotements-perte-de-sensibilite-mains-et-pieds-la-neuropathie-amyloide\/\",\"name\":\"Amylose : Picotements, perte de sensibilit\u00e9 (mains et pieds)\u00a0: la neuropathie amylo\u00efde - R\u00e9seau Amylose Site Patient\",\"isPartOf\":{\"@id\":\"https:\/\/reseau-amylose.org\/jesuispatient\/#website\"},\"primaryImageOfPage\":{\"@id\":\"https:\/\/reseau-amylose.org\/jesuispatient\/identifier-les-symptomes\/picotements-perte-de-sensibilite-mains-et-pieds-la-neuropathie-amyloide\/#primaryimage\"},\"image\":{\"@id\":\"https:\/\/reseau-amylose.org\/jesuispatient\/identifier-les-symptomes\/picotements-perte-de-sensibilite-mains-et-pieds-la-neuropathie-amyloide\/#primaryimage\"},\"thumbnailUrl\":\"http:\/\/reseau-amylose.org\/patient\/wp-content\/uploads\/2019\/01\/schemaorgane.png\",\"datePublished\":\"2018-11-28T11:23:00+00:00\",\"dateModified\":\"2021-05-12T08:45:53+00:00\",\"breadcrumb\":{\"@id\":\"https:\/\/reseau-amylose.org\/jesuispatient\/identifier-les-symptomes\/picotements-perte-de-sensibilite-mains-et-pieds-la-neuropathie-amyloide\/#breadcrumb\"},\"inLanguage\":\"fr-FR\",\"potentialAction\":[{\"@type\":\"ReadAction\",\"target\":[\"https:\/\/reseau-amylose.org\/jesuispatient\/identifier-les-symptomes\/picotements-perte-de-sensibilite-mains-et-pieds-la-neuropathie-amyloide\/\"]}]},{\"@type\":\"ImageObject\",\"inLanguage\":\"fr-FR\",\"@id\":\"https:\/\/reseau-amylose.org\/jesuispatient\/identifier-les-symptomes\/picotements-perte-de-sensibilite-mains-et-pieds-la-neuropathie-amyloide\/#primaryimage\",\"url\":\"http:\/\/reseau-amylose.org\/patient\/wp-content\/uploads\/2019\/01\/schemaorgane.png\",\"contentUrl\":\"http:\/\/reseau-amylose.org\/patient\/wp-content\/uploads\/2019\/01\/schemaorgane.png\"},{\"@type\":\"BreadcrumbList\",\"@id\":\"https:\/\/reseau-amylose.org\/jesuispatient\/identifier-les-symptomes\/picotements-perte-de-sensibilite-mains-et-pieds-la-neuropathie-amyloide\/#breadcrumb\",\"itemListElement\":[{\"@type\":\"ListItem\",\"position\":1,\"name\":\"Accueil\",\"item\":\"https:\/\/reseau-amylose.org\/jesuispatient\/\"},{\"@type\":\"ListItem\",\"position\":2,\"name\":\"IDENTIFIER LES SYMPTOMES\",\"item\":\"https:\/\/reseau-amylose.org\/jesuispatient\/identifier-les-symptomes\/\"},{\"@type\":\"ListItem\",\"position\":3,\"name\":\"Amylose : Picotements, perte de sensibilit\u00e9 (mains et pieds)\u00a0: la neuropathie amylo\u00efde\"}]},{\"@type\":\"WebSite\",\"@id\":\"https:\/\/reseau-amylose.org\/jesuispatient\/#website\",\"url\":\"https:\/\/reseau-amylose.org\/jesuispatient\/\",\"name\":\"R\u00e9seau Amylose Site Patient\",\"description\":\"Centre de r\u00e9f\u00e9rence des amyloses cardiaques\",\"potentialAction\":[{\"@type\":\"SearchAction\",\"target\":{\"@type\":\"EntryPoint\",\"urlTemplate\":\"https:\/\/reseau-amylose.org\/jesuispatient\/?s={search_term_string}\"},\"query-input\":{\"@type\":\"PropertyValueSpecification\",\"valueRequired\":true,\"valueName\":\"search_term_string\"}}],\"inLanguage\":\"fr-FR\"}]}<\/script>\n<!-- \/ Yoast SEO plugin. -->","yoast_head_json":{"title":"Amylose : Picotements, perte de sensibilit\u00e9 (mains et pieds)\u00a0: la neuropathie amylo\u00efde - R\u00e9seau Amylose Site Patient","robots":{"index":"index","follow":"follow","max-snippet":"max-snippet:-1","max-image-preview":"max-image-preview:large","max-video-preview":"max-video-preview:-1"},"canonical":"https:\/\/reseau-amylose.org\/jesuispatient\/identifier-les-symptomes\/picotements-perte-de-sensibilite-mains-et-pieds-la-neuropathie-amyloide\/","og_locale":"fr_FR","og_type":"article","og_title":"Amylose : Picotements, perte de sensibilit\u00e9 (mains et pieds)\u00a0: la neuropathie amylo\u00efde - R\u00e9seau Amylose Site Patient","og_description":"Neuropathie amylo\u00efde La neuropathie amylo\u00efde d\u00e9bute g\u00e9n\u00e9ralement par une atteinte de la sensibilit\u00e9 avec des engourdissements et des douleurs qui touchent initialement les pieds. Ceux-ci s\u2019\u00e9tendent progressivement \u00e0 l\u2019ensemble des membres inf\u00e9rieurs puis aux mains et \u00e0 l\u2019ensemble des membres sup\u00e9rieurs. L\u2019atteinte motrice va survenir plus tardivement, d\u2019abord au niveau des pieds puis selon la [&hellip;]","og_url":"https:\/\/reseau-amylose.org\/jesuispatient\/identifier-les-symptomes\/picotements-perte-de-sensibilite-mains-et-pieds-la-neuropathie-amyloide\/","og_site_name":"R\u00e9seau Amylose Site Patient","article_modified_time":"2021-05-12T08:45:53+00:00","og_image":[{"url":"http:\/\/reseau-amylose.org\/patient\/wp-content\/uploads\/2019\/01\/schemaorgane.png","type":"","width":"","height":""}],"twitter_card":"summary_large_image","twitter_misc":{"Dur\u00e9e de lecture estim\u00e9e":"2 minutes"},"schema":{"@context":"https:\/\/schema.org","@graph":[{"@type":"WebPage","@id":"https:\/\/reseau-amylose.org\/jesuispatient\/identifier-les-symptomes\/picotements-perte-de-sensibilite-mains-et-pieds-la-neuropathie-amyloide\/","url":"https:\/\/reseau-amylose.org\/jesuispatient\/identifier-les-symptomes\/picotements-perte-de-sensibilite-mains-et-pieds-la-neuropathie-amyloide\/","name":"Amylose : Picotements, perte de sensibilit\u00e9 (mains et pieds)\u00a0: la neuropathie amylo\u00efde - R\u00e9seau Amylose Site Patient","isPartOf":{"@id":"https:\/\/reseau-amylose.org\/jesuispatient\/#website"},"primaryImageOfPage":{"@id":"https:\/\/reseau-amylose.org\/jesuispatient\/identifier-les-symptomes\/picotements-perte-de-sensibilite-mains-et-pieds-la-neuropathie-amyloide\/#primaryimage"},"image":{"@id":"https:\/\/reseau-amylose.org\/jesuispatient\/identifier-les-symptomes\/picotements-perte-de-sensibilite-mains-et-pieds-la-neuropathie-amyloide\/#primaryimage"},"thumbnailUrl":"http:\/\/reseau-amylose.org\/patient\/wp-content\/uploads\/2019\/01\/schemaorgane.png","datePublished":"2018-11-28T11:23:00+00:00","dateModified":"2021-05-12T08:45:53+00:00","breadcrumb":{"@id":"https:\/\/reseau-amylose.org\/jesuispatient\/identifier-les-symptomes\/picotements-perte-de-sensibilite-mains-et-pieds-la-neuropathie-amyloide\/#breadcrumb"},"inLanguage":"fr-FR","potentialAction":[{"@type":"ReadAction","target":["https:\/\/reseau-amylose.org\/jesuispatient\/identifier-les-symptomes\/picotements-perte-de-sensibilite-mains-et-pieds-la-neuropathie-amyloide\/"]}]},{"@type":"ImageObject","inLanguage":"fr-FR","@id":"https:\/\/reseau-amylose.org\/jesuispatient\/identifier-les-symptomes\/picotements-perte-de-sensibilite-mains-et-pieds-la-neuropathie-amyloide\/#primaryimage","url":"http:\/\/reseau-amylose.org\/patient\/wp-content\/uploads\/2019\/01\/schemaorgane.png","contentUrl":"http:\/\/reseau-amylose.org\/patient\/wp-content\/uploads\/2019\/01\/schemaorgane.png"},{"@type":"BreadcrumbList","@id":"https:\/\/reseau-amylose.org\/jesuispatient\/identifier-les-symptomes\/picotements-perte-de-sensibilite-mains-et-pieds-la-neuropathie-amyloide\/#breadcrumb","itemListElement":[{"@type":"ListItem","position":1,"name":"Accueil","item":"https:\/\/reseau-amylose.org\/jesuispatient\/"},{"@type":"ListItem","position":2,"name":"IDENTIFIER LES SYMPTOMES","item":"https:\/\/reseau-amylose.org\/jesuispatient\/identifier-les-symptomes\/"},{"@type":"ListItem","position":3,"name":"Amylose : Picotements, perte de sensibilit\u00e9 (mains et pieds)\u00a0: la neuropathie amylo\u00efde"}]},{"@type":"WebSite","@id":"https:\/\/reseau-amylose.org\/jesuispatient\/#website","url":"https:\/\/reseau-amylose.org\/jesuispatient\/","name":"R\u00e9seau Amylose Site Patient","description":"Centre de r\u00e9f\u00e9rence des amyloses cardiaques","potentialAction":[{"@type":"SearchAction","target":{"@type":"EntryPoint","urlTemplate":"https:\/\/reseau-amylose.org\/jesuispatient\/?s={search_term_string}"},"query-input":{"@type":"PropertyValueSpecification","valueRequired":true,"valueName":"search_term_string"}}],"inLanguage":"fr-FR"}]}},"_links":{"self":[{"href":"https:\/\/reseau-amylose.org\/jesuispatient\/wp-json\/wp\/v2\/pages\/74","targetHints":{"allow":["GET"]}}],"collection":[{"href":"https:\/\/reseau-amylose.org\/jesuispatient\/wp-json\/wp\/v2\/pages"}],"about":[{"href":"https:\/\/reseau-amylose.org\/jesuispatient\/wp-json\/wp\/v2\/types\/page"}],"author":[{"embeddable":true,"href":"https:\/\/reseau-amylose.org\/jesuispatient\/wp-json\/wp\/v2\/users\/1"}],"replies":[{"embeddable":true,"href":"https:\/\/reseau-amylose.org\/jesuispatient\/wp-json\/wp\/v2\/comments?post=74"}],"version-history":[{"count":3,"href":"https:\/\/reseau-amylose.org\/jesuispatient\/wp-json\/wp\/v2\/pages\/74\/revisions"}],"predecessor-version":[{"id":2908,"href":"https:\/\/reseau-amylose.org\/jesuispatient\/wp-json\/wp\/v2\/pages\/74\/revisions\/2908"}],"up":[{"embeddable":true,"href":"https:\/\/reseau-amylose.org\/jesuispatient\/wp-json\/wp\/v2\/pages\/83"}],"wp:attachment":[{"href":"https:\/\/reseau-amylose.org\/jesuispatient\/wp-json\/wp\/v2\/media?parent=74"}],"wp:term":[{"taxonomy":"category","embeddable":true,"href":"https:\/\/reseau-amylose.org\/jesuispatient\/wp-json\/wp\/v2\/categories?post=74"},{"taxonomy":"post_tag","embeddable":true,"href":"https:\/\/reseau-amylose.org\/jesuispatient\/wp-json\/wp\/v2\/tags?post=74"}],"curies":[{"name":"wp","href":"https:\/\/api.w.org\/{rel}","templated":true}]}}