{"id":3048,"date":"2021-03-11T13:56:31","date_gmt":"2021-03-11T13:56:31","guid":{"rendered":"https:\/\/www.reseau-amylose.org\/jesuissoignant\/?page_id=3048"},"modified":"2022-03-24T11:24:09","modified_gmt":"2022-03-24T10:24:09","slug":"symptomesorl","status":"publish","type":"page","link":"http:\/\/reseau-amylose.org\/jesuissoignant\/symptomesorl\/","title":{"rendered":"Sympt\u00f4mes ORL"},"content":{"rendered":"\t\t<div data-elementor-type=\"wp-page\" data-elementor-id=\"3048\" class=\"elementor elementor-3048\" data-elementor-post-type=\"page\">\n\t\t\t\t\t\t<section class=\"elementor-section elementor-top-section elementor-element elementor-element-4070d4a6 elementor-section-content-middle elementor-section-boxed elementor-section-height-default elementor-section-height-default\" data-id=\"4070d4a6\" data-element_type=\"section\" data-settings=\"{&quot;background_background&quot;:&quot;classic&quot;}\">\n\t\t\t\t\t\t<div class=\"elementor-container elementor-column-gap-no\">\n\t\t\t\t\t<div class=\"elementor-column elementor-col-100 elementor-top-column elementor-element elementor-element-76cf4fc1\" data-id=\"76cf4fc1\" data-element_type=\"column\">\n\t\t\t<div class=\"elementor-widget-wrap elementor-element-populated\">\n\t\t\t\t\t\t<div class=\"elementor-element elementor-element-2fce2589 elementor-widget-divider--view-line elementor-widget elementor-widget-divider\" data-id=\"2fce2589\" data-element_type=\"widget\" data-widget_type=\"divider.default\">\n\t\t\t\t<div class=\"elementor-widget-container\">\n\t\t\t\t\t\t\t<div class=\"elementor-divider\">\n\t\t\t<span class=\"elementor-divider-separator\">\n\t\t\t\t\t\t<\/span>\n\t\t<\/div>\n\t\t\t\t\t\t<\/div>\n\t\t\t\t<\/div>\n\t\t\t\t\t<\/div>\n\t\t<\/div>\n\t\t\t\t\t<\/div>\n\t\t<\/section>\n\t\t\t\t<section class=\"elementor-section elementor-top-section elementor-element elementor-element-2be7f3e elementor-section-boxed elementor-section-height-default elementor-section-height-default\" data-id=\"2be7f3e\" data-element_type=\"section\">\n\t\t\t\t\t\t<div class=\"elementor-container elementor-column-gap-default\">\n\t\t\t\t\t<div class=\"elementor-column elementor-col-100 elementor-top-column elementor-element elementor-element-e0d16e4\" data-id=\"e0d16e4\" data-element_type=\"column\">\n\t\t\t<div class=\"elementor-widget-wrap elementor-element-populated\">\n\t\t\t\t\t\t<div class=\"elementor-element elementor-element-41bece7 elementor-widget elementor-widget-heading\" data-id=\"41bece7\" data-element_type=\"widget\" data-widget_type=\"heading.default\">\n\t\t\t\t<div class=\"elementor-widget-container\">\n\t\t\t\t\t<h3 class=\"elementor-heading-title elementor-size-default\">Les atteintes ORL et Stomatologiques<\/h3>\t\t\t\t<\/div>\n\t\t\t\t<\/div>\n\t\t\t\t\t<\/div>\n\t\t<\/div>\n\t\t\t\t\t<\/div>\n\t\t<\/section>\n\t\t\t\t<section class=\"elementor-section elementor-top-section elementor-element elementor-element-8cccda6 elementor-section-boxed elementor-section-height-default elementor-section-height-default\" data-id=\"8cccda6\" data-element_type=\"section\">\n\t\t\t\t\t\t<div class=\"elementor-container elementor-column-gap-default\">\n\t\t\t\t\t<div class=\"elementor-column elementor-col-33 elementor-top-column elementor-element elementor-element-1eff3c7\" data-id=\"1eff3c7\" data-element_type=\"column\">\n\t\t\t<div class=\"elementor-widget-wrap elementor-element-populated\">\n\t\t\t\t\t\t<div class=\"elementor-element elementor-element-ef24233 elementor-widget elementor-widget-text-editor\" data-id=\"ef24233\" data-element_type=\"widget\" data-widget_type=\"text-editor.default\">\n\t\t\t\t<div class=\"elementor-widget-container\">\n\t\t\t\t\t\t\t\t\t<h6><span style=\"color: #000000\">Les patients atteints d&rsquo;amylose ont fr\u00e9quement un d\u00e9ficit auditif. Il est particuli\u00e8rement fr\u00e9quent dans l&rsquo;amylose \u00e0 transthyr\u00e9tine s\u00e9nile. Il est diff\u00e9rent de la surdit\u00e9 observ\u00e9e avec l&rsquo;\u00e2ge (presbyacousie). La surdit\u00e9 doit \u00eatre rechercher et fait partie des \u00ab\u00a0red flag\u00a0\u00bb de l&rsquo;amylose.\u00a0 <\/span><\/h6><h6><span style=\"color: #000000\">Pour en avoir savoir plus, visionnez la vid\u00e9o ci-contre<\/span><\/h6>\t\t\t\t\t\t\t\t<\/div>\n\t\t\t\t<\/div>\n\t\t\t\t\t<\/div>\n\t\t<\/div>\n\t\t\t\t<div class=\"elementor-column elementor-col-66 elementor-top-column elementor-element elementor-element-6a87e7f\" data-id=\"6a87e7f\" data-element_type=\"column\">\n\t\t\t<div class=\"elementor-widget-wrap elementor-element-populated\">\n\t\t\t\t\t\t<div class=\"elementor-element elementor-element-c93e413 elementor-widget elementor-widget-text-editor\" data-id=\"c93e413\" data-element_type=\"widget\" data-widget_type=\"text-editor.default\">\n\t\t\t\t<div class=\"elementor-widget-container\">\n\t\t\t\t\t\t\t\t\t<h6><strong><span style=\"color: #4db8f0\">L&rsquo;amylose et les atteintes ORL : surdit\u00e9, d\u00e9glutition&#8230;<\/span><\/strong><\/h6><p><em><span style=\"color: #4db8f0\">Sophie BARTIER<\/span><\/em><\/p>\t\t\t\t\t\t\t\t<\/div>\n\t\t\t\t<\/div>\n\t\t\t\t<div class=\"elementor-element elementor-element-2db3c35 elementor-widget elementor-widget-video\" data-id=\"2db3c35\" data-element_type=\"widget\" data-settings=\"{&quot;youtube_url&quot;:&quot;https:\\\/\\\/www.youtube.com\\\/watch?v=FBqPBYIk30M&amp;ab_channel=R%C3%A9seauAmylose&quot;,&quot;video_type&quot;:&quot;youtube&quot;,&quot;controls&quot;:&quot;yes&quot;}\" data-widget_type=\"video.default\">\n\t\t\t\t<div class=\"elementor-widget-container\">\n\t\t\t\t\t\t\t<div class=\"elementor-wrapper elementor-open-inline\">\n\t\t\t<div class=\"elementor-video\"><\/div>\t\t<\/div>\n\t\t\t\t\t\t<\/div>\n\t\t\t\t<\/div>\n\t\t\t\t\t<\/div>\n\t\t<\/div>\n\t\t\t\t\t<\/div>\n\t\t<\/section>\n\t\t\t\t<section class=\"elementor-section elementor-top-section elementor-element elementor-element-7a4841a elementor-section-boxed elementor-section-height-default elementor-section-height-default\" data-id=\"7a4841a\" data-element_type=\"section\">\n\t\t\t\t\t\t<div class=\"elementor-container elementor-column-gap-default\">\n\t\t\t\t\t<div class=\"elementor-column elementor-col-100 elementor-top-column elementor-element elementor-element-eda2707\" data-id=\"eda2707\" data-element_type=\"column\">\n\t\t\t<div class=\"elementor-widget-wrap elementor-element-populated\">\n\t\t\t\t\t\t<div class=\"elementor-element elementor-element-7bdb2d9 elementor-widget elementor-widget-text-editor\" data-id=\"7bdb2d9\" data-element_type=\"widget\" data-widget_type=\"text-editor.default\">\n\t\t\t\t<div class=\"elementor-widget-container\">\n\t\t\t\t\t\t\t\t\t<h5><strong><span style=\"color: #4db8f0\">Les atteintes ORL<\/span><\/strong><\/h5><h6><span style=\"color: #000000\"><strong>Les amyloses<\/strong> sont des maladies o\u00f9 des prot\u00e9ines circulantes changent de conformation et deviennent fibrillaires. Ces fibrilles amylo\u00efdes sont stables et rigides et vont infiltrer la matrice extracellulaire des organes alt\u00e9rant ainsi leur fonctionnement. La <strong>fibrillo-formation<\/strong> est un processus dynamique et donc \u00e9volutif<\/span><\/h6><h6><span style=\"color: #000000\"><strong>Les 3 types d\u2019amyloses cardiaques :<\/strong> La forme <strong>AL<\/strong> est li\u00e9e \u00e0 la surproduction de cha\u00eenes l\u00e9g\u00e8res libre Kappa ou Lambda. Les deux formes \u00e0 transthyr\u00e9tine (TTR) sont appel\u00e9es\u00a0: <strong>ATTR sauvage ou s\u00e9nile <\/strong>qui est acquise et apparait apr\u00e8s 50 ans et <strong>ATTR h\u00e9r\u00e9ditaire<\/strong> qui est li\u00e9e \u00e0 une mutation dans le g\u00e8ne de la transthyr\u00e9tine.<\/span><\/h6><h6><span style=\"color: #000000\"><strong>Les atteintes ORL et STOMATO\u00a0sont sous-estim\u00e9es. <\/strong>Les amyloses cardiaques, quelque soit leur type, sont pourvoyeuses de perte d\u2019audition, de troubles de la d\u00e9glutition et alt\u00e9rations de la voix et la macroglossie. Elles peuvent \u00eatre les premiers signes de la maladie<strong>. <\/strong>Elles sont li\u00e9es \u00e0 une <strong>neuropathie\/vasculopathie amylo\u00efdes<\/strong> et des d\u00e9p\u00f4ts au niveau des osselets de l\u2019oreille moyenne, de la cochl\u00e9e et au niveau de la musculature et des cartilages\/ligaments pharyngo-laryng\u00e9s.<\/span><\/h6><h6><span style=\"color: #000000\">Ces atteintes ont des cons\u00e9quences pour les patients c\u2019est pourquoi il faut les d\u00e9pister et les traiter. La perte d\u2019audition est un <strong>facteur de risque d\u2019isolement social, d\u00e9pression voire d\u2019acc\u00e9l\u00e9ration des troubles cognitifs<\/strong>. La macroglossie, parfois accompagn\u00e9e d\u2019une alt\u00e9ration du go\u00fbt (dysgueusie), se voit notamment pour les amyloses AL lors de la d\u00e9couverte de la maladie (et avant traitement), et peut \u00eatre pourvoyeuse d\u2019une g\u00eane \u00e0 la d\u00e9glutition voire d\u2019une anorexie. Les troubles de la d\u00e9glutition sont \u00e0 l\u2019origine d\u2019une <strong>perte de poids\/d\u00e9nutrition<\/strong> et d\u2019une alt\u00e9ration de la qualit\u00e9 de vie.<\/span><\/h6>\t\t\t\t\t\t\t\t<\/div>\n\t\t\t\t<\/div>\n\t\t\t\t<div class=\"elementor-element elementor-element-81c1c86 elementor-widget elementor-widget-text-editor\" data-id=\"81c1c86\" data-element_type=\"widget\" data-widget_type=\"text-editor.default\">\n\t\t\t\t<div class=\"elementor-widget-container\">\n\t\t\t\t\t\t\t\t\t<h5><strong><span style=\"color: #4db8f0\">Les d\u00e9pister<\/span><\/strong><\/h5><h6><span style=\"color: #000000\"><strong>Rep\u00e9rer la surdit\u00e9\u00a0: <\/strong>lors du bilan d\u2019un patient avec amylose cardiaque, il est important d\u2019<strong>interroger<\/strong> le patient sur une \u00e9ventuelle perte d\u2019audition \u00e0 l\u2019aide de questions simples\u00a0: \u00ab\u00a0avez-vous l\u2019impression d\u2019entendre moins bien\u00a0?\u00a0\u00bb, \u00ab\u00a0fa\u00eetes-vous r\u00e9p\u00e9ter votre entourage\u00a0?\u00a0\u00bb, \u00ab\u00a0augmentez-vous le son de votre t\u00e9l\u00e9viseur\u00a0plus que votre entourage\u00a0?\u00a0\u00bb. Un test simple de d\u00e9pistage, r\u00e9alisable en consultation, est celui de la <strong>voix chuchot\u00e9e<\/strong> qui consiste \u00e0 chuchoter \u00e0 l\u2019oreille du patient une phrase simple (un c\u00f4t\u00e9 puis l\u2019autre) et lui demander de r\u00e9p\u00e9ter votre phrase.<\/span><\/h6><h6><span style=\"color: #000000\"><img fetchpriority=\"high\" decoding=\"async\" class=\"aligncenter wp-image-3182 size-medium\" src=\"https:\/\/reseau-amylose.org\/jesuissoignant\/storage\/sites\/5\/2021\/03\/Capture-de\u0301cran-2021-03-11-a\u0300-16.16.11-300x192.png\" alt=\"\" width=\"300\" height=\"192\" srcset=\"http:\/\/reseau-amylose.org\/jesuissoignant\/wp-content\/uploads\/sites\/5\/2021\/03\/Capture-de\u0301cran-2021-03-11-a\u0300-16.16.11-300x192.png 300w, http:\/\/reseau-amylose.org\/jesuissoignant\/wp-content\/uploads\/sites\/5\/2021\/03\/Capture-de\u0301cran-2021-03-11-a\u0300-16.16.11-1024x654.png 1024w, http:\/\/reseau-amylose.org\/jesuissoignant\/wp-content\/uploads\/sites\/5\/2021\/03\/Capture-de\u0301cran-2021-03-11-a\u0300-16.16.11-768x490.png 768w, http:\/\/reseau-amylose.org\/jesuissoignant\/wp-content\/uploads\/sites\/5\/2021\/03\/Capture-de\u0301cran-2021-03-11-a\u0300-16.16.11.png 1156w\" sizes=\"(max-width: 300px) 100vw, 300px\" \/><\/span><\/h6><h6><span style=\"color: #000000\"><strong>Rep\u00e9rer les troubles de la d\u00e9glutition\u00a0:<\/strong> Concernant les atteintes de la d\u00e9glutition et de la voix, un simple interrogatoire du patient sur ses difficult\u00e9s \u00e0 avaler (liquides\/solides) et \u00e0 parler suffit \u00e0 d\u00e9pister une \u00e9ventuelle atteinte.\u00a0<\/span><\/h6><h6><span style=\"color: #000000\"><strong>Rep\u00e9rer la macroglossie<\/strong>\u00a0: Elle peut s\u2019observer \u00e0 <strong>l\u2019examen buccal<\/strong> avec une langue hypertrophi\u00e9e et\/ou cr\u00e9nel\u00e9e sur les bords.<\/span><\/h6><table><tbody><tr><td width=\"337\"><h6>\u00b7 Il faut rechercher les atteintes ORL et adresser les patients \u00e0 l\u2019ORL.<\/h6><h6>\u00b7 Ces atteintes ont un retentissement sur la qualit\u00e9 de vie et le pronostic des patients.<\/h6><h6>\u00b7 Nous vous conseillons d\u2019adresser le patient avec le flyer destin\u00e9 aux m\u00e9decins ORL<\/h6><\/td><\/tr><\/tbody><\/table>\t\t\t\t\t\t\t\t<\/div>\n\t\t\t\t<\/div>\n\t\t\t\t<div class=\"elementor-element elementor-element-e5d702d elementor-align-center elementor-widget elementor-widget-button\" data-id=\"e5d702d\" data-element_type=\"widget\" data-widget_type=\"button.default\">\n\t\t\t\t<div class=\"elementor-widget-container\">\n\t\t\t\t\t\t\t\t\t<div class=\"elementor-button-wrapper\">\n\t\t\t\t\t<a class=\"elementor-button elementor-button-link elementor-size-md\" href=\"https:\/\/www.reseau-amylose.org\/jesuissoignant\/documentation\/triptyques\/\" target=\"_blank\">\n\t\t\t\t\t\t<span class=\"elementor-button-content-wrapper\">\n\t\t\t\t\t\t\t\t\t<span class=\"elementor-button-text\">T\u00e9l\u00e9chargez le Triptyque pour le m\u00e9decin ORL et Stomato - \"Surdit\u00e9, dysphonie, dysphagie ou macroglossie, et si c'\u00e9tait une amylose ? \"<\/span>\n\t\t\t\t\t<\/span>\n\t\t\t\t\t<\/a>\n\t\t\t\t<\/div>\n\t\t\t\t\t\t\t\t<\/div>\n\t\t\t\t<\/div>\n\t\t\t\t<div class=\"elementor-element elementor-element-5fe5e58 elementor-widget elementor-widget-text-editor\" data-id=\"5fe5e58\" data-element_type=\"widget\" data-widget_type=\"text-editor.default\">\n\t\t\t\t<div class=\"elementor-widget-container\">\n\t\t\t\t\t\t\t\t\t<h5><span style=\"color: #4db8f0\"><strong>Adresser \u00e0 L\u2019ORL\u00a0<\/strong><\/span><\/h5><h6><span style=\"color: #000000\">Si au cours de votre interrogatoire votre patient se plaint de perte d\u2019audition, de troubles de la d\u00e9glutition et de modification de la voix, il convient de l\u2019adresser \u00e0 un <strong>ORL<\/strong> afin de r\u00e9aliser un bilan.<\/span><\/h6><h6><span style=\"color: #000000\">Celui-ci comprendra un <strong>audiogramme<\/strong> \u00e0 la recherche d\u2019une perte d\u2019audition et une <strong>nasofibroscopie<\/strong> de d\u00e9glutition afin d\u2019\u00e9liminer une autre cause organique. Au besoin l\u2019ORL orientera vers un phoniatre pour r\u00e9aliser un bilan vocal plus complet.<\/span><\/h6><h6><span style=\"color: #000000\">L\u2019audiogramme des patients avec amylose diff\u00e8re de la presbyacousie. Ce n\u2019est donc pas la surdit\u00e9 classique du sujet \u00e2g\u00e9. La <strong>perte auditive est plus profonde et surtout affectant toutes les fr\u00e9quences et pas seulement les fr\u00e9quences aigu\u00ebs comme dans la presbyacousie.<\/strong> Un ph\u00e9nom\u00e8ne de recrutement important est \u00e9galement retrouv\u00e9 en faveur d\u2019une surdit\u00e9 d\u2019origine endocochl\u00e9aire. Les autres hypoth\u00e8ses seraient une atteinte r\u00e9trocochl\u00e9aire et centrale par neuropathie auditive amylo\u00efde li\u00e9s \u00e0 des d\u00e9p\u00f4ts endo\/p\u00e9rineuraux mais aussi vasculopathie.<\/span><\/h6><h6><span style=\"color: #000000\"><img decoding=\"async\" class=\"aligncenter wp-image-3190 size-medium\" src=\"https:\/\/reseau-amylose.org\/jesuissoignant\/storage\/sites\/5\/2021\/03\/Capture-de\u0301cran-2021-03-11-a\u0300-16.19.21-300x181.png\" alt=\"\" width=\"300\" height=\"181\" srcset=\"http:\/\/reseau-amylose.org\/jesuissoignant\/wp-content\/uploads\/sites\/5\/2021\/03\/Capture-de\u0301cran-2021-03-11-a\u0300-16.19.21-300x181.png 300w, http:\/\/reseau-amylose.org\/jesuissoignant\/wp-content\/uploads\/sites\/5\/2021\/03\/Capture-de\u0301cran-2021-03-11-a\u0300-16.19.21-1024x617.png 1024w, http:\/\/reseau-amylose.org\/jesuissoignant\/wp-content\/uploads\/sites\/5\/2021\/03\/Capture-de\u0301cran-2021-03-11-a\u0300-16.19.21-768x462.png 768w, http:\/\/reseau-amylose.org\/jesuissoignant\/wp-content\/uploads\/sites\/5\/2021\/03\/Capture-de\u0301cran-2021-03-11-a\u0300-16.19.21.png 1528w\" sizes=\"(max-width: 300px) 100vw, 300px\" \/><\/span><\/h6>\t\t\t\t\t\t\t\t<\/div>\n\t\t\t\t<\/div>\n\t\t\t\t<div class=\"elementor-element elementor-element-e8a44c2 elementor-widget elementor-widget-text-editor\" data-id=\"e8a44c2\" data-element_type=\"widget\" data-widget_type=\"text-editor.default\">\n\t\t\t\t<div class=\"elementor-widget-container\">\n\t\t\t\t\t\t\t\t\t<h5><span style=\"color: #4db8f0\"><strong>La prise en charge ORL\u00a0<\/strong><\/span><\/h5><h6><span style=\"color: #000000\">Les alt\u00e9rations de l\u2019audition \u00e9tant dues \u00e0 des d\u00e9p\u00f4ts diffus, il n\u2019existe pas de traitement chirurgical. Le traitement repose donc sur <strong>l\u2019appareillage auditif<\/strong>. Il a \u00e9t\u00e9 prouv\u00e9 que plus l\u2019appareillage auditif \u00e9tait pr\u00e9coce, moins l\u2019audition se d\u00e9gradait rapidement. L\u2019appareillage auditif pourrait aussi \u00eatre protecteur, \u00e0 un certain degr\u00e9, contre les d\u00e9mences s\u00e9niles.\u00a0 L\u2019appareillage est souvent mal v\u00e9cu voire refus\u00e9 par le patient, car vu comme une contrainte et cher. Il convient de lui expliquer l\u2019importance de pallier ce d\u00e9ficit et le confort qui en r\u00e9sultera apr\u00e8s une phase d\u2019adaptation (depuis 2019, meilleur remboursement des appareils auditifs).<\/span><\/h6><h6><span style=\"color: #000000\">Concernant les troubles de la d\u00e9glutition et de la voix, l\u2019ORL pourra orienter le patient pour une <strong>r\u00e9\u00e9ducation orthophonique<\/strong>. Des compl\u00e9ments alimentaires et une adaptation des textures doivent \u00eatre prescrits en cas de perte de poids et d\u00e9nutrition (consultation di\u00e9t\u00e9tique).<\/span><\/h6><h6><span style=\"color: #000000\">La dysphonie en rapport avec une amylose AL localis\u00e9e des cordes vocales repose essentiellement sur la chirurgie (traitement par radioth\u00e9rapie exceptionnel). Il faut bien-s\u00fbr \u00eatre sur qu\u2019il s\u2019agit d\u2019une forme localis\u00e9e. Un avis aupr\u00e8s d\u2019un centre expert est indispensable.<\/span><\/h6>\t\t\t\t\t\t\t\t<\/div>\n\t\t\t\t<\/div>\n\t\t\t\t\t<\/div>\n\t\t<\/div>\n\t\t\t\t\t<\/div>\n\t\t<\/section>\n\t\t\t\t<\/div>\n\t\t","protected":false},"excerpt":{"rendered":"<p>Les atteintes ORL et Stomatologiques Les patients atteints d&rsquo;amylose ont fr\u00e9quement un d\u00e9ficit auditif. Il est particuli\u00e8rement fr\u00e9quent dans l&rsquo;amylose \u00e0 transthyr\u00e9tine s\u00e9nile. Il est diff\u00e9rent de la surdit\u00e9 observ\u00e9e avec l&rsquo;\u00e2ge (presbyacousie). La surdit\u00e9 doit \u00eatre rechercher et fait partie des \u00ab\u00a0red flag\u00a0\u00bb de l&rsquo;amylose.\u00a0 Pour en avoir savoir plus, visionnez la vid\u00e9o ci-contre [&hellip;]<\/p>\n","protected":false},"author":1,"featured_media":0,"parent":0,"menu_order":0,"comment_status":"closed","ping_status":"closed","template":"","meta":{"_monsterinsights_skip_tracking":false,"_monsterinsights_sitenote_active":false,"_monsterinsights_sitenote_note":"","_monsterinsights_sitenote_category":0,"footnotes":""},"categories":[],"tags":[],"class_list":["post-3048","page","type-page","status-publish","hentry"],"yoast_head":"<!-- This site is optimized with the Yoast SEO plugin v25.5 - https:\/\/yoast.com\/wordpress\/plugins\/seo\/ -->\n<title>Sympt\u00f4mes ORL - R\u00e9seau Amylose<\/title>\n<meta name=\"robots\" content=\"index, follow, max-snippet:-1, max-image-preview:large, max-video-preview:-1\" \/>\n<link rel=\"canonical\" href=\"http:\/\/reseau-amylose.org\/jesuissoignant\/symptomesorl\/\" \/>\n<meta property=\"og:locale\" content=\"fr_FR\" \/>\n<meta property=\"og:type\" content=\"article\" \/>\n<meta property=\"og:title\" content=\"Sympt\u00f4mes ORL - R\u00e9seau Amylose\" \/>\n<meta property=\"og:description\" content=\"Les atteintes ORL et Stomatologiques Les patients atteints d&rsquo;amylose ont fr\u00e9quement un d\u00e9ficit auditif. Il est particuli\u00e8rement fr\u00e9quent dans l&rsquo;amylose \u00e0 transthyr\u00e9tine s\u00e9nile. Il est diff\u00e9rent de la surdit\u00e9 observ\u00e9e avec l&rsquo;\u00e2ge (presbyacousie). La surdit\u00e9 doit \u00eatre rechercher et fait partie des \u00ab\u00a0red flag\u00a0\u00bb de l&rsquo;amylose.\u00a0 Pour en avoir savoir plus, visionnez la vid\u00e9o ci-contre [&hellip;]\" \/>\n<meta property=\"og:url\" content=\"http:\/\/reseau-amylose.org\/jesuissoignant\/symptomesorl\/\" \/>\n<meta property=\"og:site_name\" content=\"R\u00e9seau Amylose\" \/>\n<meta property=\"article:modified_time\" content=\"2022-03-24T10:24:09+00:00\" \/>\n<meta name=\"twitter:card\" content=\"summary_large_image\" \/>\n<meta name=\"twitter:label1\" content=\"Dur\u00e9e de lecture estim\u00e9e\" \/>\n\t<meta name=\"twitter:data1\" content=\"5 minutes\" \/>\n<script type=\"application\/ld+json\" class=\"yoast-schema-graph\">{\"@context\":\"https:\/\/schema.org\",\"@graph\":[{\"@type\":\"WebPage\",\"@id\":\"http:\/\/reseau-amylose.org\/jesuissoignant\/symptomesorl\/\",\"url\":\"http:\/\/reseau-amylose.org\/jesuissoignant\/symptomesorl\/\",\"name\":\"Sympt\u00f4mes ORL - R\u00e9seau Amylose\",\"isPartOf\":{\"@id\":\"https:\/\/reseau-amylose.org\/jesuissoignant\/#website\"},\"datePublished\":\"2021-03-11T13:56:31+00:00\",\"dateModified\":\"2022-03-24T10:24:09+00:00\",\"breadcrumb\":{\"@id\":\"http:\/\/reseau-amylose.org\/jesuissoignant\/symptomesorl\/#breadcrumb\"},\"inLanguage\":\"fr-FR\",\"potentialAction\":[{\"@type\":\"ReadAction\",\"target\":[\"http:\/\/reseau-amylose.org\/jesuissoignant\/symptomesorl\/\"]}]},{\"@type\":\"BreadcrumbList\",\"@id\":\"http:\/\/reseau-amylose.org\/jesuissoignant\/symptomesorl\/#breadcrumb\",\"itemListElement\":[{\"@type\":\"ListItem\",\"position\":1,\"name\":\"Accueil\",\"item\":\"https:\/\/reseau-amylose.org\/jesuissoignant\/\"},{\"@type\":\"ListItem\",\"position\":2,\"name\":\"Sympt\u00f4mes ORL\"}]},{\"@type\":\"WebSite\",\"@id\":\"https:\/\/reseau-amylose.org\/jesuissoignant\/#website\",\"url\":\"https:\/\/reseau-amylose.org\/jesuissoignant\/\",\"name\":\"R\u00e9seau Amylose\",\"description\":\"Centre de r\u00e9f\u00e9rence des amyloses cardiaques espace soignant\",\"potentialAction\":[{\"@type\":\"SearchAction\",\"target\":{\"@type\":\"EntryPoint\",\"urlTemplate\":\"https:\/\/reseau-amylose.org\/jesuissoignant\/?s={search_term_string}\"},\"query-input\":{\"@type\":\"PropertyValueSpecification\",\"valueRequired\":true,\"valueName\":\"search_term_string\"}}],\"inLanguage\":\"fr-FR\"}]}<\/script>\n<!-- \/ Yoast SEO plugin. -->","yoast_head_json":{"title":"Sympt\u00f4mes ORL - R\u00e9seau Amylose","robots":{"index":"index","follow":"follow","max-snippet":"max-snippet:-1","max-image-preview":"max-image-preview:large","max-video-preview":"max-video-preview:-1"},"canonical":"http:\/\/reseau-amylose.org\/jesuissoignant\/symptomesorl\/","og_locale":"fr_FR","og_type":"article","og_title":"Sympt\u00f4mes ORL - R\u00e9seau Amylose","og_description":"Les atteintes ORL et Stomatologiques Les patients atteints d&rsquo;amylose ont fr\u00e9quement un d\u00e9ficit auditif. Il est particuli\u00e8rement fr\u00e9quent dans l&rsquo;amylose \u00e0 transthyr\u00e9tine s\u00e9nile. Il est diff\u00e9rent de la surdit\u00e9 observ\u00e9e avec l&rsquo;\u00e2ge (presbyacousie). La surdit\u00e9 doit \u00eatre rechercher et fait partie des \u00ab\u00a0red flag\u00a0\u00bb de l&rsquo;amylose.\u00a0 Pour en avoir savoir plus, visionnez la vid\u00e9o ci-contre [&hellip;]","og_url":"http:\/\/reseau-amylose.org\/jesuissoignant\/symptomesorl\/","og_site_name":"R\u00e9seau Amylose","article_modified_time":"2022-03-24T10:24:09+00:00","twitter_card":"summary_large_image","twitter_misc":{"Dur\u00e9e de lecture estim\u00e9e":"5 minutes"},"schema":{"@context":"https:\/\/schema.org","@graph":[{"@type":"WebPage","@id":"http:\/\/reseau-amylose.org\/jesuissoignant\/symptomesorl\/","url":"http:\/\/reseau-amylose.org\/jesuissoignant\/symptomesorl\/","name":"Sympt\u00f4mes ORL - R\u00e9seau Amylose","isPartOf":{"@id":"https:\/\/reseau-amylose.org\/jesuissoignant\/#website"},"datePublished":"2021-03-11T13:56:31+00:00","dateModified":"2022-03-24T10:24:09+00:00","breadcrumb":{"@id":"http:\/\/reseau-amylose.org\/jesuissoignant\/symptomesorl\/#breadcrumb"},"inLanguage":"fr-FR","potentialAction":[{"@type":"ReadAction","target":["http:\/\/reseau-amylose.org\/jesuissoignant\/symptomesorl\/"]}]},{"@type":"BreadcrumbList","@id":"http:\/\/reseau-amylose.org\/jesuissoignant\/symptomesorl\/#breadcrumb","itemListElement":[{"@type":"ListItem","position":1,"name":"Accueil","item":"https:\/\/reseau-amylose.org\/jesuissoignant\/"},{"@type":"ListItem","position":2,"name":"Sympt\u00f4mes ORL"}]},{"@type":"WebSite","@id":"https:\/\/reseau-amylose.org\/jesuissoignant\/#website","url":"https:\/\/reseau-amylose.org\/jesuissoignant\/","name":"R\u00e9seau Amylose","description":"Centre de r\u00e9f\u00e9rence des amyloses cardiaques espace soignant","potentialAction":[{"@type":"SearchAction","target":{"@type":"EntryPoint","urlTemplate":"https:\/\/reseau-amylose.org\/jesuissoignant\/?s={search_term_string}"},"query-input":{"@type":"PropertyValueSpecification","valueRequired":true,"valueName":"search_term_string"}}],"inLanguage":"fr-FR"}]}},"_links":{"self":[{"href":"http:\/\/reseau-amylose.org\/jesuissoignant\/wp-json\/wp\/v2\/pages\/3048","targetHints":{"allow":["GET"]}}],"collection":[{"href":"http:\/\/reseau-amylose.org\/jesuissoignant\/wp-json\/wp\/v2\/pages"}],"about":[{"href":"http:\/\/reseau-amylose.org\/jesuissoignant\/wp-json\/wp\/v2\/types\/page"}],"author":[{"embeddable":true,"href":"http:\/\/reseau-amylose.org\/jesuissoignant\/wp-json\/wp\/v2\/users\/1"}],"replies":[{"embeddable":true,"href":"http:\/\/reseau-amylose.org\/jesuissoignant\/wp-json\/wp\/v2\/comments?post=3048"}],"version-history":[{"count":20,"href":"http:\/\/reseau-amylose.org\/jesuissoignant\/wp-json\/wp\/v2\/pages\/3048\/revisions"}],"predecessor-version":[{"id":4789,"href":"http:\/\/reseau-amylose.org\/jesuissoignant\/wp-json\/wp\/v2\/pages\/3048\/revisions\/4789"}],"wp:attachment":[{"href":"http:\/\/reseau-amylose.org\/jesuissoignant\/wp-json\/wp\/v2\/media?parent=3048"}],"wp:term":[{"taxonomy":"category","embeddable":true,"href":"http:\/\/reseau-amylose.org\/jesuissoignant\/wp-json\/wp\/v2\/categories?post=3048"},{"taxonomy":"post_tag","embeddable":true,"href":"http:\/\/reseau-amylose.org\/jesuissoignant\/wp-json\/wp\/v2\/tags?post=3048"}],"curies":[{"name":"wp","href":"https:\/\/api.w.org\/{rel}","templated":true}]}}